{"id":128,"date":"2015-01-14T14:49:10","date_gmt":"2015-01-14T14:49:10","guid":{"rendered":"http:\/\/www.jeannedarc-figeac.fr\/maternelle-primaire\/?page_id=128"},"modified":"2025-02-06T17:09:00","modified_gmt":"2025-02-06T16:09:00","slug":"tarifs","status":"publish","type":"page","link":"https:\/\/www.jeannedarc-figeac.fr\/maternelle-primaire\/tarifs\/","title":{"rendered":"Tarifs"},"content":{"rendered":"<p>[et_pb_section fb_built=\u00a0\u00bb1&Prime; inner_shadow=\u00a0\u00bbon\u00a0\u00bb fullwidth=\u00a0\u00bbon\u00a0\u00bb _builder_version=\u00a0\u00bb4.16&Prime; background_color=\u00a0\u00bbrgba(255,255,255,0)\u00a0\u00bb background_image=\u00a0\u00bbhttp:\/\/www.jeannedarc-figeac.fr\/maternelle-primaire\/wp-content\/uploads\/sites\/3\/2015\/02\/TitleECOLE.png\u00a0\u00bb transparent_background=\u00a0\u00bbon\u00a0\u00bb global_colors_info=\u00a0\u00bb{}\u00a0\u00bb][et_pb_fullwidth_header title=\u00a0\u00bbLes Tarifs :\u00a0\u00bb content_max_width=\u00a0\u00bbnone\u00a0\u00bb admin_label=\u00a0\u00bbFullwidth Header\u00a0\u00bb _builder_version=\u00a0\u00bb4.16&Prime; background_color=\u00a0\u00bbrgba(255, 255, 255, 0)\u00a0\u00bb background_layout=\u00a0\u00bblight\u00a0\u00bb global_colors_info=\u00a0\u00bb{}\u00a0\u00bb button_one_text_size__hover_enabled=\u00a0\u00bboff\u00a0\u00bb button_two_text_size__hover_enabled=\u00a0\u00bboff\u00a0\u00bb button_one_text_color__hover_enabled=\u00a0\u00bboff\u00a0\u00bb button_two_text_color__hover_enabled=\u00a0\u00bboff\u00a0\u00bb button_one_border_width__hover_enabled=\u00a0\u00bboff\u00a0\u00bb button_two_border_width__hover_enabled=\u00a0\u00bboff\u00a0\u00bb button_one_border_color__hover_enabled=\u00a0\u00bboff\u00a0\u00bb button_two_border_color__hover_enabled=\u00a0\u00bboff\u00a0\u00bb button_one_border_radius__hover_enabled=\u00a0\u00bboff\u00a0\u00bb button_two_border_radius__hover_enabled=\u00a0\u00bboff\u00a0\u00bb button_one_letter_spacing__hover_enabled=\u00a0\u00bboff\u00a0\u00bb button_two_letter_spacing__hover_enabled=\u00a0\u00bboff\u00a0\u00bb button_one_bg_color__hover_enabled=\u00a0\u00bboff\u00a0\u00bb button_two_bg_color__hover_enabled=\u00a0\u00bboff\u00a0\u00bb][\/et_pb_fullwidth_header][\/et_pb_section][et_pb_section fb_built=\u00a0\u00bb1&Prime; _builder_version=\u00a0\u00bb4.16&Prime; background_color=\u00a0\u00bb#f9f9f9&Prime; transparent_background=\u00a0\u00bboff\u00a0\u00bb global_colors_info=\u00a0\u00bb{}\u00a0\u00bb][et_pb_row column_structure=\u00a0\u00bb1_3,2_3&Prime; _builder_version=\u00a0\u00bb4.16&Prime; background_size=\u00a0\u00bbinitial\u00a0\u00bb background_position=\u00a0\u00bbtop_left\u00a0\u00bb background_repeat=\u00a0\u00bbrepeat\u00a0\u00bb global_colors_info=\u00a0\u00bb{}\u00a0\u00bb][et_pb_column type=\u00a0\u00bb1_3&Prime; _builder_version=\u00a0\u00bb4.16&Prime; custom_padding=\u00a0\u00bb|||\u00a0\u00bb global_colors_info=\u00a0\u00bb{}\u00a0\u00bb custom_padding__hover=\u00a0\u00bb|||\u00a0\u00bb][et_pb_text admin_label=\u00a0\u00bbTexte\u00a0\u00bb _builder_version=\u00a0\u00bb4.16&Prime; background_size=\u00a0\u00bbinitial\u00a0\u00bb background_position=\u00a0\u00bbtop_left\u00a0\u00bb background_repeat=\u00a0\u00bbrepeat\u00a0\u00bb global_colors_info=\u00a0\u00bb{}\u00a0\u00bb]<\/p>\n<h2><span style=\"color: #ffcc00;\">HORAIRES<br \/>\n<\/span><\/h2>\n<p>[\/et_pb_text][et_pb_text admin_label=\u00a0\u00bbText\u00a0\u00bb _builder_version=\u00a0\u00bb4.16&Prime; background_size=\u00a0\u00bbinitial\u00a0\u00bb background_position=\u00a0\u00bbtop_left\u00a0\u00bb background_repeat=\u00a0\u00bbrepeat\u00a0\u00bb global_colors_info=\u00a0\u00bb{}\u00a0\u00bb]<strong>Horaires scolaires : <\/strong><em>semaine de 4 jours<\/em><br \/>\nMatin : 8h45-11h45<br \/>\nApr\u00e8s-midi : 13h45-16h45<\/p>\n<p>L&rsquo;aide personnalis\u00e9e ( soutien scolaire) est propos\u00e9e de 11h55 \u00e0 12h25[\/et_pb_text][et_pb_text admin_label=\u00a0\u00bbText\u00a0\u00bb _builder_version=\u00a0\u00bb4.16&Prime; background_size=\u00a0\u00bbinitial\u00a0\u00bb background_position=\u00a0\u00bbtop_left\u00a0\u00bb background_repeat=\u00a0\u00bbrepeat\u00a0\u00bb global_colors_info=\u00a0\u00bb{}\u00a0\u00bb]<strong>Garderie et \u00e9tude\u00a0:<\/strong><\/p>\n<p>Matin :\u00a07h15-8h15<br \/>\nSoir\u00a0:\u00a017h-19h<\/p>\n<p>Etude surveill\u00e9e<br \/>\npour les \u00e9l\u00e8ves du CE1 au CM2 :\u00a017h &#8211; 18h30[\/et_pb_text][et_pb_text admin_label=\u00a0\u00bbText\u00a0\u00bb _builder_version=\u00a0\u00bb4.16&Prime; background_size=\u00a0\u00bbinitial\u00a0\u00bb background_position=\u00a0\u00bbtop_left\u00a0\u00bb background_repeat=\u00a0\u00bbrepeat\u00a0\u00bb global_colors_info=\u00a0\u00bb{}\u00a0\u00bb]<strong>Cantine\u00a0:<\/strong><br \/>\n<em>en 4 services<\/em><\/p>\n<p>2 en Maternelle :\u00a0de 11h30 \u00e0 12h30<br \/>\n2 en Primaire &#8211; <em>Self<\/em> :\u00a012h30 \u00e0 13h30[\/et_pb_text][et_pb_cta title=\u00a0\u00bbPratique !\u00a0\u00bb button_url=\u00a0\u00bb@ET-DC@eyJkeW5hbWljIjp0cnVlLCJjb250ZW50IjoicG9zdF9saW5rX3VybF9hdHRhY2htZW50Iiwic2V0dGluZ3MiOnsicG9zdF9pZCI6IjI2NTIifX0=@\u00a0\u00bb button_text=\u00a0\u00bbT\u00e9l\u00e9charger\u00a0\u00bb _builder_version=\u00a0\u00bb4.27.4&Prime; _dynamic_attributes=\u00a0\u00bbbutton_url\u00a0\u00bb _module_preset=\u00a0\u00bbdefault\u00a0\u00bb background_color=\u00a0\u00bb#0C71C3&Prime; custom_button=\u00a0\u00bbon\u00a0\u00bb button_text_size=\u00a0\u00bb17px\u00a0\u00bb button_border_radius=\u00a0\u00bb36px\u00a0\u00bb button_letter_spacing=\u00a0\u00bb0px\u00a0\u00bb text_orientation=\u00a0\u00bbleft\u00a0\u00bb hover_enabled=\u00a0\u00bb0&Prime; border_radii=\u00a0\u00bbon|59px|59px|59px|59px\u00a0\u00bb box_shadow_style_button=\u00a0\u00bbpreset4&Prime; box_shadow_vertical_button=\u00a0\u00bb5px\u00a0\u00bb box_shadow_blur_button=\u00a0\u00bb3px\u00a0\u00bb global_colors_info=\u00a0\u00bb{}\u00a0\u00bb sticky_enabled=\u00a0\u00bb0&Prime;]<img data-recalc-dims=\"1\" loading=\"lazy\" decoding=\"async\" class=\"alignleft wp-image-1096\" src=\"https:\/\/i0.wp.com\/www.jeannedarc-figeac.fr\/college-lycee\/wp-content\/uploads\/sites\/5\/2015\/01\/PdfIconJaune.png?resize=53%2C66\" alt=\"PdfIconJaune\" width=\"53\" height=\"66\" \/>\u00a0 Les Tarifs2024-2025<\/p>\n<p>[\/et_pb_cta][\/et_pb_column][et_pb_column type=\u00a0\u00bb2_3&Prime; _builder_version=\u00a0\u00bb4.16&Prime; custom_padding=\u00a0\u00bb|||\u00a0\u00bb global_colors_info=\u00a0\u00bb{}\u00a0\u00bb custom_padding__hover=\u00a0\u00bb|||\u00a0\u00bb][et_pb_text _builder_version=\u00a0\u00bb4.24.2&Prime; _module_preset=\u00a0\u00bbdefault\u00a0\u00bb global_colors_info=\u00a0\u00bb{}\u00a0\u00bb]<\/p>\n<h2 style=\"text-align: center;\"><strong>TARIFS CONTRIBUTION FAMILIALE 2024-2025<\/strong><\/h2>\n<p>[\/et_pb_text][et_pb_text admin_label=\u00a0\u00bbTexte\u00a0\u00bb _builder_version=\u00a0\u00bb4.24.2&Prime; background_size=\u00a0\u00bbinitial\u00a0\u00bb background_position=\u00a0\u00bbtop_left\u00a0\u00bb background_repeat=\u00a0\u00bbrepeat\u00a0\u00bb global_colors_info=\u00a0\u00bb{}\u00a0\u00bb]<\/p>\n<p>&nbsp;<\/p>\n<table style=\"height: 424px; width: 100.216%; border-collapse: collapse; border-style: solid; border-color: #000000; margin-left: auto; margin-right: auto;\" border=\"2\">\n<thead>\n<tr style=\"background-color: #777df4;\">\n<td style=\"width: 19.9164%; height: 24px; text-align: center; border-color: #000000; border-style: solid; background-color: #33dafe;\"><span style=\"color: #000000;\">Quotient <em>Familial *<br \/><\/em><\/span><\/td>\n<td style=\"width: 17.1309%; height: 24px; text-align: center; border-color: #000000; border-style: solid; background-color: #33dafe;\"><span style=\"color: #000000;\">Q = RFR \/ NPF<\/span><\/td>\n<td style=\"width: 19.9164%; height: 24px; text-align: center; border-color: #000000; border-style: solid; background-color: #33dafe;\"><span style=\"color: #000000;\">Cat\u00e9gorie<\/span><\/td>\n<td style=\"width: 21.3092%; height: 24px; text-align: center; background-color: #ff5733; border-color: #000000; border-style: solid;\"><span style=\"color: #000000;\">Contribution mensuelle \/ 10 mois<\/span><\/td>\n<td style=\"width: 21.3092%; height: 24px; text-align: center; background-color: #ffbd33; border-color: #000000; border-style: solid;\"><span style=\"color: #000000;\">Contribution Mensuelle \/ 10 mois<\/span><\/td>\n<\/tr>\n<tr style=\"background-color: #777df4;\">\n<td style=\"width: 19.9164%; height: 24px; text-align: center; border-color: #000000; border-style: solid; background-color: #33dafe;\"><span style=\"color: #000000;\">De<\/span><\/td>\n<td style=\"width: 17.1309%; height: 24px; text-align: center; border-color: #000000; border-style: solid; background-color: #33dafe;\"><span style=\"color: #000000;\">A<\/span><\/td>\n<td style=\"width: 19.9164%; height: 24px; text-align: center; border-color: #000000; border-style: solid; background-color: #33dafe;\"><\/td>\n<td style=\"width: 21.3092%; height: 24px; text-align: center; background-color: #ff5733; border-color: #000000; border-style: solid;\"><span style=\"color: #000000;\">MATERNELLE<\/span><\/td>\n<td style=\"width: 21.3092%; height: 24px; text-align: center; background-color: #ffbd33; border-color: #000000; border-style: solid;\"><span style=\"color: #000000;\">PRIMAIRE<\/span><\/td>\n<\/tr>\n<\/thead>\n<tbody>\n<tr style=\"height: 24px;\">\n<td style=\"text-align: center; width: 19.9164%; height: 40px; border-color: #000000; border-style: solid; background-color: #33dafe;\"><span style=\"color: #000000;\">0 \u20ac<\/span><\/td>\n<td style=\"text-align: center; width: 17.1309%; height: 40px; border-color: #000000; border-style: solid; background-color: #33dafe;\"><span style=\"color: #000000;\">7.000 \u20ac<\/span><\/td>\n<td style=\"text-align: center; width: 19.9164%; height: 40px; border-color: #000000; border-style: solid; background-color: #33dafe;\"><span style=\"color: #000000;\">A<\/span><\/td>\n<td style=\"text-align: center; width: 21.3092%; height: 40px; background-color: #ff5733; border-color: #000000; border-style: solid;\"><span style=\"color: #000000;\">38,50 \u20ac<\/span><\/td>\n<td style=\"text-align: center; width: 21.3092%; height: 40px; background-color: #ffbd33; border-color: #000000; border-style: solid;\">\n<span style=\"color: #000000;\">41<\/span><span style=\"color: #000000;\">,50 \u20ac<\/span>\n<\/td>\n<\/tr>\n<tr style=\"height: 24px;\">\n<td style=\"text-align: center; width: 19.9164%; height: 40px; border-color: #000000; border-style: solid; background-color: #33dafe;\"><span style=\"color: #000000;\">7.001 \u20ac<\/span><\/td>\n<td style=\"text-align: center; width: 17.1309%; height: 40px; border-color: #000000; border-style: solid; background-color: #33dafe;\"><span style=\"color: #000000;\">10.000 \u20ac<\/span><\/td>\n<td style=\"text-align: center; width: 19.9164%; height: 40px; border-color: #000000; border-style: solid; background-color: #33dafe;\"><span style=\"color: #000000;\">B<\/span><\/td>\n<td style=\"text-align: center; width: 21.3092%; height: 40px; background-color: #ff5733; border-color: #000000; border-style: solid;\"><span style=\"color: #000000;\">44,00 \u20ac<\/span><\/td>\n<td style=\"text-align: center; width: 21.3092%; height: 40px; background-color: #ffbd33; border-color: #000000; border-style: solid;\"><span style=\"color: #000000;\">47,50 \u20ac<\/span><\/td>\n<\/tr>\n<tr style=\"height: 24px;\">\n<td style=\"text-align: center; width: 19.9164%; height: 40px; border-color: #000000; border-style: solid; background-color: #33dafe;\"><span style=\"color: #000000;\">10.001 \u20ac<\/span><\/td>\n<td style=\"text-align: center; width: 17.1309%; height: 40px; border-color: #000000; border-style: solid; background-color: #33dafe;\"><span style=\"color: #000000;\">13.000 \u20ac<\/span><\/td>\n<td style=\"text-align: center; width: 19.9164%; height: 40px; border-color: #000000; border-style: solid; background-color: #33dafe;\"><span style=\"color: #000000;\">C<\/span><\/td>\n<td style=\"text-align: center; width: 21.3092%; height: 40px; background-color: #ff5733; border-color: #000000; border-style: solid;\"><span style=\"color: #000000;\">49,50 \u20ac<\/span><\/td>\n<td style=\"text-align: center; width: 21.3092%; height: 40px; background-color: #ffbd33; border-color: #000000; border-style: solid;\"><span style=\"color: #000000;\">53,50 \u20ac<\/span><\/td>\n<\/tr>\n<tr style=\"height: 24px;\">\n<td style=\"text-align: center; width: 19.9164%; height: 40px; border-color: #000000; border-style: solid; background-color: #33dafe;\"><span style=\"color: #000000;\">13.001 \u20ac<\/span><\/td>\n<td style=\"text-align: center; width: 17.1309%; height: 40px; border-color: #000000; border-style: solid; background-color: #33dafe;\"><span style=\"color: #000000;\">16.000 \u20ac<\/span><\/td>\n<td style=\"text-align: center; width: 19.9164%; height: 40px; border-color: #000000; border-style: solid; background-color: #33dafe;\"><span style=\"color: #000000;\">D<\/span><\/td>\n<td style=\"text-align: center; width: 21.3092%; height: 40px; background-color: #ff5733; border-color: #000000; border-style: solid;\"><span style=\"color: #000000;\">50,50 \u20ac<\/span><\/td>\n<td style=\"text-align: center; width: 21.3092%; height: 40px; background-color: #ffbd33; border-color: #000000; border-style: solid;\"><span style=\"color: #000000;\">54,50 \u20ac<\/span><\/td>\n<\/tr>\n<tr style=\"height: 24px;\">\n<td style=\"text-align: center; width: 19.9164%; height: 40px; border-color: #000000; border-style: solid; background-color: #33dafe;\"><span style=\"color: #000000;\">16.001 \u20ac<\/span><\/td>\n<td style=\"text-align: center; width: 17.1309%; height: 40px; border-color: #000000; border-style: solid; background-color: #33dafe;\"><span style=\"color: #000000;\">19.000 \u20ac<\/span><\/td>\n<td style=\"text-align: center; width: 19.9164%; height: 40px; border-color: #000000; border-style: solid; background-color: #33dafe;\"><span style=\"color: #000000;\">E<\/span><\/td>\n<td style=\"text-align: center; width: 21.3092%; height: 40px; background-color: #ff5733; border-color: #000000; border-style: solid;\"><span style=\"color: #000000;\">52,00 \u20ac<\/span><\/td>\n<td style=\"text-align: center; width: 21.3092%; height: 40px; background-color: #ffbd33; border-color: #000000; border-style: solid;\"><span style=\"color: #000000;\">56,00 \u20ac<\/span><\/td>\n<\/tr>\n<tr style=\"height: 24px;\">\n<td style=\"text-align: center; width: 19.9164%; height: 40px; border-color: #000000; border-style: solid; background-color: #33dafe;\"><span style=\"color: #000000;\">19.001 \u20ac<\/span><\/td>\n<td style=\"text-align: center; width: 17.1309%; height: 40px; border-color: #000000; border-style: solid; background-color: #33dafe;\"><span style=\"color: #000000;\">25.000 \u20ac<\/span><\/td>\n<td style=\"text-align: center; width: 19.9164%; height: 40px; border-color: #000000; border-style: solid; background-color: #33dafe;\"><span style=\"color: #000000;\">F<\/span><\/td>\n<td style=\"text-align: center; width: 21.3092%; height: 40px; background-color: #ff5733; border-color: #000000; border-style: solid;\"><span style=\"color: #000000;\">54,50 \u20ac<\/span><\/td>\n<td style=\"text-align: center; width: 21.3092%; height: 40px; background-color: #ffbd33; border-color: #000000; border-style: solid;\"><span style=\"color: #000000;\">58,00 \u20ac<\/span><\/td>\n<\/tr>\n<tr style=\"height: 24px;\">\n<td style=\"text-align: center; width: 19.9164%; height: 40px; border-color: #000000; border-style: solid; background-color: #33dafe;\"><span style=\"color: #000000;\">25.001 \u20ac<\/span><\/td>\n<td style=\"text-align: center; width: 17.1309%; height: 40px; border-color: #000000; border-style: solid; background-color: #33dafe;\"><span style=\"color: #000000;\">et plus<\/span><\/td>\n<td style=\"text-align: center; width: 19.9164%; height: 40px; border-color: #000000; border-style: solid; background-color: #33dafe;\"><span style=\"color: #000000;\">G<\/span><\/td>\n<td style=\"text-align: center; width: 21.3092%; height: 40px; background-color: #ff5733; border-color: #000000; border-style: solid;\"><span style=\"color: #000000;\">56,50 \u20ac<\/span><\/td>\n<td style=\"text-align: center; width: 21.3092%; height: 40px; background-color: #ffbd33; border-color: #000000; border-style: solid;\"><span style=\"color: #000000;\">61,00 \u20ac<\/span><\/td>\n<\/tr>\n<tr style=\"height: 24px;\">\n<td style=\"width: 56.9638%; height: 40px; background-color: #33dafe; text-align: center; border-color: #000000; border-style: solid;\" colspan=\"3\"><strong>Contribution TPS<\/strong><\/td>\n<td style=\"width: 21.3092%; height: 40px; background-color: #33dafe; text-align: center; border-color: #000000; border-style: solid;\"><span style=\"color: #000000;\">86,00 \u20ac<\/span><\/td>\n<td style=\"width: 21.3092%; height: 40px; text-align: center; border-color: #000000; border-style: solid;\"><\/td>\n<\/tr>\n<\/tbody>\n<\/table>\n<p>[\/et_pb_text][et_pb_text _builder_version=\u00a0\u00bb4.24.2&Prime; _module_preset=\u00a0\u00bbdefault\u00a0\u00bb global_colors_info=\u00a0\u00bb{}\u00a0\u00bb]<\/p>\n<h3><strong>* Quotient Familial (QF) = Revenu Fiscal de R\u00e9f\u00e9rence \/ Nombre de Parts Fiscales<\/strong><\/h3>\n<p>[\/et_pb_text][et_pb_text _builder_version=\u00a0\u00bb4.27.4&Prime; _module_preset=\u00a0\u00bbdefault\u00a0\u00bb hover_enabled=\u00a0\u00bb0&Prime; global_colors_info=\u00a0\u00bb{}\u00a0\u00bb sticky_enabled=\u00a0\u00bb0&Prime;]* Pour d\u00e9terminer votre quotient familial, munissez-vous de votre dernier avis d&rsquo;imposition 2024 sur les revenus de 2023 et divisez votre Revenu Fiscal de R\u00e9f\u00e9rence (R.F.R) par le nombre de part(s).<\/p>\n<p>Si aucun avis d&rsquo;imposition n&rsquo;est fourni avec l&rsquo;engagement financier, le tarif appliqu\u00e9 sera la cat\u00e9gorie H.<\/p>\n<p>Pour les parents s\u00e9par\u00e9s, 2 factures pourront \u00eatre \u00e9tablies en fonction du Quotient Familial de chacun.<\/p>\n<p>[\/et_pb_text][\/et_pb_column][\/et_pb_row][\/et_pb_section]<\/p>\n","protected":false},"excerpt":{"rendered":"<p>HORAIRES Horaires scolaires : semaine de 4 jours Matin : 8h45-11h45 Apr\u00e8s-midi : 13h45-16h45 L&rsquo;aide personnalis\u00e9e ( soutien scolaire) est propos\u00e9e de 11h55 \u00e0 12h25Garderie et \u00e9tude\u00a0: Matin :\u00a07h15-8h15 Soir\u00a0:\u00a017h-19h Etude surveill\u00e9e pour les \u00e9l\u00e8ves du CE1 au CM2 :\u00a017h &#8211; 18h30Cantine\u00a0: en 4 services 2 en Maternelle :\u00a0de 11h30 \u00e0 12h30 2 en Primaire [&hellip;]<\/p>\n","protected":false},"author":1,"featured_media":0,"parent":0,"menu_order":0,"comment_status":"open","ping_status":"open","template":"","meta":{"_et_pb_use_builder":"on","_et_pb_old_content":"<strong>Ann\u00e9e scolaire 2019-2020<\/strong>\n\n<ul>\n    <li>\n<h5><strong>Contribution des familles :\n<\/strong><\/h5>\n<\/li>\n<\/ul>\n\nEnfants de 2 ans (n\u00e9s en 2018) \u00a0 \u00a0 :\u00a0 \u00a070,00 \u20ac \/ mois \u00a0 \u00a0 \u00a0soit 700 \u20ac annuel\n\nMaternelles hors 2 ans:\u00a0 \u00a0 \u00a0 \u00a0 \u00a0 \u00a0 \u00a0 \u00a0 \u00a0 \u00a0 \u00a043,00 \u20ac \/ mois \u00a0 \u00a0 \u00a0 soit 430 \u20ac annuel\n\nCP-CE1-CE2 :\u00a0 \u00a0 \u00a0 \u00a0 \u00a0 \u00a0 \u00a0 \u00a0 \u00a0 \u00a0 \u00a0 \u00a0 \u00a0 \u00a0 \u00a0 \u00a0 \u00a0 \u00a0 \u00a0 \u00a0 \u00a046,00 \u20ac \/ mois \u00a0 \u00a0 \u00a0 soit 460 \u20ac annuel\n\nCM1-CM2 :\u00a0 \u00a0 \u00a0 \u00a0 \u00a0 \u00a0 \u00a0 \u00a0 \u00a0 \u00a0 \u00a0 \u00a0 \u00a0 \u00a0 \u00a0 \u00a0 \u00a0 \u00a0 \u00a0 \u00a0 \u00a0 \u00a0 48,00 \u20ac \/ mois \u00a0 \u00a0 \u00a0 soit 480 \u20ac annuel\n\n<ul>\n    <li><em>Remise de 50 % pour le 3e enfant scolaris\u00e9, applicable au seul a\u00een\u00e9.\n<\/em><\/li>\n    <li>Remise de 75 % pour le 4e enfant applicable au seul a\u00een\u00e9.<\/li>\n    <li><em>Pour une premi\u00e8re inscription dans l'\u00e9cole, des<strong> frais de dossier d'un montant de 25 euros<\/strong> vous seront demand\u00e9s.<\/em><\/li>\n<\/ul>\n\n<ul>\n    <li>\n<h5><strong>Services propos\u00e9s par l'\u00e9cole<\/strong><\/h5>\n<\/li>\n<\/ul>\n\n<pre><span style=\"color: #000000;\">Repas cantine<\/span> (vente de tickets le Lundi et vendredi) : 3,90 \u20ac le repas\n\n<strong>Garderie du Matin :<\/strong> 1,00 \u20ac le ticket\u00a0\n (7h15-8h15)        ou au forfait : 9,00 \u20ac\/mois si quotient familial&lt;550 \u20ac\n                                   13,00 autrement\n<strong>Garderie du soir :<\/strong> 0,80 \u20ac par 1\/2h au ticket\n (17h-19h)         ou au forfait : 15,00 \u20ac\/mois si quotient familial&lt;550 \u20ac\n                                   23 \u20ac autrement\n\n<strong>Garderie\/ centre A\u00e9r\u00e9 du mercredi :<\/strong>\n   (7h30-19h)      9,00 \u20ac la 1\/2 journ\u00e9e si QF&lt;550 \u20ac\n                  13,00 \u20ac la 1\/2 journ\u00e9e si QF&gt;550 \u20ac\n                  \n                  13,00 \u20ac la journ\u00e9e enti\u00e8re si QF&lt;550 \u20ac\n                  20,00 \u20ac la journ\u00e9e enti\u00e8re si QF&gt;550 \u20ac<\/pre>","_et_gb_content_width":"","iawp_total_views":378,"footnotes":""},"class_list":["post-128","page","type-page","status-publish","hentry"],"jetpack_shortlink":"https:\/\/wp.me\/P5Qy4q-24","jetpack_sharing_enabled":true,"_links":{"self":[{"href":"https:\/\/www.jeannedarc-figeac.fr\/maternelle-primaire\/wp-json\/wp\/v2\/pages\/128","targetHints":{"allow":["GET"]}}],"collection":[{"href":"https:\/\/www.jeannedarc-figeac.fr\/maternelle-primaire\/wp-json\/wp\/v2\/pages"}],"about":[{"href":"https:\/\/www.jeannedarc-figeac.fr\/maternelle-primaire\/wp-json\/wp\/v2\/types\/page"}],"author":[{"embeddable":true,"href":"https:\/\/www.jeannedarc-figeac.fr\/maternelle-primaire\/wp-json\/wp\/v2\/users\/1"}],"replies":[{"embeddable":true,"href":"https:\/\/www.jeannedarc-figeac.fr\/maternelle-primaire\/wp-json\/wp\/v2\/comments?post=128"}],"version-history":[{"count":43,"href":"https:\/\/www.jeannedarc-figeac.fr\/maternelle-primaire\/wp-json\/wp\/v2\/pages\/128\/revisions"}],"predecessor-version":[{"id":2656,"href":"https:\/\/www.jeannedarc-figeac.fr\/maternelle-primaire\/wp-json\/wp\/v2\/pages\/128\/revisions\/2656"}],"wp:attachment":[{"href":"https:\/\/www.jeannedarc-figeac.fr\/maternelle-primaire\/wp-json\/wp\/v2\/media?parent=128"}],"curies":[{"name":"wp","href":"https:\/\/api.w.org\/{rel}","templated":true}]}}