{"id":939,"date":"2015-02-15T09:09:28","date_gmt":"2015-02-15T09:09:28","guid":{"rendered":"http:\/\/www.jeannedarc-figeac.fr\/college-lycee\/?page_id=939"},"modified":"2016-11-16T08:53:38","modified_gmt":"2016-11-16T08:53:38","slug":"un-mediatrice-a-lecoute","status":"publish","type":"page","link":"https:\/\/www.jeannedarc-figeac.fr\/college-lycee\/un-mediatrice-a-lecoute\/","title":{"rendered":"Une m\u00e9diatrice \u00e0 l&rsquo;\u00e9coute"},"content":{"rendered":"<p>[et_pb_section fullwidth=\u00a0\u00bbon\u00a0\u00bb specialty=\u00a0\u00bboff\u00a0\u00bb transparent_background=\u00a0\u00bbon\u00a0\u00bb background_color=\u00a0\u00bb#c37cc6&Prime; inner_shadow=\u00a0\u00bbon\u00a0\u00bb parallax=\u00a0\u00bboff\u00a0\u00bb parallax_method=\u00a0\u00bboff\u00a0\u00bb background_image=\u00a0\u00bbhttp:\/\/www.jeannedarc-figeac.fr\/college-lycee\/wp-content\/uploads\/sites\/5\/2015\/02\/TitleCOLLEGE.png\u00a0\u00bb allow_player_pause=\u00a0\u00bboff\u00a0\u00bb][et_pb_fullwidth_header admin_label=\u00a0\u00bbFullwidth Header\u00a0\u00bb title=\u00a0\u00bbLyc\u00e9e g\u00e9n\u00e9ral et technologique\u00a0\u00bb background_layout=\u00a0\u00bbdark\u00a0\u00bb text_orientation=\u00a0\u00bbleft\u00a0\u00bb subhead=\u00a0\u00bbUne m\u00e9diatrice \u00e0 l&rsquo;\u00e9coute\u00a0\u00bb \/][\/et_pb_section][et_pb_section fullwidth=\u00a0\u00bboff\u00a0\u00bb specialty=\u00a0\u00bboff\u00a0\u00bb][et_pb_row][et_pb_column type=\u00a0\u00bb1_4&Prime;][et_pb_sidebar admin_label=\u00a0\u00bbSidebar\u00a0\u00bb orientation=\u00a0\u00bbleft\u00a0\u00bb area=\u00a0\u00bbet_pb_widget_area_6&Prime; background_layout=\u00a0\u00bblight\u00a0\u00bb \/][\/et_pb_column][et_pb_column type=\u00a0\u00bb3_4&Prime;][et_pb_text admin_label=\u00a0\u00bbText_M\u00e9diatriceLyc\u00e9e\u00a0\u00bb background_layout=\u00a0\u00bblight\u00a0\u00bb text_orientation=\u00a0\u00bbleft\u00a0\u00bb]<\/p>\n<div class=\"et_pb_text et_pb_bg_layout_light et_pb_text_align_left\">\n<p><strong>Un lieu d\u2019\u00e9coute, de parole et d\u2019\u00e9changes \u00e0 l\u2019intention des \u00e9l\u00e8ves qui en ressentent le besoin\u00a0:<\/strong><\/p>\n<p><strong>Florence FRITSCH <\/strong>tient une permanence quotidienne afin d\u2019accueillir les \u00e9l\u00e8ves, les \u00e9couter et si n\u00e9cessaire les accompagner vers des professionnels comp\u00e9tents (psychologues scolaires notamment). En toute confidentialit\u00e9, ce lieu constitue un espace d\u2019\u00e9change privil\u00e9gi\u00e9 pour parler \u00e0 un adulte, le questionner sans peur du jugement. Relations affectives, amicales et familiales, sant\u00e9 mentale et physique, scolarit\u00e9, conduites \u00e0 risques, violences, phobies scolaires sont des th\u00e9matiques souvent abord\u00e9es par les adolescents.<\/p>\n<p><strong>Un projet d\u2019\u00e9ducation \u00e0 la sant\u00e9 et \u00e0 la citoyennet\u00e9\u00a0:<\/strong><\/p>\n<p>La mission premi\u00e8re de l\u2019Ecole est de transmettre des savoirs. N\u00e9anmoins, il existe un lien r\u00e9el entre sant\u00e9 et apprentissages, c\u2019est pour cette raison qu\u2019il nous appartient aussi de veiller \u00e0 la sant\u00e9 des jeunes qui nous sont confi\u00e9s et de les aider \u00e0 adopter des comportements qui pr\u00e9servent celle-ci. De plus, notre \u00e9tablissement est un espace de socialisation et de pratique de la citoyennet\u00e9 qui est fr\u00e9quent\u00e9 quotidiennement par des jeunes en devenir et nous nous devons de les encourager \u00e0 adopter les attitudes ad\u00e9quates qu\u2019ils doivent avoir vis-\u00e0-vis d\u2019eux-m\u00eames, des autres et de l\u2019environnement.<\/p>\n<p>C\u2019est la raison pour laquelle, chaque ann\u00e9e, nous mettons en \u0153uvre un programme d\u2019actions diff\u00e9rent suivant l\u2019\u00e2ge et la maturit\u00e9 des \u00e9l\u00e8ves avec des professionnels locaux (ANPAA, Centre de planification\u2026).<\/p>\n<\/div>\n<p>&nbsp;<\/p>\n<p>&nbsp;<\/p>\n<p>[\/et_pb_text][\/et_pb_column][\/et_pb_row][\/et_pb_section]<\/p>\n","protected":false},"excerpt":{"rendered":"<div class=\"et_pb_row et_pb_row_0 et_pb_row_empty\"><\/div>\n<p> Un lieu d\u2019\u00e9coute, de parole et d\u2019\u00e9changes \u00e0 l\u2019intention des \u00e9l\u00e8ves qui en ressentent le besoin\u00a0: Florence FRITSCH tient une permanence quotidienne afin d\u2019accueillir les \u00e9l\u00e8ves, les \u00e9couter et si n\u00e9cessaire les accompagner vers des professionnels comp\u00e9tents (psychologues scolaires notamment). En toute confidentialit\u00e9, ce lieu constitue un espace d\u2019\u00e9change privil\u00e9gi\u00e9 pour parler \u00e0 un [&hellip;]<\/p>\n","protected":false},"author":1,"featured_media":0,"parent":0,"menu_order":0,"comment_status":"closed","ping_status":"closed","template":"","meta":{"_et_pb_use_builder":"on","_et_pb_old_content":"","_et_gb_content_width":"","iawp_total_views":25,"footnotes":""},"class_list":["post-939","page","type-page","status-publish","hentry"],"yoast_head":"<!-- This site is optimized with the Yoast SEO plugin v26.0 - https:\/\/yoast.com\/wordpress\/plugins\/seo\/ -->\n<title>Une m\u00e9diatrice \u00e0 l&#039;\u00e9coute<\/title>\n<meta name=\"description\" content=\"Une m\u00e9diatrice \u00e0 l&#039;\u00e9coute : Un lieu d\u2019\u00e9coute, de parole et d\u2019\u00e9changes \u00e0 l\u2019intention des \u00e9l\u00e8ves qui en ressentent le besoin ...\" \/>\n<meta name=\"robots\" content=\"index, follow, max-snippet:-1, max-image-preview:large, max-video-preview:-1\" \/>\n<link rel=\"canonical\" href=\"http:\/\/www.jeannedarc-figeac.fr\/college-lycee\/un-mediatrice-a-lecoute\/\" \/>\n<meta property=\"og:locale\" content=\"fr_FR\" \/>\n<meta property=\"og:type\" content=\"article\" \/>\n<meta property=\"og:title\" content=\"Une m\u00e9diatrice \u00e0 l&#039;\u00e9coute\" \/>\n<meta property=\"og:description\" content=\"Une m\u00e9diatrice \u00e0 l&#039;\u00e9coute : Un lieu d\u2019\u00e9coute, de parole et d\u2019\u00e9changes \u00e0 l\u2019intention des \u00e9l\u00e8ves qui en ressentent le besoin ...\" \/>\n<meta property=\"og:url\" content=\"http:\/\/www.jeannedarc-figeac.fr\/college-lycee\/un-mediatrice-a-lecoute\/\" \/>\n<meta property=\"og:site_name\" content=\"Coll\u00e8ge et Lyc\u00e9e Jeanne d&#039;Arc\" \/>\n<meta property=\"article:modified_time\" content=\"2016-11-16T08:53:38+00:00\" \/>\n<script type=\"application\/ld+json\" class=\"yoast-schema-graph\">{\"@context\":\"https:\/\/schema.org\",\"@graph\":[{\"@type\":\"WebPage\",\"@id\":\"http:\/\/www.jeannedarc-figeac.fr\/college-lycee\/un-mediatrice-a-lecoute\/\",\"url\":\"http:\/\/www.jeannedarc-figeac.fr\/college-lycee\/un-mediatrice-a-lecoute\/\",\"name\":\"Une m\u00e9diatrice \u00e0 l'\u00e9coute\",\"isPartOf\":{\"@id\":\"https:\/\/www.jeannedarc-figeac.fr\/college-lycee\/#website\"},\"datePublished\":\"2015-02-15T09:09:28+00:00\",\"dateModified\":\"2016-11-16T08:53:38+00:00\",\"description\":\"Une m\u00e9diatrice \u00e0 l'\u00e9coute : Un lieu d\u2019\u00e9coute, de parole et d\u2019\u00e9changes \u00e0 l\u2019intention des \u00e9l\u00e8ves qui en ressentent le besoin ...\",\"breadcrumb\":{\"@id\":\"http:\/\/www.jeannedarc-figeac.fr\/college-lycee\/un-mediatrice-a-lecoute\/#breadcrumb\"},\"inLanguage\":\"fr-FR\",\"potentialAction\":[{\"@type\":\"ReadAction\",\"target\":[\"http:\/\/www.jeannedarc-figeac.fr\/college-lycee\/un-mediatrice-a-lecoute\/\"]}]},{\"@type\":\"BreadcrumbList\",\"@id\":\"http:\/\/www.jeannedarc-figeac.fr\/college-lycee\/un-mediatrice-a-lecoute\/#breadcrumb\",\"itemListElement\":[{\"@type\":\"ListItem\",\"position\":1,\"name\":\"Accueil\",\"item\":\"https:\/\/www.jeannedarc-figeac.fr\/college-lycee\/\"},{\"@type\":\"ListItem\",\"position\":2,\"name\":\"Une m\u00e9diatrice \u00e0 l&rsquo;\u00e9coute\"}]},{\"@type\":\"WebSite\",\"@id\":\"https:\/\/www.jeannedarc-figeac.fr\/college-lycee\/#website\",\"url\":\"https:\/\/www.jeannedarc-figeac.fr\/college-lycee\/\",\"name\":\"Coll\u00e8ge et Lyc\u00e9e Jeanne d&#039;Arc\",\"description\":\"Jeanne d&#039;Arc Figeac\",\"potentialAction\":[{\"@type\":\"SearchAction\",\"target\":{\"@type\":\"EntryPoint\",\"urlTemplate\":\"https:\/\/www.jeannedarc-figeac.fr\/college-lycee\/?s={search_term_string}\"},\"query-input\":{\"@type\":\"PropertyValueSpecification\",\"valueRequired\":true,\"valueName\":\"search_term_string\"}}],\"inLanguage\":\"fr-FR\"}]}<\/script>\n<!-- \/ Yoast SEO plugin. -->","yoast_head_json":{"title":"Une m\u00e9diatrice \u00e0 l'\u00e9coute","description":"Une m\u00e9diatrice \u00e0 l'\u00e9coute : Un lieu d\u2019\u00e9coute, de parole et d\u2019\u00e9changes \u00e0 l\u2019intention des \u00e9l\u00e8ves qui en ressentent le besoin ...","robots":{"index":"index","follow":"follow","max-snippet":"max-snippet:-1","max-image-preview":"max-image-preview:large","max-video-preview":"max-video-preview:-1"},"canonical":"http:\/\/www.jeannedarc-figeac.fr\/college-lycee\/un-mediatrice-a-lecoute\/","og_locale":"fr_FR","og_type":"article","og_title":"Une m\u00e9diatrice \u00e0 l'\u00e9coute","og_description":"Une m\u00e9diatrice \u00e0 l'\u00e9coute : Un lieu d\u2019\u00e9coute, de parole et d\u2019\u00e9changes \u00e0 l\u2019intention des \u00e9l\u00e8ves qui en ressentent le besoin ...","og_url":"http:\/\/www.jeannedarc-figeac.fr\/college-lycee\/un-mediatrice-a-lecoute\/","og_site_name":"Coll\u00e8ge et Lyc\u00e9e Jeanne d&#039;Arc","article_modified_time":"2016-11-16T08:53:38+00:00","schema":{"@context":"https:\/\/schema.org","@graph":[{"@type":"WebPage","@id":"http:\/\/www.jeannedarc-figeac.fr\/college-lycee\/un-mediatrice-a-lecoute\/","url":"http:\/\/www.jeannedarc-figeac.fr\/college-lycee\/un-mediatrice-a-lecoute\/","name":"Une m\u00e9diatrice \u00e0 l'\u00e9coute","isPartOf":{"@id":"https:\/\/www.jeannedarc-figeac.fr\/college-lycee\/#website"},"datePublished":"2015-02-15T09:09:28+00:00","dateModified":"2016-11-16T08:53:38+00:00","description":"Une m\u00e9diatrice \u00e0 l'\u00e9coute : Un lieu d\u2019\u00e9coute, de parole et d\u2019\u00e9changes \u00e0 l\u2019intention des \u00e9l\u00e8ves qui en ressentent le besoin ...","breadcrumb":{"@id":"http:\/\/www.jeannedarc-figeac.fr\/college-lycee\/un-mediatrice-a-lecoute\/#breadcrumb"},"inLanguage":"fr-FR","potentialAction":[{"@type":"ReadAction","target":["http:\/\/www.jeannedarc-figeac.fr\/college-lycee\/un-mediatrice-a-lecoute\/"]}]},{"@type":"BreadcrumbList","@id":"http:\/\/www.jeannedarc-figeac.fr\/college-lycee\/un-mediatrice-a-lecoute\/#breadcrumb","itemListElement":[{"@type":"ListItem","position":1,"name":"Accueil","item":"https:\/\/www.jeannedarc-figeac.fr\/college-lycee\/"},{"@type":"ListItem","position":2,"name":"Une m\u00e9diatrice \u00e0 l&rsquo;\u00e9coute"}]},{"@type":"WebSite","@id":"https:\/\/www.jeannedarc-figeac.fr\/college-lycee\/#website","url":"https:\/\/www.jeannedarc-figeac.fr\/college-lycee\/","name":"Coll\u00e8ge et Lyc\u00e9e Jeanne d&#039;Arc","description":"Jeanne d&#039;Arc Figeac","potentialAction":[{"@type":"SearchAction","target":{"@type":"EntryPoint","urlTemplate":"https:\/\/www.jeannedarc-figeac.fr\/college-lycee\/?s={search_term_string}"},"query-input":{"@type":"PropertyValueSpecification","valueRequired":true,"valueName":"search_term_string"}}],"inLanguage":"fr-FR"}]}},"jetpack_sharing_enabled":true,"jetpack_shortlink":"https:\/\/wp.me\/P5Qyb6-f9","_links":{"self":[{"href":"https:\/\/www.jeannedarc-figeac.fr\/college-lycee\/wp-json\/wp\/v2\/pages\/939","targetHints":{"allow":["GET"]}}],"collection":[{"href":"https:\/\/www.jeannedarc-figeac.fr\/college-lycee\/wp-json\/wp\/v2\/pages"}],"about":[{"href":"https:\/\/www.jeannedarc-figeac.fr\/college-lycee\/wp-json\/wp\/v2\/types\/page"}],"author":[{"embeddable":true,"href":"https:\/\/www.jeannedarc-figeac.fr\/college-lycee\/wp-json\/wp\/v2\/users\/1"}],"replies":[{"embeddable":true,"href":"https:\/\/www.jeannedarc-figeac.fr\/college-lycee\/wp-json\/wp\/v2\/comments?post=939"}],"version-history":[{"count":6,"href":"https:\/\/www.jeannedarc-figeac.fr\/college-lycee\/wp-json\/wp\/v2\/pages\/939\/revisions"}],"predecessor-version":[{"id":2208,"href":"https:\/\/www.jeannedarc-figeac.fr\/college-lycee\/wp-json\/wp\/v2\/pages\/939\/revisions\/2208"}],"wp:attachment":[{"href":"https:\/\/www.jeannedarc-figeac.fr\/college-lycee\/wp-json\/wp\/v2\/media?parent=939"}],"curies":[{"name":"wp","href":"https:\/\/api.w.org\/{rel}","templated":true}]}}

Une médiatrice à l&rsquo;écoute

<p>[et_pb_section fullwidth= »on » specialty= »off » transparent_background= »on » background_color= »#c37cc6&Prime; inner_shadow= »on » parallax= »off » parallax_method= »off » background_image= »http://www.jeannedarc-figeac.fr/college-lycee/wp-content/uploads/sites/5/2015/02/TitleCOLLEGE.png » allow_player_pause= »off »][et_pb_fullwidth_header admin_label= »Fullwidth Header » title= »Lycée général et technologique » background_layout= »dark » text_orientation= »left » subhead= »Une médiatrice à l&rsquo;écoute » /][/et_pb_section][et_pb_section fullwidth= »off » specialty= »off »][et_pb_row][et_pb_column type= »1_4&Prime;][et_pb_sidebar admin_label= »Sidebar » orientation= »left » area= »et_pb_widget_area_6&Prime; background_layout= »light » /][/et_pb_column][et_pb_column type= »3_4&Prime;][et_pb_text admin_label= »Text_MédiatriceLycée » background_layout= »light » text_orientation= »left »]</p>
<div class="et_pb_text et_pb_bg_layout_light et_pb_text_align_left">
<p><strong>Un lieu d’écoute, de parole et d’échanges à l’intention des élèves qui en ressentent le besoin :</strong></p>
<p><strong>Florence FRITSCH </strong>tient une permanence quotidienne afin d’accueillir les élèves, les écouter et si nécessaire les accompagner vers des professionnels compétents (psychologues scolaires notamment). En toute confidentialité, ce lieu constitue un espace d’échange privilégié pour parler à un adulte, le questionner sans peur du jugement. Relations affectives, amicales et familiales, santé mentale et physique, scolarité, conduites à risques, violences, phobies scolaires sont des thématiques souvent abordées par les adolescents.</p>
<p><strong>Un projet d’éducation à la santé et à la citoyenneté :</strong></p>
<p>La mission première de l’Ecole est de transmettre des savoirs. Néanmoins, il existe un lien réel entre santé et apprentissages, c’est pour cette raison qu’il nous appartient aussi de veiller à la santé des jeunes qui nous sont confiés et de les aider à adopter des comportements qui préservent celle-ci. De plus, notre établissement est un espace de socialisation et de pratique de la citoyenneté qui est fréquenté quotidiennement par des jeunes en devenir et nous nous devons de les encourager à adopter les attitudes adéquates qu’ils doivent avoir vis-à-vis d’eux-mêmes, des autres et de l’environnement.</p>
<p>C’est la raison pour laquelle, chaque année, nous mettons en œuvre un programme d’actions différent suivant l’âge et la maturité des élèves avec des professionnels locaux (ANPAA, Centre de planification…).</p>
</div>
<p>&nbsp;</p>
<p>&nbsp;</p>
<p>[/et_pb_text][/et_pb_column][/et_pb_row][/et_pb_section]</p>

<div class="et_pb_row et_pb_row_0 et_pb_row_empty"></div>
<p> Un lieu d’écoute, de parole et d’échanges à l’intention des élèves qui en ressentent le besoin : Florence FRITSCH tient une permanence quotidienne afin d’accueillir les élèves, les écouter et si nécessaire les accompagner vers des professionnels compétents (psychologues scolaires notamment). En toute confidentialité, ce lieu constitue un espace d’échange privilégié pour parler à un [&hellip;]</p>

<!-- This site is optimized with the Yoast SEO plugin v26.0 - https://yoast.com/wordpress/plugins/seo/ -->
<title>Une médiatrice à l&#039;écoute</title>
<meta name="description" content="Une médiatrice à l&#039;écoute : Un lieu d’écoute, de parole et d’échanges à l’intention des élèves qui en ressentent le besoin ..." />
<meta name="robots" content="index, follow, max-snippet:-1, max-image-preview:large, max-video-preview:-1" />
<link rel="canonical" href="http://www.jeannedarc-figeac.fr/college-lycee/un-mediatrice-a-lecoute/" />
<meta property="og:locale" content="fr_FR" />
<meta property="og:type" content="article" />
<meta property="og:title" content="Une médiatrice à l&#039;écoute" />
<meta property="og:description" content="Une médiatrice à l&#039;écoute : Un lieu d’écoute, de parole et d’échanges à l’intention des élèves qui en ressentent le besoin ..." />
<meta property="og:url" content="http://www.jeannedarc-figeac.fr/college-lycee/un-mediatrice-a-lecoute/" />
<meta property="og:site_name" content="Collège et Lycée Jeanne d&#039;Arc" />
<meta property="article:modified_time" content="2016-11-16T08:53:38+00:00" />
<script type="application/ld+json" class="yoast-schema-graph">{"@context":"https://schema.org","@graph":[{"@type":"WebPage","@id":"http://www.jeannedarc-figeac.fr/college-lycee/un-mediatrice-a-lecoute/","url":"http://www.jeannedarc-figeac.fr/college-lycee/un-mediatrice-a-lecoute/","name":"Une médiatrice à l'écoute","isPartOf":{"@id":"https://www.jeannedarc-figeac.fr/college-lycee/#website"},"datePublished":"2015-02-15T09:09:28+00:00","dateModified":"2016-11-16T08:53:38+00:00","description":"Une médiatrice à l'écoute : Un lieu d’écoute, de parole et d’échanges à l’intention des élèves qui en ressentent le besoin ...","breadcrumb":{"@id":"http://www.jeannedarc-figeac.fr/college-lycee/un-mediatrice-a-lecoute/#breadcrumb"},"inLanguage":"fr-FR","potentialAction":[{"@type":"ReadAction","target":["http://www.jeannedarc-figeac.fr/college-lycee/un-mediatrice-a-lecoute/"]}]},{"@type":"BreadcrumbList","@id":"http://www.jeannedarc-figeac.fr/college-lycee/un-mediatrice-a-lecoute/#breadcrumb","itemListElement":[{"@type":"ListItem","position":1,"name":"Accueil","item":"https://www.jeannedarc-figeac.fr/college-lycee/"},{"@type":"ListItem","position":2,"name":"Une médiatrice à l&rsquo;écoute"}]},{"@type":"WebSite","@id":"https://www.jeannedarc-figeac.fr/college-lycee/#website","url":"https://www.jeannedarc-figeac.fr/college-lycee/","name":"Collège et Lycée Jeanne d&#039;Arc","description":"Jeanne d&#039;Arc Figeac","potentialAction":[{"@type":"SearchAction","target":{"@type":"EntryPoint","urlTemplate":"https://www.jeannedarc-figeac.fr/college-lycee/?s={search_term_string}"},"query-input":{"@type":"PropertyValueSpecification","valueRequired":true,"valueName":"search_term_string"}}],"inLanguage":"fr-FR"}]}</script>
<!-- / Yoast SEO plugin. -->

Une médiatrice à l'écoute

Une médiatrice à l'écoute : Un lieu d’écoute, de parole et d’échanges à l’intention des élèves qui en ressentent le besoin ...

Collège et Lycée Jeanne d&#039;Arc
