{"id":912,"date":"2015-02-14T17:08:38","date_gmt":"2015-02-14T17:08:38","guid":{"rendered":"http:\/\/www.jeannedarc-figeac.fr\/college-lycee\/?page_id=912"},"modified":"2016-12-02T09:28:51","modified_gmt":"2016-12-02T09:28:51","slug":"les-stages-a-letranger","status":"publish","type":"page","link":"https:\/\/www.jeannedarc-figeac.fr\/college-lycee\/les-stages-a-letranger\/","title":{"rendered":"Stage Humanitaire au S\u00e9n\u00e9gal"},"content":{"rendered":"<p>[et_pb_section fullwidth=\u00a0\u00bbon\u00a0\u00bb specialty=\u00a0\u00bboff\u00a0\u00bb transparent_background=\u00a0\u00bbon\u00a0\u00bb background_color=\u00a0\u00bb#c37cc6&Prime; inner_shadow=\u00a0\u00bbon\u00a0\u00bb parallax=\u00a0\u00bboff\u00a0\u00bb parallax_method=\u00a0\u00bboff\u00a0\u00bb background_image=\u00a0\u00bbhttp:\/\/www.jeannedarc-figeac.fr\/college-lycee\/wp-content\/uploads\/sites\/5\/2015\/02\/TitleCOLLEGE.png\u00a0\u00bb allow_player_pause=\u00a0\u00bboff\u00a0\u00bb][et_pb_fullwidth_header admin_label=\u00a0\u00bbFullwidth Header\u00a0\u00bb title=\u00a0\u00bbLyc\u00e9e professionnel\u00a0\u00bb background_layout=\u00a0\u00bbdark\u00a0\u00bb text_orientation=\u00a0\u00bbleft\u00a0\u00bb subhead=\u00a0\u00bbStage Humanitaire au S\u00e9n\u00e9gal\u00a0\u00bb \/][\/et_pb_section][et_pb_section][et_pb_row][et_pb_column type=\u00a0\u00bb1_4&Prime;][et_pb_sidebar admin_label=\u00a0\u00bbSidebar\u00a0\u00bb orientation=\u00a0\u00bbleft\u00a0\u00bb area=\u00a0\u00bbet_pb_widget_area_5&Prime; background_layout=\u00a0\u00bblight\u00a0\u00bb \/][\/et_pb_column][et_pb_column type=\u00a0\u00bb3_4&Prime;][et_pb_text admin_label=\u00a0\u00bbStage \u00e0 l&rsquo;\u00e9tranger\u00a0\u00bb background_layout=\u00a0\u00bblight\u00a0\u00bb text_orientation=\u00a0\u00bbleft\u00a0\u00bb]<\/p>\n<p>&nbsp;<\/p>\n<h2 style=\"text-align: center\"><strong>Stage \u00e0 Ziguinchor en Casamance (S\u00e9n\u00e9gal)<\/strong><\/h2>\n<p>Un stage \u00e0 l\u2019\u00e9tranger, c\u2019est le moyen d\u2019acqu\u00e9rir une <span style=\"color: #ff6600\">exp\u00e9rience professionnelle valorisante<\/span>.<\/p>\n<p>Pour les \u00e9l\u00e8ves de Bac Pro ASSP (Accompagnement Soins et Services \u00e0 la Personne), les PFMP (p\u00e9riodes de formation en milieu professionnel) sont une \u00e9tape essentielle du parcours de formation.<\/p>\n<p>Gr\u00e2ce \u00e0 notre partenariat avec la <span style=\"color: #ff6600\">Casamance<\/span>, les \u00e9l\u00e8ves de Terminale Bac Pro ASSP peuvent effectuer une <span style=\"color: #ff6600\">PFMP de 4 semaines<\/span> dans des <span style=\"color: #ff6600\">dispensaires m\u00e9dicaux \u00e0 Ziguinchor<\/span> et dans sa proche banlieue.<\/p>\n<p>Cette exp\u00e9rience unique pour des jeunes scolaris\u00e9s en Bac Pro leur permet de b\u00e9n\u00e9ficier d\u2019une approche du milieu sanitaire et social par une immersion dans ces dispensaires en Afrique.<\/p>\n<p>Sur place, les \u00e9l\u00e8ves sont pris en charge par nos partenaires du <span style=\"color: #333333\"><strong>lyc\u00e9e Saint Charles Lwanga<\/strong> <\/span>et un <span style=\"color: #ff6600\">accompagnateur fran\u00e7ais<\/span> est \u00e9galement pr\u00e9sent pendant tout le s\u00e9jour avec les \u00e9l\u00e8ves.<\/p>\n<p>Pendant <span style=\"color: #333333\">4 semaines<\/span>, leur travail en dispensaire consiste en une observation passive les premiers jours mais se transforme tr\u00e8s vite en <span style=\"color: #ff6600\">assistance aux soins<\/span>. Cette PFMP est \u00e9valu\u00e9e et prise en compte pour l\u2019obtention du dipl\u00f4me<\/p>\n<p>&nbsp;<\/p>\n<p>[\/et_pb_text][\/et_pb_column][\/et_pb_row][\/et_pb_section]<\/p>\n","protected":false},"excerpt":{"rendered":"<div class=\"et_pb_section et_pb_section_0 et_section_regular\" ><\/div>\n<div class=\"et_pb_row et_pb_row_0 et_pb_row_empty\"><\/div>\n<p> &nbsp; Stage \u00e0 Ziguinchor en Casamance (S\u00e9n\u00e9gal) Un stage \u00e0 l\u2019\u00e9tranger, c\u2019est le moyen d\u2019acqu\u00e9rir une exp\u00e9rience professionnelle valorisante. Pour les \u00e9l\u00e8ves de Bac Pro ASSP (Accompagnement Soins et Services \u00e0 la Personne), les PFMP (p\u00e9riodes de formation en milieu professionnel) sont une \u00e9tape essentielle du parcours de formation. Gr\u00e2ce \u00e0 notre partenariat avec [&hellip;]<\/p>\n","protected":false},"author":1,"featured_media":0,"parent":0,"menu_order":0,"comment_status":"closed","ping_status":"closed","template":"","meta":{"_et_pb_use_builder":"on","_et_pb_old_content":"","_et_gb_content_width":"","iawp_total_views":93,"footnotes":""},"class_list":["post-912","page","type-page","status-publish","hentry"],"yoast_head":"<!-- This site is optimized with the Yoast SEO plugin v26.0 - https:\/\/yoast.com\/wordpress\/plugins\/seo\/ -->\n<title>Stage Humanitaire au S\u00e9n\u00e9gal<\/title>\n<meta name=\"description\" content=\"Les stages \u00e0 l&#039;\u00e9tranger...\" \/>\n<meta name=\"robots\" content=\"index, follow, max-snippet:-1, max-image-preview:large, max-video-preview:-1\" \/>\n<link rel=\"canonical\" href=\"https:\/\/www.jeannedarc-figeac.fr\/college-lycee\/les-stages-a-letranger\/\" \/>\n<meta property=\"og:locale\" content=\"fr_FR\" \/>\n<meta property=\"og:type\" content=\"article\" \/>\n<meta property=\"og:title\" content=\"Stage Humanitaire au S\u00e9n\u00e9gal\" \/>\n<meta property=\"og:description\" content=\"Les stages \u00e0 l&#039;\u00e9tranger...\" \/>\n<meta property=\"og:url\" content=\"https:\/\/www.jeannedarc-figeac.fr\/college-lycee\/les-stages-a-letranger\/\" \/>\n<meta property=\"og:site_name\" content=\"Coll\u00e8ge et Lyc\u00e9e Jeanne d&#039;Arc\" \/>\n<meta property=\"article:modified_time\" content=\"2016-12-02T09:28:51+00:00\" \/>\n<script type=\"application\/ld+json\" class=\"yoast-schema-graph\">{\"@context\":\"https:\/\/schema.org\",\"@graph\":[{\"@type\":\"WebPage\",\"@id\":\"https:\/\/www.jeannedarc-figeac.fr\/college-lycee\/les-stages-a-letranger\/\",\"url\":\"https:\/\/www.jeannedarc-figeac.fr\/college-lycee\/les-stages-a-letranger\/\",\"name\":\"Stage Humanitaire au S\u00e9n\u00e9gal\",\"isPartOf\":{\"@id\":\"https:\/\/www.jeannedarc-figeac.fr\/college-lycee\/#website\"},\"datePublished\":\"2015-02-14T17:08:38+00:00\",\"dateModified\":\"2016-12-02T09:28:51+00:00\",\"description\":\"Les stages \u00e0 l'\u00e9tranger...\",\"breadcrumb\":{\"@id\":\"https:\/\/www.jeannedarc-figeac.fr\/college-lycee\/les-stages-a-letranger\/#breadcrumb\"},\"inLanguage\":\"fr-FR\",\"potentialAction\":[{\"@type\":\"ReadAction\",\"target\":[\"https:\/\/www.jeannedarc-figeac.fr\/college-lycee\/les-stages-a-letranger\/\"]}]},{\"@type\":\"BreadcrumbList\",\"@id\":\"https:\/\/www.jeannedarc-figeac.fr\/college-lycee\/les-stages-a-letranger\/#breadcrumb\",\"itemListElement\":[{\"@type\":\"ListItem\",\"position\":1,\"name\":\"Accueil\",\"item\":\"https:\/\/www.jeannedarc-figeac.fr\/college-lycee\/\"},{\"@type\":\"ListItem\",\"position\":2,\"name\":\"Stage Humanitaire au S\u00e9n\u00e9gal\"}]},{\"@type\":\"WebSite\",\"@id\":\"https:\/\/www.jeannedarc-figeac.fr\/college-lycee\/#website\",\"url\":\"https:\/\/www.jeannedarc-figeac.fr\/college-lycee\/\",\"name\":\"Coll\u00e8ge et Lyc\u00e9e Jeanne d&#039;Arc\",\"description\":\"Jeanne d&#039;Arc Figeac\",\"potentialAction\":[{\"@type\":\"SearchAction\",\"target\":{\"@type\":\"EntryPoint\",\"urlTemplate\":\"https:\/\/www.jeannedarc-figeac.fr\/college-lycee\/?s={search_term_string}\"},\"query-input\":{\"@type\":\"PropertyValueSpecification\",\"valueRequired\":true,\"valueName\":\"search_term_string\"}}],\"inLanguage\":\"fr-FR\"}]}<\/script>\n<!-- \/ Yoast SEO plugin. -->","yoast_head_json":{"title":"Stage Humanitaire au S\u00e9n\u00e9gal","description":"Les stages \u00e0 l'\u00e9tranger...","robots":{"index":"index","follow":"follow","max-snippet":"max-snippet:-1","max-image-preview":"max-image-preview:large","max-video-preview":"max-video-preview:-1"},"canonical":"https:\/\/www.jeannedarc-figeac.fr\/college-lycee\/les-stages-a-letranger\/","og_locale":"fr_FR","og_type":"article","og_title":"Stage Humanitaire au S\u00e9n\u00e9gal","og_description":"Les stages \u00e0 l'\u00e9tranger...","og_url":"https:\/\/www.jeannedarc-figeac.fr\/college-lycee\/les-stages-a-letranger\/","og_site_name":"Coll\u00e8ge et Lyc\u00e9e Jeanne d&#039;Arc","article_modified_time":"2016-12-02T09:28:51+00:00","schema":{"@context":"https:\/\/schema.org","@graph":[{"@type":"WebPage","@id":"https:\/\/www.jeannedarc-figeac.fr\/college-lycee\/les-stages-a-letranger\/","url":"https:\/\/www.jeannedarc-figeac.fr\/college-lycee\/les-stages-a-letranger\/","name":"Stage Humanitaire au S\u00e9n\u00e9gal","isPartOf":{"@id":"https:\/\/www.jeannedarc-figeac.fr\/college-lycee\/#website"},"datePublished":"2015-02-14T17:08:38+00:00","dateModified":"2016-12-02T09:28:51+00:00","description":"Les stages \u00e0 l'\u00e9tranger...","breadcrumb":{"@id":"https:\/\/www.jeannedarc-figeac.fr\/college-lycee\/les-stages-a-letranger\/#breadcrumb"},"inLanguage":"fr-FR","potentialAction":[{"@type":"ReadAction","target":["https:\/\/www.jeannedarc-figeac.fr\/college-lycee\/les-stages-a-letranger\/"]}]},{"@type":"BreadcrumbList","@id":"https:\/\/www.jeannedarc-figeac.fr\/college-lycee\/les-stages-a-letranger\/#breadcrumb","itemListElement":[{"@type":"ListItem","position":1,"name":"Accueil","item":"https:\/\/www.jeannedarc-figeac.fr\/college-lycee\/"},{"@type":"ListItem","position":2,"name":"Stage Humanitaire au S\u00e9n\u00e9gal"}]},{"@type":"WebSite","@id":"https:\/\/www.jeannedarc-figeac.fr\/college-lycee\/#website","url":"https:\/\/www.jeannedarc-figeac.fr\/college-lycee\/","name":"Coll\u00e8ge et Lyc\u00e9e Jeanne d&#039;Arc","description":"Jeanne d&#039;Arc Figeac","potentialAction":[{"@type":"SearchAction","target":{"@type":"EntryPoint","urlTemplate":"https:\/\/www.jeannedarc-figeac.fr\/college-lycee\/?s={search_term_string}"},"query-input":{"@type":"PropertyValueSpecification","valueRequired":true,"valueName":"search_term_string"}}],"inLanguage":"fr-FR"}]}},"jetpack_sharing_enabled":true,"jetpack_shortlink":"https:\/\/wp.me\/P5Qyb6-eI","_links":{"self":[{"href":"https:\/\/www.jeannedarc-figeac.fr\/college-lycee\/wp-json\/wp\/v2\/pages\/912","targetHints":{"allow":["GET"]}}],"collection":[{"href":"https:\/\/www.jeannedarc-figeac.fr\/college-lycee\/wp-json\/wp\/v2\/pages"}],"about":[{"href":"https:\/\/www.jeannedarc-figeac.fr\/college-lycee\/wp-json\/wp\/v2\/types\/page"}],"author":[{"embeddable":true,"href":"https:\/\/www.jeannedarc-figeac.fr\/college-lycee\/wp-json\/wp\/v2\/users\/1"}],"replies":[{"embeddable":true,"href":"https:\/\/www.jeannedarc-figeac.fr\/college-lycee\/wp-json\/wp\/v2\/comments?post=912"}],"version-history":[{"count":8,"href":"https:\/\/www.jeannedarc-figeac.fr\/college-lycee\/wp-json\/wp\/v2\/pages\/912\/revisions"}],"predecessor-version":[{"id":2239,"href":"https:\/\/www.jeannedarc-figeac.fr\/college-lycee\/wp-json\/wp\/v2\/pages\/912\/revisions\/2239"}],"wp:attachment":[{"href":"https:\/\/www.jeannedarc-figeac.fr\/college-lycee\/wp-json\/wp\/v2\/media?parent=912"}],"curies":[{"name":"wp","href":"https:\/\/api.w.org\/{rel}","templated":true}]}}

Stage Humanitaire au Sénégal

<p>[et_pb_section fullwidth= »on » specialty= »off » transparent_background= »on » background_color= »#c37cc6&Prime; inner_shadow= »on » parallax= »off » parallax_method= »off » background_image= »http://www.jeannedarc-figeac.fr/college-lycee/wp-content/uploads/sites/5/2015/02/TitleCOLLEGE.png » allow_player_pause= »off »][et_pb_fullwidth_header admin_label= »Fullwidth Header » title= »Lycée professionnel » background_layout= »dark » text_orientation= »left » subhead= »Stage Humanitaire au Sénégal » /][/et_pb_section][et_pb_section][et_pb_row][et_pb_column type= »1_4&Prime;][et_pb_sidebar admin_label= »Sidebar » orientation= »left » area= »et_pb_widget_area_5&Prime; background_layout= »light » /][/et_pb_column][et_pb_column type= »3_4&Prime;][et_pb_text admin_label= »Stage à l&rsquo;étranger » background_layout= »light » text_orientation= »left »]</p>
<p>&nbsp;</p>
<h2 style="text-align: center"><strong>Stage à Ziguinchor en Casamance (Sénégal)</strong></h2>
<p>Un stage à l’étranger, c’est le moyen d’acquérir une <span style="color: #ff6600">expérience professionnelle valorisante</span>.</p>
<p>Pour les élèves de Bac Pro ASSP (Accompagnement Soins et Services à la Personne), les PFMP (périodes de formation en milieu professionnel) sont une étape essentielle du parcours de formation.</p>
<p>Grâce à notre partenariat avec la <span style="color: #ff6600">Casamance</span>, les élèves de Terminale Bac Pro ASSP peuvent effectuer une <span style="color: #ff6600">PFMP de 4 semaines</span> dans des <span style="color: #ff6600">dispensaires médicaux à Ziguinchor</span> et dans sa proche banlieue.</p>
<p>Cette expérience unique pour des jeunes scolarisés en Bac Pro leur permet de bénéficier d’une approche du milieu sanitaire et social par une immersion dans ces dispensaires en Afrique.</p>
<p>Sur place, les élèves sont pris en charge par nos partenaires du <span style="color: #333333"><strong>lycée Saint Charles Lwanga</strong> </span>et un <span style="color: #ff6600">accompagnateur français</span> est également présent pendant tout le séjour avec les élèves.</p>
<p>Pendant <span style="color: #333333">4 semaines</span>, leur travail en dispensaire consiste en une observation passive les premiers jours mais se transforme très vite en <span style="color: #ff6600">assistance aux soins</span>. Cette PFMP est évaluée et prise en compte pour l’obtention du diplôme</p>
<p>&nbsp;</p>
<p>[/et_pb_text][/et_pb_column][/et_pb_row][/et_pb_section]</p>

<div class="et_pb_section et_pb_section_0 et_section_regular" ></div>
<div class="et_pb_row et_pb_row_0 et_pb_row_empty"></div>
<p> &nbsp; Stage à Ziguinchor en Casamance (Sénégal) Un stage à l’étranger, c’est le moyen d’acquérir une expérience professionnelle valorisante. Pour les élèves de Bac Pro ASSP (Accompagnement Soins et Services à la Personne), les PFMP (périodes de formation en milieu professionnel) sont une étape essentielle du parcours de formation. Grâce à notre partenariat avec [&hellip;]</p>

<!-- This site is optimized with the Yoast SEO plugin v26.0 - https://yoast.com/wordpress/plugins/seo/ -->
<title>Stage Humanitaire au Sénégal</title>
<meta name="description" content="Les stages à l&#039;étranger..." />
<meta name="robots" content="index, follow, max-snippet:-1, max-image-preview:large, max-video-preview:-1" />
<link rel="canonical" href="https://www.jeannedarc-figeac.fr/college-lycee/les-stages-a-letranger/" />
<meta property="og:locale" content="fr_FR" />
<meta property="og:type" content="article" />
<meta property="og:title" content="Stage Humanitaire au Sénégal" />
<meta property="og:description" content="Les stages à l&#039;étranger..." />
<meta property="og:url" content="https://www.jeannedarc-figeac.fr/college-lycee/les-stages-a-letranger/" />
<meta property="og:site_name" content="Collège et Lycée Jeanne d&#039;Arc" />
<meta property="article:modified_time" content="2016-12-02T09:28:51+00:00" />
<script type="application/ld+json" class="yoast-schema-graph">{"@context":"https://schema.org","@graph":[{"@type":"WebPage","@id":"https://www.jeannedarc-figeac.fr/college-lycee/les-stages-a-letranger/","url":"https://www.jeannedarc-figeac.fr/college-lycee/les-stages-a-letranger/","name":"Stage Humanitaire au Sénégal","isPartOf":{"@id":"https://www.jeannedarc-figeac.fr/college-lycee/#website"},"datePublished":"2015-02-14T17:08:38+00:00","dateModified":"2016-12-02T09:28:51+00:00","description":"Les stages à l'étranger...","breadcrumb":{"@id":"https://www.jeannedarc-figeac.fr/college-lycee/les-stages-a-letranger/#breadcrumb"},"inLanguage":"fr-FR","potentialAction":[{"@type":"ReadAction","target":["https://www.jeannedarc-figeac.fr/college-lycee/les-stages-a-letranger/"]}]},{"@type":"BreadcrumbList","@id":"https://www.jeannedarc-figeac.fr/college-lycee/les-stages-a-letranger/#breadcrumb","itemListElement":[{"@type":"ListItem","position":1,"name":"Accueil","item":"https://www.jeannedarc-figeac.fr/college-lycee/"},{"@type":"ListItem","position":2,"name":"Stage Humanitaire au Sénégal"}]},{"@type":"WebSite","@id":"https://www.jeannedarc-figeac.fr/college-lycee/#website","url":"https://www.jeannedarc-figeac.fr/college-lycee/","name":"Collège et Lycée Jeanne d&#039;Arc","description":"Jeanne d&#039;Arc Figeac","potentialAction":[{"@type":"SearchAction","target":{"@type":"EntryPoint","urlTemplate":"https://www.jeannedarc-figeac.fr/college-lycee/?s={search_term_string}"},"query-input":{"@type":"PropertyValueSpecification","valueRequired":true,"valueName":"search_term_string"}}],"inLanguage":"fr-FR"}]}</script>
<!-- / Yoast SEO plugin. -->

Les stages à l'étranger...

Collège et Lycée Jeanne d&#039;Arc
