{"id":609,"date":"2015-01-23T09:53:11","date_gmt":"2015-01-23T09:53:11","guid":{"rendered":"http:\/\/www.jeannedarc-figeac.fr\/college-lycee\/?page_id=609"},"modified":"2015-03-09T13:15:05","modified_gmt":"2015-03-09T13:15:05","slug":"sport","status":"publish","type":"page","link":"https:\/\/www.jeannedarc-figeac.fr\/college-lycee\/sport\/","title":{"rendered":"Le sport au coll\u00e8ge"},"content":{"rendered":"<p>[et_pb_section fullwidth=\u00a0\u00bbon\u00a0\u00bb specialty=\u00a0\u00bboff\u00a0\u00bb transparent_background=\u00a0\u00bbon\u00a0\u00bb background_color=\u00a0\u00bb#c37cc6&Prime; inner_shadow=\u00a0\u00bbon\u00a0\u00bb parallax=\u00a0\u00bboff\u00a0\u00bb parallax_method=\u00a0\u00bboff\u00a0\u00bb background_image=\u00a0\u00bbhttp:\/\/www.jeannedarc-figeac.fr\/college-lycee\/wp-content\/uploads\/sites\/5\/2015\/02\/TitleCOLLEGE.png\u00a0\u00bb allow_player_pause=\u00a0\u00bboff\u00a0\u00bb][et_pb_fullwidth_header admin_label=\u00a0\u00bbFullwidth Header\u00a0\u00bb title=\u00a0\u00bbLe Coll\u00e8ge\u00a0\u00bb background_layout=\u00a0\u00bbdark\u00a0\u00bb text_orientation=\u00a0\u00bbleft\u00a0\u00bb subhead=\u00a0\u00bbLe sport\u00a0\u00bb \/][\/et_pb_section][et_pb_section][et_pb_row][et_pb_column type=\u00a0\u00bb1_4&Prime;][et_pb_sidebar admin_label=\u00a0\u00bbSidebar\u00a0\u00bb orientation=\u00a0\u00bbleft\u00a0\u00bb area=\u00a0\u00bbet_pb_widget_area_7&Prime; background_layout=\u00a0\u00bblight\u00a0\u00bb \/][\/et_pb_column][et_pb_column type=\u00a0\u00bb3_4&Prime;][et_pb_text admin_label=\u00a0\u00bbText\u00a0\u00bb background_layout=\u00a0\u00bblight\u00a0\u00bb text_orientation=\u00a0\u00bbleft\u00a0\u00bb]<\/p>\n<p>A Jeanne d\u2019Arc, le sport tient une place importante.<\/p>\n<p>Outre la <a title=\"La section Foot\" href=\"http:\/\/www.jeannedarc-figeac.fr\/college-lycee\/la-section-foot\/\"><strong>section sportive football<\/strong><\/a> qui offre un cadre de pratique permettant \u00e0 chaque joueur de vivre sa passion et de concilier sport et \u00e9tudes, les \u00e9l\u00e8ves peuvent pratiquer du sport dans le cadre de l\u2019A.S.<\/p>\n<p><strong>L\u2019association sportive (AS)<\/strong> du Coll\u00e8ge\/Lyc\u00e9e propose aux \u00e9l\u00e8ves qui le souhaitent des activit\u00e9s de d\u00e9couverte, d\u2019entra\u00eenement et de comp\u00e9tition le mercredi apr\u00e8s-midi.<\/p>\n<p>L\u2019ambiance est conviviale et s\u00e9rieuse. Les \u00e9l\u00e8ves repr\u00e9sentent r\u00e9guli\u00e8rement l\u2019\u00e9tablissement \u00e0 un niveau d\u00e9partemental et r\u00e9gional.<\/p>\n<p>Afin de conna\u00eetre le programme et s\u2019inscrire, les \u00e9l\u00e8ves s\u2019adressent \u00e0 leur professeur d\u2019E.P.S. au d\u00e9but de l\u2019ann\u00e9e scolaire.<\/p>\n<p>Les activit\u00e9s propos\u00e9es sont notamment des sports collectifs (handball, futsal, rugby\u2026), de l\u2019athl\u00e9tisme (courir, sauter, lancer), des sports de raquettes (badminton\u2026).<\/p>\n<p>Chaque ann\u00e9e, l\u2019AS organise le cross de l\u2019\u00e9tablissement au profit de l\u2019association ELA. En hiver, une sortie ski au Lioran est \u00e9galement propos\u00e9e aux \u00e9l\u00e8ves de l\u2019AS.<\/p>\n<p>[\/et_pb_text][\/et_pb_column][\/et_pb_row][\/et_pb_section]<\/p>\n","protected":false},"excerpt":{"rendered":"<div class=\"et_pb_section et_pb_section_0 et_section_regular\" ><\/div>\n<div class=\"et_pb_row et_pb_row_0 et_pb_row_empty\"><\/div>\n<p> A Jeanne d\u2019Arc, le sport tient une place importante. Outre la section sportive football qui offre un cadre de pratique permettant \u00e0 chaque joueur de vivre sa passion et de concilier sport et \u00e9tudes, les \u00e9l\u00e8ves peuvent pratiquer du sport dans le cadre de l\u2019A.S. L\u2019association sportive (AS) du Coll\u00e8ge\/Lyc\u00e9e propose aux \u00e9l\u00e8ves qui [&hellip;]<\/p>\n","protected":false},"author":1,"featured_media":0,"parent":0,"menu_order":0,"comment_status":"closed","ping_status":"closed","template":"","meta":{"_et_pb_use_builder":"on","_et_pb_old_content":"","_et_gb_content_width":"","iawp_total_views":181,"footnotes":""},"class_list":["post-609","page","type-page","status-publish","hentry"],"yoast_head":"<!-- This site is optimized with the Yoast SEO plugin v26.0 - https:\/\/yoast.com\/wordpress\/plugins\/seo\/ -->\n<title>Le sport au coll\u00e8ge<\/title>\n<meta name=\"description\" content=\"A Jeanne d\u2019Arc, le sport tient une place importante. Outre la section sportive football qui offre un cadre de pratique permettant \u00e0 chaque joueur de...\" \/>\n<meta name=\"robots\" content=\"index, follow, max-snippet:-1, max-image-preview:large, max-video-preview:-1\" \/>\n<link rel=\"canonical\" href=\"http:\/\/www.jeannedarc-figeac.fr\/college-lycee\/sport\/\" \/>\n<meta property=\"og:locale\" content=\"fr_FR\" \/>\n<meta property=\"og:type\" content=\"article\" \/>\n<meta property=\"og:title\" content=\"Le sport au coll\u00e8ge\" \/>\n<meta property=\"og:description\" content=\"A Jeanne d\u2019Arc, le sport tient une place importante. Outre la section sportive football qui offre un cadre de pratique permettant \u00e0 chaque joueur de...\" \/>\n<meta property=\"og:url\" content=\"http:\/\/www.jeannedarc-figeac.fr\/college-lycee\/sport\/\" \/>\n<meta property=\"og:site_name\" content=\"Coll\u00e8ge et Lyc\u00e9e Jeanne d&#039;Arc\" \/>\n<meta property=\"article:modified_time\" content=\"2015-03-09T13:15:05+00:00\" \/>\n<script type=\"application\/ld+json\" class=\"yoast-schema-graph\">{\"@context\":\"https:\/\/schema.org\",\"@graph\":[{\"@type\":\"WebPage\",\"@id\":\"http:\/\/www.jeannedarc-figeac.fr\/college-lycee\/sport\/\",\"url\":\"http:\/\/www.jeannedarc-figeac.fr\/college-lycee\/sport\/\",\"name\":\"Le sport au coll\u00e8ge\",\"isPartOf\":{\"@id\":\"https:\/\/www.jeannedarc-figeac.fr\/college-lycee\/#website\"},\"datePublished\":\"2015-01-23T09:53:11+00:00\",\"dateModified\":\"2015-03-09T13:15:05+00:00\",\"description\":\"A Jeanne d\u2019Arc, le sport tient une place importante. Outre la section sportive football qui offre un cadre de pratique permettant \u00e0 chaque joueur de...\",\"breadcrumb\":{\"@id\":\"http:\/\/www.jeannedarc-figeac.fr\/college-lycee\/sport\/#breadcrumb\"},\"inLanguage\":\"fr-FR\",\"potentialAction\":[{\"@type\":\"ReadAction\",\"target\":[\"http:\/\/www.jeannedarc-figeac.fr\/college-lycee\/sport\/\"]}]},{\"@type\":\"BreadcrumbList\",\"@id\":\"http:\/\/www.jeannedarc-figeac.fr\/college-lycee\/sport\/#breadcrumb\",\"itemListElement\":[{\"@type\":\"ListItem\",\"position\":1,\"name\":\"Accueil\",\"item\":\"https:\/\/www.jeannedarc-figeac.fr\/college-lycee\/\"},{\"@type\":\"ListItem\",\"position\":2,\"name\":\"Le sport au coll\u00e8ge\"}]},{\"@type\":\"WebSite\",\"@id\":\"https:\/\/www.jeannedarc-figeac.fr\/college-lycee\/#website\",\"url\":\"https:\/\/www.jeannedarc-figeac.fr\/college-lycee\/\",\"name\":\"Coll\u00e8ge et Lyc\u00e9e Jeanne d&#039;Arc\",\"description\":\"Jeanne d&#039;Arc Figeac\",\"potentialAction\":[{\"@type\":\"SearchAction\",\"target\":{\"@type\":\"EntryPoint\",\"urlTemplate\":\"https:\/\/www.jeannedarc-figeac.fr\/college-lycee\/?s={search_term_string}\"},\"query-input\":{\"@type\":\"PropertyValueSpecification\",\"valueRequired\":true,\"valueName\":\"search_term_string\"}}],\"inLanguage\":\"fr-FR\"}]}<\/script>\n<!-- \/ Yoast SEO plugin. -->","yoast_head_json":{"title":"Le sport au coll\u00e8ge","description":"A Jeanne d\u2019Arc, le sport tient une place importante. Outre la section sportive football qui offre un cadre de pratique permettant \u00e0 chaque joueur de...","robots":{"index":"index","follow":"follow","max-snippet":"max-snippet:-1","max-image-preview":"max-image-preview:large","max-video-preview":"max-video-preview:-1"},"canonical":"http:\/\/www.jeannedarc-figeac.fr\/college-lycee\/sport\/","og_locale":"fr_FR","og_type":"article","og_title":"Le sport au coll\u00e8ge","og_description":"A Jeanne d\u2019Arc, le sport tient une place importante. Outre la section sportive football qui offre un cadre de pratique permettant \u00e0 chaque joueur de...","og_url":"http:\/\/www.jeannedarc-figeac.fr\/college-lycee\/sport\/","og_site_name":"Coll\u00e8ge et Lyc\u00e9e Jeanne d&#039;Arc","article_modified_time":"2015-03-09T13:15:05+00:00","schema":{"@context":"https:\/\/schema.org","@graph":[{"@type":"WebPage","@id":"http:\/\/www.jeannedarc-figeac.fr\/college-lycee\/sport\/","url":"http:\/\/www.jeannedarc-figeac.fr\/college-lycee\/sport\/","name":"Le sport au coll\u00e8ge","isPartOf":{"@id":"https:\/\/www.jeannedarc-figeac.fr\/college-lycee\/#website"},"datePublished":"2015-01-23T09:53:11+00:00","dateModified":"2015-03-09T13:15:05+00:00","description":"A Jeanne d\u2019Arc, le sport tient une place importante. Outre la section sportive football qui offre un cadre de pratique permettant \u00e0 chaque joueur de...","breadcrumb":{"@id":"http:\/\/www.jeannedarc-figeac.fr\/college-lycee\/sport\/#breadcrumb"},"inLanguage":"fr-FR","potentialAction":[{"@type":"ReadAction","target":["http:\/\/www.jeannedarc-figeac.fr\/college-lycee\/sport\/"]}]},{"@type":"BreadcrumbList","@id":"http:\/\/www.jeannedarc-figeac.fr\/college-lycee\/sport\/#breadcrumb","itemListElement":[{"@type":"ListItem","position":1,"name":"Accueil","item":"https:\/\/www.jeannedarc-figeac.fr\/college-lycee\/"},{"@type":"ListItem","position":2,"name":"Le sport au coll\u00e8ge"}]},{"@type":"WebSite","@id":"https:\/\/www.jeannedarc-figeac.fr\/college-lycee\/#website","url":"https:\/\/www.jeannedarc-figeac.fr\/college-lycee\/","name":"Coll\u00e8ge et Lyc\u00e9e Jeanne d&#039;Arc","description":"Jeanne d&#039;Arc Figeac","potentialAction":[{"@type":"SearchAction","target":{"@type":"EntryPoint","urlTemplate":"https:\/\/www.jeannedarc-figeac.fr\/college-lycee\/?s={search_term_string}"},"query-input":{"@type":"PropertyValueSpecification","valueRequired":true,"valueName":"search_term_string"}}],"inLanguage":"fr-FR"}]}},"jetpack_sharing_enabled":true,"jetpack_shortlink":"https:\/\/wp.me\/P5Qyb6-9P","_links":{"self":[{"href":"https:\/\/www.jeannedarc-figeac.fr\/college-lycee\/wp-json\/wp\/v2\/pages\/609","targetHints":{"allow":["GET"]}}],"collection":[{"href":"https:\/\/www.jeannedarc-figeac.fr\/college-lycee\/wp-json\/wp\/v2\/pages"}],"about":[{"href":"https:\/\/www.jeannedarc-figeac.fr\/college-lycee\/wp-json\/wp\/v2\/types\/page"}],"author":[{"embeddable":true,"href":"https:\/\/www.jeannedarc-figeac.fr\/college-lycee\/wp-json\/wp\/v2\/users\/1"}],"replies":[{"embeddable":true,"href":"https:\/\/www.jeannedarc-figeac.fr\/college-lycee\/wp-json\/wp\/v2\/comments?post=609"}],"version-history":[{"count":11,"href":"https:\/\/www.jeannedarc-figeac.fr\/college-lycee\/wp-json\/wp\/v2\/pages\/609\/revisions"}],"predecessor-version":[{"id":1186,"href":"https:\/\/www.jeannedarc-figeac.fr\/college-lycee\/wp-json\/wp\/v2\/pages\/609\/revisions\/1186"}],"wp:attachment":[{"href":"https:\/\/www.jeannedarc-figeac.fr\/college-lycee\/wp-json\/wp\/v2\/media?parent=609"}],"curies":[{"name":"wp","href":"https:\/\/api.w.org\/{rel}","templated":true}]}}