{"id":599,"date":"2015-01-22T22:16:23","date_gmt":"2015-01-22T22:16:23","guid":{"rendered":"http:\/\/www.jeannedarc-figeac.fr\/college-lycee\/?page_id=599"},"modified":"2024-01-17T16:22:40","modified_gmt":"2024-01-17T16:22:40","slug":"debouches","status":"publish","type":"page","link":"https:\/\/www.jeannedarc-figeac.fr\/college-lycee\/debouches\/","title":{"rendered":"Les d\u00e9bouch\u00e9s"},"content":{"rendered":"<p>[et_pb_section fb_built=\u00a0\u00bb1&Prime; inner_shadow=\u00a0\u00bbon\u00a0\u00bb fullwidth=\u00a0\u00bbon\u00a0\u00bb _builder_version=\u00a0\u00bb4.16&Prime; background_color=\u00a0\u00bbrgba(255,255,255,0)\u00a0\u00bb background_image=\u00a0\u00bbhttp:\/\/www.jeannedarc-figeac.fr\/college-lycee\/wp-content\/uploads\/sites\/5\/2015\/02\/TitleCOLLEGE.png\u00a0\u00bb transparent_background=\u00a0\u00bbon\u00a0\u00bb global_colors_info=\u00a0\u00bb{}\u00a0\u00bb][et_pb_fullwidth_header title=\u00a0\u00bbLyc\u00e9e professionnel\u00a0\u00bb subhead=\u00a0\u00bbLes d\u00e9bouch\u00e9s\u00a0\u00bb content_max_width=\u00a0\u00bbnone\u00a0\u00bb admin_label=\u00a0\u00bbFullwidth Header\u00a0\u00bb _builder_version=\u00a0\u00bb4.16&Prime; background_color=\u00a0\u00bbrgba(255, 255, 255, 0)\u00a0\u00bb global_colors_info=\u00a0\u00bb{}\u00a0\u00bb button_one_text_size__hover_enabled=\u00a0\u00bboff\u00a0\u00bb button_two_text_size__hover_enabled=\u00a0\u00bboff\u00a0\u00bb button_one_text_color__hover_enabled=\u00a0\u00bboff\u00a0\u00bb button_two_text_color__hover_enabled=\u00a0\u00bboff\u00a0\u00bb button_one_border_width__hover_enabled=\u00a0\u00bboff\u00a0\u00bb button_two_border_width__hover_enabled=\u00a0\u00bboff\u00a0\u00bb button_one_border_color__hover_enabled=\u00a0\u00bboff\u00a0\u00bb button_two_border_color__hover_enabled=\u00a0\u00bboff\u00a0\u00bb button_one_border_radius__hover_enabled=\u00a0\u00bboff\u00a0\u00bb button_two_border_radius__hover_enabled=\u00a0\u00bboff\u00a0\u00bb button_one_letter_spacing__hover_enabled=\u00a0\u00bboff\u00a0\u00bb button_two_letter_spacing__hover_enabled=\u00a0\u00bboff\u00a0\u00bb button_one_bg_color__hover_enabled=\u00a0\u00bboff\u00a0\u00bb button_two_bg_color__hover_enabled=\u00a0\u00bboff\u00a0\u00bb][\/et_pb_fullwidth_header][\/et_pb_section][et_pb_section fb_built=\u00a0\u00bb1&Prime; _builder_version=\u00a0\u00bb4.16&Prime; global_colors_info=\u00a0\u00bb{}\u00a0\u00bb][et_pb_row _builder_version=\u00a0\u00bb4.16&Prime; background_size=\u00a0\u00bbinitial\u00a0\u00bb background_position=\u00a0\u00bbtop_left\u00a0\u00bb background_repeat=\u00a0\u00bbrepeat\u00a0\u00bb global_colors_info=\u00a0\u00bb{}\u00a0\u00bb column_structure=\u00a0\u00bb1_4,3_4&Prime;][et_pb_column type=\u00a0\u00bb1_4&Prime; _builder_version=\u00a0\u00bb4.16&Prime; custom_padding=\u00a0\u00bb|||\u00a0\u00bb global_colors_info=\u00a0\u00bb{}\u00a0\u00bb custom_padding__hover=\u00a0\u00bb|||\u00a0\u00bb][et_pb_sidebar area=\u00a0\u00bbet_pb_widget_area_5&Prime; admin_label=\u00a0\u00bbSidebar\u00a0\u00bb _builder_version=\u00a0\u00bb4.16&Prime; global_colors_info=\u00a0\u00bb{}\u00a0\u00bb][\/et_pb_sidebar][\/et_pb_column][et_pb_column type=\u00a0\u00bb3_4&Prime; _builder_version=\u00a0\u00bb4.16&Prime; custom_padding=\u00a0\u00bb|||\u00a0\u00bb global_colors_info=\u00a0\u00bb{}\u00a0\u00bb custom_padding__hover=\u00a0\u00bb|||\u00a0\u00bb][et_pb_text admin_label=\u00a0\u00bbText\u00a0\u00bb _builder_version=\u00a0\u00bb4.22.2&Prime; background_size=\u00a0\u00bbinitial\u00a0\u00bb background_position=\u00a0\u00bbtop_left\u00a0\u00bb background_repeat=\u00a0\u00bbrepeat\u00a0\u00bb hover_enabled=\u00a0\u00bb0&Prime; global_colors_info=\u00a0\u00bb{}\u00a0\u00bb sticky_enabled=\u00a0\u00bb0&Prime;]<\/p>\n<h2><span style=\"text-decoration: underline;\"><strong>Les d\u00e9bouch\u00e9s<\/strong><\/span><\/h2>\n<h3>Retrouvez le site <strong>Arc-En-Ciel Formation<\/strong><\/h3>\n<p><a href=\"http:\/\/www.jeannedarc-figeac.fr\/arcencielformation\/\" target=\"_blank\" rel=\"noopener\" title=\"Arc-En-Ciel Formation\"><img data-recalc-dims=\"1\" loading=\"lazy\" decoding=\"async\" src=\"https:\/\/i0.wp.com\/www.jeannedarc-figeac.fr\/college-lycee\/wp-content\/uploads\/sites\/5\/2024\/01\/Logo-arc-en-ciel-2_V1-300x121-1.png?resize=300%2C121\" width=\"300\" height=\"121\" alt=\"\" class=\"wp-image-5309 alignnone size-full\" \/><\/a><\/p>\n<p>[\/et_pb_text][\/et_pb_column][\/et_pb_row][\/et_pb_section]<\/p>\n","protected":false},"excerpt":{"rendered":"<p>Les d\u00e9bouch\u00e9s Retrouvez le site Arc-En-Ciel Formation<\/p>\n","protected":false},"author":1,"featured_media":0,"parent":0,"menu_order":0,"comment_status":"closed","ping_status":"closed","template":"","meta":{"_et_pb_use_builder":"on","_et_pb_old_content":"","_et_gb_content_width":"","iawp_total_views":15,"footnotes":""},"class_list":["post-599","page","type-page","status-publish","hentry"],"yoast_head":"<!-- This site is optimized with the Yoast SEO plugin v26.0 - https:\/\/yoast.com\/wordpress\/plugins\/seo\/ -->\n<title>Les d\u00e9bouch\u00e9s<\/title>\n<meta name=\"description\" content=\"Les d\u00e9bouch\u00e9s : Centre de formation Arc-en-ciel...\" \/>\n<meta name=\"robots\" content=\"index, follow, max-snippet:-1, max-image-preview:large, max-video-preview:-1\" \/>\n<link rel=\"canonical\" href=\"http:\/\/www.jeannedarc-figeac.fr\/college-lycee\/debouches\/\" \/>\n<meta property=\"og:locale\" content=\"fr_FR\" \/>\n<meta property=\"og:type\" content=\"article\" \/>\n<meta property=\"og:title\" content=\"Les d\u00e9bouch\u00e9s\" \/>\n<meta property=\"og:description\" content=\"Les d\u00e9bouch\u00e9s : Centre de formation Arc-en-ciel...\" \/>\n<meta property=\"og:url\" content=\"http:\/\/www.jeannedarc-figeac.fr\/college-lycee\/debouches\/\" \/>\n<meta property=\"og:site_name\" content=\"Coll\u00e8ge et Lyc\u00e9e Jeanne d&#039;Arc\" \/>\n<meta property=\"article:modified_time\" content=\"2024-01-17T16:22:40+00:00\" \/>\n<meta property=\"og:image\" content=\"http:\/\/www.jeannedarc-figeac.fr\/college-lycee\/wp-content\/uploads\/sites\/5\/2024\/01\/Logo-arc-en-ciel-2_V1-300x121-1.png\" \/>\n<script type=\"application\/ld+json\" class=\"yoast-schema-graph\">{\"@context\":\"https:\/\/schema.org\",\"@graph\":[{\"@type\":\"WebPage\",\"@id\":\"http:\/\/www.jeannedarc-figeac.fr\/college-lycee\/debouches\/\",\"url\":\"http:\/\/www.jeannedarc-figeac.fr\/college-lycee\/debouches\/\",\"name\":\"Les d\u00e9bouch\u00e9s\",\"isPartOf\":{\"@id\":\"https:\/\/www.jeannedarc-figeac.fr\/college-lycee\/#website\"},\"primaryImageOfPage\":{\"@id\":\"http:\/\/www.jeannedarc-figeac.fr\/college-lycee\/debouches\/#primaryimage\"},\"image\":{\"@id\":\"http:\/\/www.jeannedarc-figeac.fr\/college-lycee\/debouches\/#primaryimage\"},\"thumbnailUrl\":\"http:\/\/www.jeannedarc-figeac.fr\/college-lycee\/wp-content\/uploads\/sites\/5\/2024\/01\/Logo-arc-en-ciel-2_V1-300x121-1.png\",\"datePublished\":\"2015-01-22T22:16:23+00:00\",\"dateModified\":\"2024-01-17T16:22:40+00:00\",\"description\":\"Les d\u00e9bouch\u00e9s : Centre de formation Arc-en-ciel...\",\"breadcrumb\":{\"@id\":\"http:\/\/www.jeannedarc-figeac.fr\/college-lycee\/debouches\/#breadcrumb\"},\"inLanguage\":\"fr-FR\",\"potentialAction\":[{\"@type\":\"ReadAction\",\"target\":[\"http:\/\/www.jeannedarc-figeac.fr\/college-lycee\/debouches\/\"]}]},{\"@type\":\"ImageObject\",\"inLanguage\":\"fr-FR\",\"@id\":\"http:\/\/www.jeannedarc-figeac.fr\/college-lycee\/debouches\/#primaryimage\",\"url\":\"https:\/\/i0.wp.com\/www.jeannedarc-figeac.fr\/college-lycee\/wp-content\/uploads\/sites\/5\/2024\/01\/Logo-arc-en-ciel-2_V1-300x121-1.png?fit=300%2C121&ssl=1\",\"contentUrl\":\"https:\/\/i0.wp.com\/www.jeannedarc-figeac.fr\/college-lycee\/wp-content\/uploads\/sites\/5\/2024\/01\/Logo-arc-en-ciel-2_V1-300x121-1.png?fit=300%2C121&ssl=1\",\"width\":300,\"height\":121},{\"@type\":\"BreadcrumbList\",\"@id\":\"http:\/\/www.jeannedarc-figeac.fr\/college-lycee\/debouches\/#breadcrumb\",\"itemListElement\":[{\"@type\":\"ListItem\",\"position\":1,\"name\":\"Accueil\",\"item\":\"https:\/\/www.jeannedarc-figeac.fr\/college-lycee\/\"},{\"@type\":\"ListItem\",\"position\":2,\"name\":\"Les d\u00e9bouch\u00e9s\"}]},{\"@type\":\"WebSite\",\"@id\":\"https:\/\/www.jeannedarc-figeac.fr\/college-lycee\/#website\",\"url\":\"https:\/\/www.jeannedarc-figeac.fr\/college-lycee\/\",\"name\":\"Coll\u00e8ge et Lyc\u00e9e Jeanne d&#039;Arc\",\"description\":\"Jeanne d&#039;Arc Figeac\",\"potentialAction\":[{\"@type\":\"SearchAction\",\"target\":{\"@type\":\"EntryPoint\",\"urlTemplate\":\"https:\/\/www.jeannedarc-figeac.fr\/college-lycee\/?s={search_term_string}\"},\"query-input\":{\"@type\":\"PropertyValueSpecification\",\"valueRequired\":true,\"valueName\":\"search_term_string\"}}],\"inLanguage\":\"fr-FR\"}]}<\/script>\n<!-- \/ Yoast SEO plugin. -->","yoast_head_json":{"title":"Les d\u00e9bouch\u00e9s","description":"Les d\u00e9bouch\u00e9s : Centre de formation Arc-en-ciel...","robots":{"index":"index","follow":"follow","max-snippet":"max-snippet:-1","max-image-preview":"max-image-preview:large","max-video-preview":"max-video-preview:-1"},"canonical":"http:\/\/www.jeannedarc-figeac.fr\/college-lycee\/debouches\/","og_locale":"fr_FR","og_type":"article","og_title":"Les d\u00e9bouch\u00e9s","og_description":"Les d\u00e9bouch\u00e9s : Centre de formation Arc-en-ciel...","og_url":"http:\/\/www.jeannedarc-figeac.fr\/college-lycee\/debouches\/","og_site_name":"Coll\u00e8ge et Lyc\u00e9e Jeanne d&#039;Arc","article_modified_time":"2024-01-17T16:22:40+00:00","og_image":[{"url":"http:\/\/www.jeannedarc-figeac.fr\/college-lycee\/wp-content\/uploads\/sites\/5\/2024\/01\/Logo-arc-en-ciel-2_V1-300x121-1.png","type":"","width":"","height":""}],"schema":{"@context":"https:\/\/schema.org","@graph":[{"@type":"WebPage","@id":"http:\/\/www.jeannedarc-figeac.fr\/college-lycee\/debouches\/","url":"http:\/\/www.jeannedarc-figeac.fr\/college-lycee\/debouches\/","name":"Les d\u00e9bouch\u00e9s","isPartOf":{"@id":"https:\/\/www.jeannedarc-figeac.fr\/college-lycee\/#website"},"primaryImageOfPage":{"@id":"http:\/\/www.jeannedarc-figeac.fr\/college-lycee\/debouches\/#primaryimage"},"image":{"@id":"http:\/\/www.jeannedarc-figeac.fr\/college-lycee\/debouches\/#primaryimage"},"thumbnailUrl":"http:\/\/www.jeannedarc-figeac.fr\/college-lycee\/wp-content\/uploads\/sites\/5\/2024\/01\/Logo-arc-en-ciel-2_V1-300x121-1.png","datePublished":"2015-01-22T22:16:23+00:00","dateModified":"2024-01-17T16:22:40+00:00","description":"Les d\u00e9bouch\u00e9s : Centre de formation Arc-en-ciel...","breadcrumb":{"@id":"http:\/\/www.jeannedarc-figeac.fr\/college-lycee\/debouches\/#breadcrumb"},"inLanguage":"fr-FR","potentialAction":[{"@type":"ReadAction","target":["http:\/\/www.jeannedarc-figeac.fr\/college-lycee\/debouches\/"]}]},{"@type":"ImageObject","inLanguage":"fr-FR","@id":"http:\/\/www.jeannedarc-figeac.fr\/college-lycee\/debouches\/#primaryimage","url":"https:\/\/i0.wp.com\/www.jeannedarc-figeac.fr\/college-lycee\/wp-content\/uploads\/sites\/5\/2024\/01\/Logo-arc-en-ciel-2_V1-300x121-1.png?fit=300%2C121&ssl=1","contentUrl":"https:\/\/i0.wp.com\/www.jeannedarc-figeac.fr\/college-lycee\/wp-content\/uploads\/sites\/5\/2024\/01\/Logo-arc-en-ciel-2_V1-300x121-1.png?fit=300%2C121&ssl=1","width":300,"height":121},{"@type":"BreadcrumbList","@id":"http:\/\/www.jeannedarc-figeac.fr\/college-lycee\/debouches\/#breadcrumb","itemListElement":[{"@type":"ListItem","position":1,"name":"Accueil","item":"https:\/\/www.jeannedarc-figeac.fr\/college-lycee\/"},{"@type":"ListItem","position":2,"name":"Les d\u00e9bouch\u00e9s"}]},{"@type":"WebSite","@id":"https:\/\/www.jeannedarc-figeac.fr\/college-lycee\/#website","url":"https:\/\/www.jeannedarc-figeac.fr\/college-lycee\/","name":"Coll\u00e8ge et Lyc\u00e9e Jeanne d&#039;Arc","description":"Jeanne d&#039;Arc Figeac","potentialAction":[{"@type":"SearchAction","target":{"@type":"EntryPoint","urlTemplate":"https:\/\/www.jeannedarc-figeac.fr\/college-lycee\/?s={search_term_string}"},"query-input":{"@type":"PropertyValueSpecification","valueRequired":true,"valueName":"search_term_string"}}],"inLanguage":"fr-FR"}]}},"jetpack_sharing_enabled":true,"jetpack_shortlink":"https:\/\/wp.me\/P5Qyb6-9F","_links":{"self":[{"href":"https:\/\/www.jeannedarc-figeac.fr\/college-lycee\/wp-json\/wp\/v2\/pages\/599","targetHints":{"allow":["GET"]}}],"collection":[{"href":"https:\/\/www.jeannedarc-figeac.fr\/college-lycee\/wp-json\/wp\/v2\/pages"}],"about":[{"href":"https:\/\/www.jeannedarc-figeac.fr\/college-lycee\/wp-json\/wp\/v2\/types\/page"}],"author":[{"embeddable":true,"href":"https:\/\/www.jeannedarc-figeac.fr\/college-lycee\/wp-json\/wp\/v2\/users\/1"}],"replies":[{"embeddable":true,"href":"https:\/\/www.jeannedarc-figeac.fr\/college-lycee\/wp-json\/wp\/v2\/comments?post=599"}],"version-history":[{"count":4,"href":"https:\/\/www.jeannedarc-figeac.fr\/college-lycee\/wp-json\/wp\/v2\/pages\/599\/revisions"}],"predecessor-version":[{"id":5310,"href":"https:\/\/www.jeannedarc-figeac.fr\/college-lycee\/wp-json\/wp\/v2\/pages\/599\/revisions\/5310"}],"wp:attachment":[{"href":"https:\/\/www.jeannedarc-figeac.fr\/college-lycee\/wp-json\/wp\/v2\/media?parent=599"}],"curies":[{"name":"wp","href":"https:\/\/api.w.org\/{rel}","templated":true}]}}

Les débouchés

<p>[et_pb_section fb_built= »1&Prime; inner_shadow= »on » fullwidth= »on » _builder_version= »4.16&Prime; background_color= »rgba(255,255,255,0) » background_image= »http://www.jeannedarc-figeac.fr/college-lycee/wp-content/uploads/sites/5/2015/02/TitleCOLLEGE.png » transparent_background= »on » global_colors_info= »{} »][et_pb_fullwidth_header title= »Lycée professionnel » subhead= »Les débouchés » content_max_width= »none » admin_label= »Fullwidth Header » _builder_version= »4.16&Prime; background_color= »rgba(255, 255, 255, 0) » global_colors_info= »{} » button_one_text_size__hover_enabled= »off » button_two_text_size__hover_enabled= »off » button_one_text_color__hover_enabled= »off » button_two_text_color__hover_enabled= »off » button_one_border_width__hover_enabled= »off » button_two_border_width__hover_enabled= »off » button_one_border_color__hover_enabled= »off » button_two_border_color__hover_enabled= »off » button_one_border_radius__hover_enabled= »off » button_two_border_radius__hover_enabled= »off » button_one_letter_spacing__hover_enabled= »off » button_two_letter_spacing__hover_enabled= »off » button_one_bg_color__hover_enabled= »off » button_two_bg_color__hover_enabled= »off »][/et_pb_fullwidth_header][/et_pb_section][et_pb_section fb_built= »1&Prime; _builder_version= »4.16&Prime; global_colors_info= »{} »][et_pb_row _builder_version= »4.16&Prime; background_size= »initial » background_position= »top_left » background_repeat= »repeat » global_colors_info= »{} » column_structure= »1_4,3_4&Prime;][et_pb_column type= »1_4&Prime; _builder_version= »4.16&Prime; custom_padding= »||| » global_colors_info= »{} » custom_padding__hover= »||| »][et_pb_sidebar area= »et_pb_widget_area_5&Prime; admin_label= »Sidebar » _builder_version= »4.16&Prime; global_colors_info= »{} »][/et_pb_sidebar][/et_pb_column][et_pb_column type= »3_4&Prime; _builder_version= »4.16&Prime; custom_padding= »||| » global_colors_info= »{} » custom_padding__hover= »||| »][et_pb_text admin_label= »Text » _builder_version= »4.22.2&Prime; background_size= »initial » background_position= »top_left » background_repeat= »repeat » hover_enabled= »0&Prime; global_colors_info= »{} » sticky_enabled= »0&Prime;]</p>
<h2><span style="text-decoration: underline;"><strong>Les débouchés</strong></span></h2>
<h3>Retrouvez le site <strong>Arc-En-Ciel Formation</strong></h3>
<p><a href="http://www.jeannedarc-figeac.fr/arcencielformation/" target="_blank" rel="noopener" title="Arc-En-Ciel Formation"><img data-recalc-dims="1" loading="lazy" decoding="async" src="https://i0.wp.com/www.jeannedarc-figeac.fr/college-lycee/wp-content/uploads/sites/5/2024/01/Logo-arc-en-ciel-2_V1-300x121-1.png?resize=300%2C121" width="300" height="121" alt="" class="wp-image-5309 alignnone size-full" /></a></p>
<p>[/et_pb_text][/et_pb_column][/et_pb_row][/et_pb_section]</p>

<p>Les débouchés Retrouvez le site Arc-En-Ciel Formation</p>

<!-- This site is optimized with the Yoast SEO plugin v26.0 - https://yoast.com/wordpress/plugins/seo/ -->
<title>Les débouchés</title>
<meta name="description" content="Les débouchés : Centre de formation Arc-en-ciel..." />
<meta name="robots" content="index, follow, max-snippet:-1, max-image-preview:large, max-video-preview:-1" />
<link rel="canonical" href="http://www.jeannedarc-figeac.fr/college-lycee/debouches/" />
<meta property="og:locale" content="fr_FR" />
<meta property="og:type" content="article" />
<meta property="og:title" content="Les débouchés" />
<meta property="og:description" content="Les débouchés : Centre de formation Arc-en-ciel..." />
<meta property="og:url" content="http://www.jeannedarc-figeac.fr/college-lycee/debouches/" />
<meta property="og:site_name" content="Collège et Lycée Jeanne d&#039;Arc" />
<meta property="article:modified_time" content="2024-01-17T16:22:40+00:00" />
<meta property="og:image" content="http://www.jeannedarc-figeac.fr/college-lycee/wp-content/uploads/sites/5/2024/01/Logo-arc-en-ciel-2_V1-300x121-1.png" />
<script type="application/ld+json" class="yoast-schema-graph">{"@context":"https://schema.org","@graph":[{"@type":"WebPage","@id":"http://www.jeannedarc-figeac.fr/college-lycee/debouches/","url":"http://www.jeannedarc-figeac.fr/college-lycee/debouches/","name":"Les débouchés","isPartOf":{"@id":"https://www.jeannedarc-figeac.fr/college-lycee/#website"},"primaryImageOfPage":{"@id":"http://www.jeannedarc-figeac.fr/college-lycee/debouches/#primaryimage"},"image":{"@id":"http://www.jeannedarc-figeac.fr/college-lycee/debouches/#primaryimage"},"thumbnailUrl":"http://www.jeannedarc-figeac.fr/college-lycee/wp-content/uploads/sites/5/2024/01/Logo-arc-en-ciel-2_V1-300x121-1.png","datePublished":"2015-01-22T22:16:23+00:00","dateModified":"2024-01-17T16:22:40+00:00","description":"Les débouchés : Centre de formation Arc-en-ciel...","breadcrumb":{"@id":"http://www.jeannedarc-figeac.fr/college-lycee/debouches/#breadcrumb"},"inLanguage":"fr-FR","potentialAction":[{"@type":"ReadAction","target":["http://www.jeannedarc-figeac.fr/college-lycee/debouches/"]}]},{"@type":"ImageObject","inLanguage":"fr-FR","@id":"http://www.jeannedarc-figeac.fr/college-lycee/debouches/#primaryimage","url":"https://i0.wp.com/www.jeannedarc-figeac.fr/college-lycee/wp-content/uploads/sites/5/2024/01/Logo-arc-en-ciel-2_V1-300x121-1.png?fit=300%2C121&ssl=1","contentUrl":"https://i0.wp.com/www.jeannedarc-figeac.fr/college-lycee/wp-content/uploads/sites/5/2024/01/Logo-arc-en-ciel-2_V1-300x121-1.png?fit=300%2C121&ssl=1","width":300,"height":121},{"@type":"BreadcrumbList","@id":"http://www.jeannedarc-figeac.fr/college-lycee/debouches/#breadcrumb","itemListElement":[{"@type":"ListItem","position":1,"name":"Accueil","item":"https://www.jeannedarc-figeac.fr/college-lycee/"},{"@type":"ListItem","position":2,"name":"Les débouchés"}]},{"@type":"WebSite","@id":"https://www.jeannedarc-figeac.fr/college-lycee/#website","url":"https://www.jeannedarc-figeac.fr/college-lycee/","name":"Collège et Lycée Jeanne d&#039;Arc","description":"Jeanne d&#039;Arc Figeac","potentialAction":[{"@type":"SearchAction","target":{"@type":"EntryPoint","urlTemplate":"https://www.jeannedarc-figeac.fr/college-lycee/?s={search_term_string}"},"query-input":{"@type":"PropertyValueSpecification","valueRequired":true,"valueName":"search_term_string"}}],"inLanguage":"fr-FR"}]}</script>
<!-- / Yoast SEO plugin. -->

Les débouchés : Centre de formation Arc-en-ciel...

Collège et Lycée Jeanne d&#039;Arc
