{"id":567,"date":"2015-01-22T21:34:17","date_gmt":"2015-01-22T21:34:17","guid":{"rendered":"http:\/\/www.jeannedarc-figeac.fr\/college-lycee\/?page_id=567"},"modified":"2025-03-27T13:41:09","modified_gmt":"2025-03-27T13:41:09","slug":"le-cap-aaga","status":"publish","type":"page","link":"https:\/\/www.jeannedarc-figeac.fr\/college-lycee\/le-cap-aaga\/","title":{"rendered":"Le CAP AAGA"},"content":{"rendered":"\n[et_pb_section fb_built=\u00a0\u00bb1&Prime; inner_shadow=\u00a0\u00bbon\u00a0\u00bb fullwidth=\u00a0\u00bbon\u00a0\u00bb _builder_version=\u00a0\u00bb4.16&Prime; background_color=\u00a0\u00bbrgba(255,255,255,0)\u00a0\u00bb background_image=\u00a0\u00bbhttp:\/\/www.jeannedarc-figeac.fr\/college-lycee\/wp-content\/uploads\/sites\/5\/2015\/02\/TitleCOLLEGE.png\u00a0\u00bb transparent_background=\u00a0\u00bbon\u00a0\u00bb global_colors_info=\u00a0\u00bb{}\u00a0\u00bb][et_pb_fullwidth_header title=\u00a0\u00bbLyc\u00e9e professionnel\u00a0\u00bb subhead=\u00a0\u00bbLe CAP AAGA\u00a0\u00bb content_max_width=\u00a0\u00bbnone\u00a0\u00bb admin_label=\u00a0\u00bbFullwidth Header\u00a0\u00bb _builder_version=\u00a0\u00bb4.27.4&Prime; background_color=\u00a0\u00bbrgba(255, 255, 255, 0)\u00a0\u00bb hover_enabled=\u00a0\u00bb0&Prime; global_colors_info=\u00a0\u00bb{}\u00a0\u00bb button_one_text_size__hover_enabled=\u00a0\u00bboff\u00a0\u00bb button_two_text_size__hover_enabled=\u00a0\u00bboff\u00a0\u00bb button_one_text_color__hover_enabled=\u00a0\u00bboff\u00a0\u00bb button_two_text_color__hover_enabled=\u00a0\u00bboff\u00a0\u00bb button_one_border_width__hover_enabled=\u00a0\u00bboff\u00a0\u00bb button_two_border_width__hover_enabled=\u00a0\u00bboff\u00a0\u00bb button_one_border_color__hover_enabled=\u00a0\u00bboff\u00a0\u00bb button_two_border_color__hover_enabled=\u00a0\u00bboff\u00a0\u00bb button_one_border_radius__hover_enabled=\u00a0\u00bboff\u00a0\u00bb button_two_border_radius__hover_enabled=\u00a0\u00bboff\u00a0\u00bb button_one_letter_spacing__hover_enabled=\u00a0\u00bboff\u00a0\u00bb button_two_letter_spacing__hover_enabled=\u00a0\u00bboff\u00a0\u00bb button_one_bg_color__hover_enabled=\u00a0\u00bboff\u00a0\u00bb button_two_bg_color__hover_enabled=\u00a0\u00bboff\u00a0\u00bb sticky_enabled=\u00a0\u00bb0&Prime;][\/et_pb_fullwidth_header][\/et_pb_section][et_pb_section fb_built=\u00a0\u00bb1&Prime; _builder_version=\u00a0\u00bb4.16&Prime; global_colors_info=\u00a0\u00bb{}\u00a0\u00bb][et_pb_row column_structure=\u00a0\u00bb1_4,3_4&Prime; _builder_version=\u00a0\u00bb4.16&Prime; background_size=\u00a0\u00bbinitial\u00a0\u00bb background_position=\u00a0\u00bbtop_left\u00a0\u00bb background_repeat=\u00a0\u00bbrepeat\u00a0\u00bb global_colors_info=\u00a0\u00bb{}\u00a0\u00bb][et_pb_column type=\u00a0\u00bb1_4&Prime; _builder_version=\u00a0\u00bb4.16&Prime; custom_padding=\u00a0\u00bb|||\u00a0\u00bb global_colors_info=\u00a0\u00bb{}\u00a0\u00bb custom_padding__hover=\u00a0\u00bb|||\u00a0\u00bb][et_pb_sidebar area=\u00a0\u00bbet_pb_widget_area_5&Prime; admin_label=\u00a0\u00bbSidebar\u00a0\u00bb _builder_version=\u00a0\u00bb4.16&Prime; min_height=\u00a0\u00bb315.6px\u00a0\u00bb custom_margin=\u00a0\u00bb||20px|||\u00a0\u00bb custom_padding=\u00a0\u00bb||11px|||\u00a0\u00bb global_colors_info=\u00a0\u00bb{}\u00a0\u00bb][\/et_pb_sidebar][et_pb_button button_url=\u00a0\u00bb@ET-DC@eyJkeW5hbWljIjp0cnVlLCJjb250ZW50IjoicG9zdF9saW5rX3VybF9wYWdlIiwic2V0dGluZ3MiOnsicG9zdF9pZCI6IjUxMzYifX0=@\u00a0\u00bb button_text=\u00a0\u00bbTaxe d&rsquo;apprentissage\u00a0\u00bb button_alignment=\u00a0\u00bbcenter\u00a0\u00bb _builder_version=\u00a0\u00bb4.21.0&Prime; _dynamic_attributes=\u00a0\u00bbbutton_url\u00a0\u00bb _module_preset=\u00a0\u00bbdefault\u00a0\u00bb custom_button=\u00a0\u00bbon\u00a0\u00bb button_text_size=\u00a0\u00bb16px\u00a0\u00bb button_text_color=\u00a0\u00bb#000000&Prime; button_bg_color=\u00a0\u00bb#7CDA24&Prime; button_border_width=\u00a0\u00bb1px\u00a0\u00bb button_border_radius=\u00a0\u00bb100px\u00a0\u00bb button_font=\u00a0\u00bbABeeZee||||||||\u00a0\u00bb button_use_icon=\u00a0\u00bboff\u00a0\u00bb box_shadow_style=\u00a0\u00bbpreset1&Prime; box_shadow_color=\u00a0\u00bb#7CDA24&Prime; global_colors_info=\u00a0\u00bb{}\u00a0\u00bb][\/et_pb_button][et_pb_button button_url=\u00a0\u00bb@ET-DC@eyJkeW5hbWljIjp0cnVlLCJjb250ZW50IjoicG9zdF9saW5rX3VybF9hdHRhY2htZW50Iiwic2V0dGluZ3MiOnsicG9zdF9pZCI6IjU5MjEifX0=@\u00a0\u00bb button_text=\u00a0\u00bbJourn\u00e9es D\u00e9couverte &#8211; 25 mars ou 8 avril\u00a0\u00bb button_alignment=\u00a0\u00bbcenter\u00a0\u00bb admin_label=\u00a0\u00bbBt_journee_decouverte\u00a0\u00bb _builder_version=\u00a0\u00bb4.27.4&Prime; _dynamic_attributes=\u00a0\u00bbbutton_url\u00a0\u00bb _module_preset=\u00a0\u00bbdefault\u00a0\u00bb custom_button=\u00a0\u00bbon\u00a0\u00bb button_text_size=\u00a0\u00bb17px\u00a0\u00bb button_border_radius=\u00a0\u00bb20px\u00a0\u00bb button_letter_spacing=\u00a0\u00bb1px\u00a0\u00bb global_colors_info=\u00a0\u00bb{}\u00a0\u00bb][\/et_pb_button][et_pb_button button_url=\u00a0\u00bb@ET-DC@eyJkeW5hbWljIjp0cnVlLCJjb250ZW50IjoicG9zdF9saW5rX3VybF9hdHRhY2htZW50Iiwic2V0dGluZ3MiOnsicG9zdF9pZCI6IjU5MjIifX0=@\u00a0\u00bb url_new_window=\u00a0\u00bbon\u00a0\u00bb button_text=\u00a0\u00bbLe CAP AAGA\u00a0\u00bb button_alignment=\u00a0\u00bbcenter\u00a0\u00bb admin_label=\u00a0\u00bbBt_brochure_AAGA\u00a0\u00bb _builder_version=\u00a0\u00bb4.27.4&Prime; _dynamic_attributes=\u00a0\u00bbbutton_url\u00a0\u00bb _module_preset=\u00a0\u00bbdefault\u00a0\u00bb custom_button=\u00a0\u00bbon\u00a0\u00bb button_border_radius=\u00a0\u00bb22px\u00a0\u00bb button_letter_spacing=\u00a0\u00bb1px\u00a0\u00bb global_colors_info=\u00a0\u00bb{}\u00a0\u00bb][\/et_pb_button][et_pb_button button_url=\u00a0\u00bb@ET-DC@eyJkeW5hbWljIjp0cnVlLCJjb250ZW50IjoicG9zdF9saW5rX3VybF9hdHRhY2htZW50Iiwic2V0dGluZ3MiOnsicG9zdF9pZCI6IjU5MjMifX0=@\u00a0\u00bb url_new_window=\u00a0\u00bbon\u00a0\u00bb button_text=\u00a0\u00bbPoursuites&#8230;\u00a0\u00bb button_alignment=\u00a0\u00bbcenter\u00a0\u00bb admin_label=\u00a0\u00bbBt_poursuites_AAGA\u00a0\u00bb _builder_version=\u00a0\u00bb4.27.4&Prime; _dynamic_attributes=\u00a0\u00bbbutton_url\u00a0\u00bb _module_preset=\u00a0\u00bbdefault\u00a0\u00bb custom_button=\u00a0\u00bbon\u00a0\u00bb button_border_radius=\u00a0\u00bb20px\u00a0\u00bb button_letter_spacing=\u00a0\u00bb1px\u00a0\u00bb global_colors_info=\u00a0\u00bb{}\u00a0\u00bb][\/et_pb_button][\/et_pb_column][et_pb_column type=\u00a0\u00bb3_4&Prime; _builder_version=\u00a0\u00bb4.16&Prime; custom_padding=\u00a0\u00bb|||\u00a0\u00bb global_colors_info=\u00a0\u00bb{}\u00a0\u00bb custom_padding__hover=\u00a0\u00bb|||\u00a0\u00bb][et_pb_text admin_label=\u00a0\u00bbText\u00a0\u00bb _builder_version=\u00a0\u00bb4.27.4&Prime; background_size=\u00a0\u00bbinitial\u00a0\u00bb background_position=\u00a0\u00bbtop_left\u00a0\u00bb background_repeat=\u00a0\u00bbrepeat\u00a0\u00bb global_colors_info=\u00a0\u00bb{}\u00a0\u00bb]<h2>Le CAP AAGA &#8211; Agent Accompagnant au Grand \u00c2ge<\/h2>\n&nbsp;\n\nLe Certificat d&rsquo;Aptitude Professionnelle (<strong><span style=\"color: #0c71c3;\">CAP<\/span><\/strong>) se pr\u00e9parent en <strong>2 ans apr\u00e8s la 3e<\/strong>, sous statut scolaire ou en apprentissage.\n\nEn fonction du profil et des besoins de l&rsquo;\u00e9l\u00e8ve, le dipl\u00f4me peut aussi se pr\u00e9parer en 1 ou 3 ans.\n\n&nbsp;\n\n<span style=\"color: #0c71c3;\"><strong>Une formation concr\u00e8te :<\/strong><\/span>\n\n\u00a0Ce CAP forme \u00e0 <span style=\"color: #0c71c3;\"><strong>accompagner des personnes \u00e2g\u00e9es dans les actes de la vie quotidienne au sein de structures sociales ou m\u00e9dico-sociales<\/strong> <\/span>(exemples : EHPAD, r\u00e9sidence autonomie, maison partag\u00e9e, &#8230;).\n<ul>\n<li>Les \u00e9l\u00e8ves apprennent \u00e0 assurer la <strong>mise en place et le service des repas<\/strong>, \u00e0 <strong>entretenir les espaces de vie collectifs<\/strong> et <strong>\u00e0 entretenir le linge<\/strong>. De m\u00eame, ils sont form\u00e9s \u00e0 l\u2019<strong>entretien de la sph\u00e8re priv\u00e9e des r\u00e9sidents<\/strong> (remise en ordre, nettoyage, gestion des d\u00e9chets, personnalisation de la chambre). Ils sont pr\u00e9par\u00e9s \u00e0 appliquer les r\u00e8gles\u00a0d\u2019hygi\u00e8ne et de s\u00e9curit\u00e9, et \u00e0 respecter les protocoles mis en place par les \u00e9tablissements.<\/li>\n<li>Les futurs professionnels acqui\u00e8rent \u00e9galement les comp\u00e9tences n\u00e9cessaires pour accompagner les personnes dans la <strong>r\u00e9alisation des actes de la vie quotidienne et sociale<\/strong>, en fonction de leurs capacit\u00e9s et de leur projet personnalis\u00e9. Ils apprennent notamment \u00e0 aider les personnes \u00e0 se d\u00e9placer, \u00e0 prendre leur repas, ou \u00e0 s\u2019habiller. Leurs connaissances des diff\u00e9rentes pathologies des personnes \u00e2g\u00e9es, les rendent capables de rep\u00e9rer et de transmettre des signes li\u00e9s \u00e0 des probl\u00e8mes de sant\u00e9 ou de douleur inhabituels, en fonction des proc\u00e9dures de l\u2019\u00e9tablissement. Enfin, ils sont pr\u00e9par\u00e9s \u00e0 adopter une attitude professionnelle adapt\u00e9e, dans le respect de l\u2019intimit\u00e9 des personnes et de leurs croyances.<\/li>\n<\/ul>\n&nbsp;\n\n<span style=\"color: #0c71c3;\"><strong>L&rsquo;organisation p\u00e9dagogique :<\/strong><\/span>\u00a0\n\nLe programme du <strong>CAP AAGA<\/strong> comprend des enseignements g\u00e9n\u00e9raux (fran\u00e7ais, math\u00e9matiques, langue vivante, &#8230;), des enseignements professionnels et des P\u00e9riodes de Formation en Milieu Professionnel (PFMP- ou stages en entreprise) obligatoires (14 semaines).\u00a0 Depuis la rentr\u00e9e 2023,\u00a0les PFMP sont gratifi\u00e9es d&rsquo;une allocation vers\u00e9e par l\u2019\u00c9tat.\n\n<span style=\"color: #0c71c3;\"><strong>D\u00e9bouch\u00e9s professionnels:<\/strong><\/span>\n\nLe ou la titulaire du CAP peut exercer dans les structures sociales ou m\u00e9dico-sociales accueillant des personnes \u00e2g\u00e9es.\n\n<span style=\"color: #0c71c3;\"><strong>Poursuites d&rsquo;\u00e9tudes :<\/strong><\/span>\n\nLe CAP d\u00e9bouche sur la vie active mais il est possible, sous certaines conditions, de poursuivre des \u00e9tudes en 1 an\u00a0 certificat de sp\u00e9cialisation (CS), en 2 ans en un baccalaur\u00e9at professionnel, ou d&rsquo;int\u00e9grer des formations pr\u00e9parant \u00e0 certains dipl\u00f4mes d&rsquo;\u00e9tat du secteur sanitaire et social.\n\n<span style=\"color: #0c71c3;\"><strong>Exemple(s) de formation(s) :<\/strong><\/span>\n<ul>\n<li>Dipl\u00f4me d&rsquo;Etat d&rsquo;Accompagnant Educatif et Social (AES).<\/li>\n<li>Certificat de sp\u00e9cialisation (CS) anciennement mention aide \u00e0 domicile .<\/li>\n<li>Baccalaur\u00e9at professionnel Accompagnement, Soins et Services \u00e0 la personne.<\/li>\n<\/ul>[\/et_pb_text][\/et_pb_column][\/et_pb_row][\/et_pb_section]\n","protected":false},"excerpt":{"rendered":"<p>Le CAP AAGA &#8211; Agent Accompagnant au Grand \u00c2ge &nbsp; Le Certificat d&rsquo;Aptitude Professionnelle (CAP) se pr\u00e9parent en 2 ans apr\u00e8s la 3e, sous statut scolaire ou en apprentissage. En fonction du profil et des besoins de l&rsquo;\u00e9l\u00e8ve, le dipl\u00f4me peut aussi se pr\u00e9parer en 1 ou 3 ans. &nbsp; Une formation concr\u00e8te : \u00a0Ce [&hellip;]<\/p>\n","protected":false},"author":1,"featured_media":0,"parent":0,"menu_order":0,"comment_status":"closed","ping_status":"closed","template":"","meta":{"_et_pb_use_builder":"on","_et_pb_old_content":"","_et_gb_content_width":"","iawp_total_views":205,"footnotes":""},"class_list":["post-567","page","type-page","status-publish","hentry"],"yoast_head":"<!-- This site is optimized with the Yoast SEO plugin v26.0 - https:\/\/yoast.com\/wordpress\/plugins\/seo\/ -->\n<title>Le CAP AAGA<\/title>\n<meta name=\"description\" content=\"Le CAP ATMSC. Le CAP Assistant Technique en Milieu Familial et Collectif est une formation pr\u00e9parant aux m\u00e9tiers d&#039;aide \u00e0 la personne...\" \/>\n<meta name=\"robots\" content=\"index, follow, max-snippet:-1, max-image-preview:large, max-video-preview:-1\" \/>\n<link rel=\"canonical\" href=\"http:\/\/www.jeannedarc-figeac.fr\/college-lycee\/le-cap-aaga\/\" \/>\n<meta property=\"og:locale\" content=\"fr_FR\" \/>\n<meta property=\"og:type\" content=\"article\" \/>\n<meta property=\"og:title\" content=\"Le CAP AAGA\" \/>\n<meta property=\"og:description\" content=\"Le CAP ATMSC. Le CAP Assistant Technique en Milieu Familial et Collectif est une formation pr\u00e9parant aux m\u00e9tiers d&#039;aide \u00e0 la personne...\" \/>\n<meta property=\"og:url\" content=\"http:\/\/www.jeannedarc-figeac.fr\/college-lycee\/le-cap-aaga\/\" \/>\n<meta property=\"og:site_name\" content=\"Coll\u00e8ge et Lyc\u00e9e Jeanne d&#039;Arc\" \/>\n<meta property=\"article:modified_time\" content=\"2025-03-27T13:41:09+00:00\" \/>\n<script type=\"application\/ld+json\" class=\"yoast-schema-graph\">{\"@context\":\"https:\/\/schema.org\",\"@graph\":[{\"@type\":\"WebPage\",\"@id\":\"http:\/\/www.jeannedarc-figeac.fr\/college-lycee\/le-cap-aaga\/\",\"url\":\"http:\/\/www.jeannedarc-figeac.fr\/college-lycee\/le-cap-aaga\/\",\"name\":\"Le CAP AAGA\",\"isPartOf\":{\"@id\":\"https:\/\/www.jeannedarc-figeac.fr\/college-lycee\/#website\"},\"datePublished\":\"2015-01-22T21:34:17+00:00\",\"dateModified\":\"2025-03-27T13:41:09+00:00\",\"description\":\"Le CAP ATMSC. Le CAP Assistant Technique en Milieu Familial et Collectif est une formation pr\u00e9parant aux m\u00e9tiers d'aide \u00e0 la personne...\",\"breadcrumb\":{\"@id\":\"http:\/\/www.jeannedarc-figeac.fr\/college-lycee\/le-cap-aaga\/#breadcrumb\"},\"inLanguage\":\"fr-FR\",\"potentialAction\":[{\"@type\":\"ReadAction\",\"target\":[\"http:\/\/www.jeannedarc-figeac.fr\/college-lycee\/le-cap-aaga\/\"]}]},{\"@type\":\"BreadcrumbList\",\"@id\":\"http:\/\/www.jeannedarc-figeac.fr\/college-lycee\/le-cap-aaga\/#breadcrumb\",\"itemListElement\":[{\"@type\":\"ListItem\",\"position\":1,\"name\":\"Accueil\",\"item\":\"https:\/\/www.jeannedarc-figeac.fr\/college-lycee\/\"},{\"@type\":\"ListItem\",\"position\":2,\"name\":\"Le CAP AAGA\"}]},{\"@type\":\"WebSite\",\"@id\":\"https:\/\/www.jeannedarc-figeac.fr\/college-lycee\/#website\",\"url\":\"https:\/\/www.jeannedarc-figeac.fr\/college-lycee\/\",\"name\":\"Coll\u00e8ge et Lyc\u00e9e Jeanne d&#039;Arc\",\"description\":\"Jeanne d&#039;Arc Figeac\",\"potentialAction\":[{\"@type\":\"SearchAction\",\"target\":{\"@type\":\"EntryPoint\",\"urlTemplate\":\"https:\/\/www.jeannedarc-figeac.fr\/college-lycee\/?s={search_term_string}\"},\"query-input\":{\"@type\":\"PropertyValueSpecification\",\"valueRequired\":true,\"valueName\":\"search_term_string\"}}],\"inLanguage\":\"fr-FR\"}]}<\/script>\n<!-- \/ Yoast SEO plugin. -->","yoast_head_json":{"title":"Le CAP AAGA","description":"Le CAP ATMSC. Le CAP Assistant Technique en Milieu Familial et Collectif est une formation pr\u00e9parant aux m\u00e9tiers d'aide \u00e0 la personne...","robots":{"index":"index","follow":"follow","max-snippet":"max-snippet:-1","max-image-preview":"max-image-preview:large","max-video-preview":"max-video-preview:-1"},"canonical":"http:\/\/www.jeannedarc-figeac.fr\/college-lycee\/le-cap-aaga\/","og_locale":"fr_FR","og_type":"article","og_title":"Le CAP AAGA","og_description":"Le CAP ATMSC. Le CAP Assistant Technique en Milieu Familial et Collectif est une formation pr\u00e9parant aux m\u00e9tiers d'aide \u00e0 la personne...","og_url":"http:\/\/www.jeannedarc-figeac.fr\/college-lycee\/le-cap-aaga\/","og_site_name":"Coll\u00e8ge et Lyc\u00e9e Jeanne d&#039;Arc","article_modified_time":"2025-03-27T13:41:09+00:00","schema":{"@context":"https:\/\/schema.org","@graph":[{"@type":"WebPage","@id":"http:\/\/www.jeannedarc-figeac.fr\/college-lycee\/le-cap-aaga\/","url":"http:\/\/www.jeannedarc-figeac.fr\/college-lycee\/le-cap-aaga\/","name":"Le CAP AAGA","isPartOf":{"@id":"https:\/\/www.jeannedarc-figeac.fr\/college-lycee\/#website"},"datePublished":"2015-01-22T21:34:17+00:00","dateModified":"2025-03-27T13:41:09+00:00","description":"Le CAP ATMSC. Le CAP Assistant Technique en Milieu Familial et Collectif est une formation pr\u00e9parant aux m\u00e9tiers d'aide \u00e0 la personne...","breadcrumb":{"@id":"http:\/\/www.jeannedarc-figeac.fr\/college-lycee\/le-cap-aaga\/#breadcrumb"},"inLanguage":"fr-FR","potentialAction":[{"@type":"ReadAction","target":["http:\/\/www.jeannedarc-figeac.fr\/college-lycee\/le-cap-aaga\/"]}]},{"@type":"BreadcrumbList","@id":"http:\/\/www.jeannedarc-figeac.fr\/college-lycee\/le-cap-aaga\/#breadcrumb","itemListElement":[{"@type":"ListItem","position":1,"name":"Accueil","item":"https:\/\/www.jeannedarc-figeac.fr\/college-lycee\/"},{"@type":"ListItem","position":2,"name":"Le CAP AAGA"}]},{"@type":"WebSite","@id":"https:\/\/www.jeannedarc-figeac.fr\/college-lycee\/#website","url":"https:\/\/www.jeannedarc-figeac.fr\/college-lycee\/","name":"Coll\u00e8ge et Lyc\u00e9e Jeanne d&#039;Arc","description":"Jeanne d&#039;Arc Figeac","potentialAction":[{"@type":"SearchAction","target":{"@type":"EntryPoint","urlTemplate":"https:\/\/www.jeannedarc-figeac.fr\/college-lycee\/?s={search_term_string}"},"query-input":{"@type":"PropertyValueSpecification","valueRequired":true,"valueName":"search_term_string"}}],"inLanguage":"fr-FR"}]}},"jetpack_sharing_enabled":true,"jetpack_shortlink":"https:\/\/wp.me\/P5Qyb6-99","_links":{"self":[{"href":"https:\/\/www.jeannedarc-figeac.fr\/college-lycee\/wp-json\/wp\/v2\/pages\/567","targetHints":{"allow":["GET"]}}],"collection":[{"href":"https:\/\/www.jeannedarc-figeac.fr\/college-lycee\/wp-json\/wp\/v2\/pages"}],"about":[{"href":"https:\/\/www.jeannedarc-figeac.fr\/college-lycee\/wp-json\/wp\/v2\/types\/page"}],"author":[{"embeddable":true,"href":"https:\/\/www.jeannedarc-figeac.fr\/college-lycee\/wp-json\/wp\/v2\/users\/1"}],"replies":[{"embeddable":true,"href":"https:\/\/www.jeannedarc-figeac.fr\/college-lycee\/wp-json\/wp\/v2\/comments?post=567"}],"version-history":[{"count":58,"href":"https:\/\/www.jeannedarc-figeac.fr\/college-lycee\/wp-json\/wp\/v2\/pages\/567\/revisions"}],"predecessor-version":[{"id":6068,"href":"https:\/\/www.jeannedarc-figeac.fr\/college-lycee\/wp-json\/wp\/v2\/pages\/567\/revisions\/6068"}],"wp:attachment":[{"href":"https:\/\/www.jeannedarc-figeac.fr\/college-lycee\/wp-json\/wp\/v2\/media?parent=567"}],"curies":[{"name":"wp","href":"https:\/\/api.w.org\/{rel}","templated":true}]}}