{"id":553,"date":"2015-01-22T21:24:04","date_gmt":"2015-01-22T21:24:04","guid":{"rendered":"http:\/\/www.jeannedarc-figeac.fr\/college-lycee\/?page_id=553"},"modified":"2020-05-06T10:43:09","modified_gmt":"2020-05-06T10:43:09","slug":"bafa","status":"publish","type":"page","link":"https:\/\/www.jeannedarc-figeac.fr\/college-lycee\/bafa\/","title":{"rendered":"Le BAFA"},"content":{"rendered":"<p>[et_pb_section fullwidth=\u00a0\u00bbon\u00a0\u00bb specialty=\u00a0\u00bboff\u00a0\u00bb transparent_background=\u00a0\u00bbon\u00a0\u00bb background_color=\u00a0\u00bb#c37cc6&Prime; inner_shadow=\u00a0\u00bbon\u00a0\u00bb parallax=\u00a0\u00bboff\u00a0\u00bb parallax_method=\u00a0\u00bboff\u00a0\u00bb background_image=\u00a0\u00bbhttp:\/\/www.jeannedarc-figeac.fr\/college-lycee\/wp-content\/uploads\/sites\/5\/2015\/02\/TitleCOLLEGE.png\u00a0\u00bb allow_player_pause=\u00a0\u00bboff\u00a0\u00bb][et_pb_fullwidth_header admin_label=\u00a0\u00bbFullwidth Header\u00a0\u00bb title=\u00a0\u00bbLyc\u00e9e g\u00e9n\u00e9ral et technologique\u00a0\u00bb background_layout=\u00a0\u00bbdark\u00a0\u00bb text_orientation=\u00a0\u00bbleft\u00a0\u00bb subhead=\u00a0\u00bbLe BAFA\u00a0\u00bb \/][\/et_pb_section][et_pb_section][et_pb_row][et_pb_column type=\u00a0\u00bb1_4&Prime;][et_pb_sidebar admin_label=\u00a0\u00bbSidebar\u00a0\u00bb orientation=\u00a0\u00bbleft\u00a0\u00bb area=\u00a0\u00bbet_pb_widget_area_6&Prime; background_layout=\u00a0\u00bblight\u00a0\u00bb \/][\/et_pb_column][et_pb_column type=\u00a0\u00bb3_4&Prime;][et_pb_text admin_label=\u00a0\u00bbTexte\u00a0\u00bb background_layout=\u00a0\u00bblight\u00a0\u00bb text_orientation=\u00a0\u00bbleft\u00a0\u00bb]<\/p>\n<h2><span style=\"color: #3366ff;\">Pr\u00e9parer le BAFA<\/span><\/h2>\n<p>Les jeunes \u00e2g\u00e9s de 17 ans peuvent pr\u00e9parer le Bafa. Des stages sont organis\u00e9s dans l&rsquo;\u00e9tablissement.<\/p>\n<p><a title=\"Fiche BAFA\" href=\"https:\/\/wp.me\/a5Qyb6-Rt\" target=\"_blank\" rel=\"noopener\">&gt;T\u00e9l\u00e9charger la fiche [.pdf]&lt;<\/a><\/p>\n<p>[\/et_pb_text][\/et_pb_column][\/et_pb_row][\/et_pb_section]<\/p>\n","protected":false},"excerpt":{"rendered":"<div class=\"et_pb_section et_pb_section_0 et_section_regular\" ><\/div>\n<div class=\"et_pb_row et_pb_row_0 et_pb_row_empty\"><\/div>\n<p> Pr\u00e9parer le BAFA Les jeunes \u00e2g\u00e9s de 17 ans peuvent pr\u00e9parer le Bafa. Des stages sont organis\u00e9s dans l&rsquo;\u00e9tablissement. &gt;T\u00e9l\u00e9charger la fiche [.pdf]&lt;<\/p>\n","protected":false},"author":1,"featured_media":0,"parent":0,"menu_order":0,"comment_status":"closed","ping_status":"open","template":"","meta":{"_et_pb_use_builder":"on","_et_pb_old_content":"","_et_gb_content_width":"","iawp_total_views":93,"footnotes":""},"class_list":["post-553","page","type-page","status-publish","hentry"],"yoast_head":"<!-- This site is optimized with the Yoast SEO plugin v26.0 - https:\/\/yoast.com\/wordpress\/plugins\/seo\/ -->\n<title>Le BAFA<\/title>\n<meta name=\"description\" content=\"La BAFA : Les jeunes \u00e2g\u00e9s de 17 ans peuvent pr\u00e9parer le Bafa. Des stages sont organis\u00e9s dans l&#039;\u00e9tablissement...\" \/>\n<meta name=\"robots\" content=\"index, follow, max-snippet:-1, max-image-preview:large, max-video-preview:-1\" \/>\n<link rel=\"canonical\" href=\"https:\/\/www.jeannedarc-figeac.fr\/college-lycee\/bafa\/\" \/>\n<meta property=\"og:locale\" content=\"fr_FR\" \/>\n<meta property=\"og:type\" content=\"article\" \/>\n<meta property=\"og:title\" content=\"Le BAFA\" \/>\n<meta property=\"og:description\" content=\"La BAFA : Les jeunes \u00e2g\u00e9s de 17 ans peuvent pr\u00e9parer le Bafa. Des stages sont organis\u00e9s dans l&#039;\u00e9tablissement...\" \/>\n<meta property=\"og:url\" content=\"https:\/\/www.jeannedarc-figeac.fr\/college-lycee\/bafa\/\" \/>\n<meta property=\"og:site_name\" content=\"Coll\u00e8ge et Lyc\u00e9e Jeanne d&#039;Arc\" \/>\n<meta property=\"article:modified_time\" content=\"2020-05-06T10:43:09+00:00\" \/>\n<script type=\"application\/ld+json\" class=\"yoast-schema-graph\">{\"@context\":\"https:\/\/schema.org\",\"@graph\":[{\"@type\":\"WebPage\",\"@id\":\"https:\/\/www.jeannedarc-figeac.fr\/college-lycee\/bafa\/\",\"url\":\"https:\/\/www.jeannedarc-figeac.fr\/college-lycee\/bafa\/\",\"name\":\"Le BAFA\",\"isPartOf\":{\"@id\":\"https:\/\/www.jeannedarc-figeac.fr\/college-lycee\/#website\"},\"datePublished\":\"2015-01-22T21:24:04+00:00\",\"dateModified\":\"2020-05-06T10:43:09+00:00\",\"description\":\"La BAFA : Les jeunes \u00e2g\u00e9s de 17 ans peuvent pr\u00e9parer le Bafa. Des stages sont organis\u00e9s dans l'\u00e9tablissement...\",\"breadcrumb\":{\"@id\":\"https:\/\/www.jeannedarc-figeac.fr\/college-lycee\/bafa\/#breadcrumb\"},\"inLanguage\":\"fr-FR\",\"potentialAction\":[{\"@type\":\"ReadAction\",\"target\":[\"https:\/\/www.jeannedarc-figeac.fr\/college-lycee\/bafa\/\"]}]},{\"@type\":\"BreadcrumbList\",\"@id\":\"https:\/\/www.jeannedarc-figeac.fr\/college-lycee\/bafa\/#breadcrumb\",\"itemListElement\":[{\"@type\":\"ListItem\",\"position\":1,\"name\":\"Accueil\",\"item\":\"https:\/\/www.jeannedarc-figeac.fr\/college-lycee\/\"},{\"@type\":\"ListItem\",\"position\":2,\"name\":\"Le BAFA\"}]},{\"@type\":\"WebSite\",\"@id\":\"https:\/\/www.jeannedarc-figeac.fr\/college-lycee\/#website\",\"url\":\"https:\/\/www.jeannedarc-figeac.fr\/college-lycee\/\",\"name\":\"Coll\u00e8ge et Lyc\u00e9e Jeanne d&#039;Arc\",\"description\":\"Jeanne d&#039;Arc Figeac\",\"potentialAction\":[{\"@type\":\"SearchAction\",\"target\":{\"@type\":\"EntryPoint\",\"urlTemplate\":\"https:\/\/www.jeannedarc-figeac.fr\/college-lycee\/?s={search_term_string}\"},\"query-input\":{\"@type\":\"PropertyValueSpecification\",\"valueRequired\":true,\"valueName\":\"search_term_string\"}}],\"inLanguage\":\"fr-FR\"}]}<\/script>\n<!-- \/ Yoast SEO plugin. -->","yoast_head_json":{"title":"Le BAFA","description":"La BAFA : Les jeunes \u00e2g\u00e9s de 17 ans peuvent pr\u00e9parer le Bafa. Des stages sont organis\u00e9s dans l'\u00e9tablissement...","robots":{"index":"index","follow":"follow","max-snippet":"max-snippet:-1","max-image-preview":"max-image-preview:large","max-video-preview":"max-video-preview:-1"},"canonical":"https:\/\/www.jeannedarc-figeac.fr\/college-lycee\/bafa\/","og_locale":"fr_FR","og_type":"article","og_title":"Le BAFA","og_description":"La BAFA : Les jeunes \u00e2g\u00e9s de 17 ans peuvent pr\u00e9parer le Bafa. Des stages sont organis\u00e9s dans l'\u00e9tablissement...","og_url":"https:\/\/www.jeannedarc-figeac.fr\/college-lycee\/bafa\/","og_site_name":"Coll\u00e8ge et Lyc\u00e9e Jeanne d&#039;Arc","article_modified_time":"2020-05-06T10:43:09+00:00","schema":{"@context":"https:\/\/schema.org","@graph":[{"@type":"WebPage","@id":"https:\/\/www.jeannedarc-figeac.fr\/college-lycee\/bafa\/","url":"https:\/\/www.jeannedarc-figeac.fr\/college-lycee\/bafa\/","name":"Le BAFA","isPartOf":{"@id":"https:\/\/www.jeannedarc-figeac.fr\/college-lycee\/#website"},"datePublished":"2015-01-22T21:24:04+00:00","dateModified":"2020-05-06T10:43:09+00:00","description":"La BAFA : Les jeunes \u00e2g\u00e9s de 17 ans peuvent pr\u00e9parer le Bafa. Des stages sont organis\u00e9s dans l'\u00e9tablissement...","breadcrumb":{"@id":"https:\/\/www.jeannedarc-figeac.fr\/college-lycee\/bafa\/#breadcrumb"},"inLanguage":"fr-FR","potentialAction":[{"@type":"ReadAction","target":["https:\/\/www.jeannedarc-figeac.fr\/college-lycee\/bafa\/"]}]},{"@type":"BreadcrumbList","@id":"https:\/\/www.jeannedarc-figeac.fr\/college-lycee\/bafa\/#breadcrumb","itemListElement":[{"@type":"ListItem","position":1,"name":"Accueil","item":"https:\/\/www.jeannedarc-figeac.fr\/college-lycee\/"},{"@type":"ListItem","position":2,"name":"Le BAFA"}]},{"@type":"WebSite","@id":"https:\/\/www.jeannedarc-figeac.fr\/college-lycee\/#website","url":"https:\/\/www.jeannedarc-figeac.fr\/college-lycee\/","name":"Coll\u00e8ge et Lyc\u00e9e Jeanne d&#039;Arc","description":"Jeanne d&#039;Arc Figeac","potentialAction":[{"@type":"SearchAction","target":{"@type":"EntryPoint","urlTemplate":"https:\/\/www.jeannedarc-figeac.fr\/college-lycee\/?s={search_term_string}"},"query-input":{"@type":"PropertyValueSpecification","valueRequired":true,"valueName":"search_term_string"}}],"inLanguage":"fr-FR"}]}},"jetpack_sharing_enabled":true,"jetpack_shortlink":"https:\/\/wp.me\/P5Qyb6-8V","_links":{"self":[{"href":"https:\/\/www.jeannedarc-figeac.fr\/college-lycee\/wp-json\/wp\/v2\/pages\/553","targetHints":{"allow":["GET"]}}],"collection":[{"href":"https:\/\/www.jeannedarc-figeac.fr\/college-lycee\/wp-json\/wp\/v2\/pages"}],"about":[{"href":"https:\/\/www.jeannedarc-figeac.fr\/college-lycee\/wp-json\/wp\/v2\/types\/page"}],"author":[{"embeddable":true,"href":"https:\/\/www.jeannedarc-figeac.fr\/college-lycee\/wp-json\/wp\/v2\/users\/1"}],"replies":[{"embeddable":true,"href":"https:\/\/www.jeannedarc-figeac.fr\/college-lycee\/wp-json\/wp\/v2\/comments?post=553"}],"version-history":[{"count":8,"href":"https:\/\/www.jeannedarc-figeac.fr\/college-lycee\/wp-json\/wp\/v2\/pages\/553\/revisions"}],"predecessor-version":[{"id":3318,"href":"https:\/\/www.jeannedarc-figeac.fr\/college-lycee\/wp-json\/wp\/v2\/pages\/553\/revisions\/3318"}],"wp:attachment":[{"href":"https:\/\/www.jeannedarc-figeac.fr\/college-lycee\/wp-json\/wp\/v2\/media?parent=553"}],"curies":[{"name":"wp","href":"https:\/\/api.w.org\/{rel}","templated":true}]}}

<p>[et_pb_section fullwidth= »on » specialty= »off » transparent_background= »on » background_color= »#c37cc6&Prime; inner_shadow= »on » parallax= »off » parallax_method= »off » background_image= »http://www.jeannedarc-figeac.fr/college-lycee/wp-content/uploads/sites/5/2015/02/TitleCOLLEGE.png » allow_player_pause= »off »][et_pb_fullwidth_header admin_label= »Fullwidth Header » title= »Lycée général et technologique » background_layout= »dark » text_orientation= »left » subhead= »Le BAFA » /][/et_pb_section][et_pb_section][et_pb_row][et_pb_column type= »1_4&Prime;][et_pb_sidebar admin_label= »Sidebar » orientation= »left » area= »et_pb_widget_area_6&Prime; background_layout= »light » /][/et_pb_column][et_pb_column type= »3_4&Prime;][et_pb_text admin_label= »Texte » background_layout= »light » text_orientation= »left »]</p>
<h2><span style="color: #3366ff;">Préparer le BAFA</span></h2>
<p>Les jeunes âgés de 17 ans peuvent préparer le Bafa. Des stages sont organisés dans l&rsquo;établissement.</p>
<p><a title="Fiche BAFA" href="https://wp.me/a5Qyb6-Rt" target="_blank" rel="noopener">&gt;Télécharger la fiche [.pdf]&lt;</a></p>
<p>[/et_pb_text][/et_pb_column][/et_pb_row][/et_pb_section]</p>

<div class="et_pb_section et_pb_section_0 et_section_regular" ></div>
<div class="et_pb_row et_pb_row_0 et_pb_row_empty"></div>
<p> Préparer le BAFA Les jeunes âgés de 17 ans peuvent préparer le Bafa. Des stages sont organisés dans l&rsquo;établissement. &gt;Télécharger la fiche [.pdf]&lt;</p>

<!-- This site is optimized with the Yoast SEO plugin v26.0 - https://yoast.com/wordpress/plugins/seo/ -->
<title>Le BAFA</title>
<meta name="description" content="La BAFA : Les jeunes âgés de 17 ans peuvent préparer le Bafa. Des stages sont organisés dans l&#039;établissement..." />
<meta name="robots" content="index, follow, max-snippet:-1, max-image-preview:large, max-video-preview:-1" />
<link rel="canonical" href="https://www.jeannedarc-figeac.fr/college-lycee/bafa/" />
<meta property="og:locale" content="fr_FR" />
<meta property="og:type" content="article" />
<meta property="og:title" content="Le BAFA" />
<meta property="og:description" content="La BAFA : Les jeunes âgés de 17 ans peuvent préparer le Bafa. Des stages sont organisés dans l&#039;établissement..." />
<meta property="og:url" content="https://www.jeannedarc-figeac.fr/college-lycee/bafa/" />
<meta property="og:site_name" content="Collège et Lycée Jeanne d&#039;Arc" />
<meta property="article:modified_time" content="2020-05-06T10:43:09+00:00" />
<script type="application/ld+json" class="yoast-schema-graph">{"@context":"https://schema.org","@graph":[{"@type":"WebPage","@id":"https://www.jeannedarc-figeac.fr/college-lycee/bafa/","url":"https://www.jeannedarc-figeac.fr/college-lycee/bafa/","name":"Le BAFA","isPartOf":{"@id":"https://www.jeannedarc-figeac.fr/college-lycee/#website"},"datePublished":"2015-01-22T21:24:04+00:00","dateModified":"2020-05-06T10:43:09+00:00","description":"La BAFA : Les jeunes âgés de 17 ans peuvent préparer le Bafa. Des stages sont organisés dans l'établissement...","breadcrumb":{"@id":"https://www.jeannedarc-figeac.fr/college-lycee/bafa/#breadcrumb"},"inLanguage":"fr-FR","potentialAction":[{"@type":"ReadAction","target":["https://www.jeannedarc-figeac.fr/college-lycee/bafa/"]}]},{"@type":"BreadcrumbList","@id":"https://www.jeannedarc-figeac.fr/college-lycee/bafa/#breadcrumb","itemListElement":[{"@type":"ListItem","position":1,"name":"Accueil","item":"https://www.jeannedarc-figeac.fr/college-lycee/"},{"@type":"ListItem","position":2,"name":"Le BAFA"}]},{"@type":"WebSite","@id":"https://www.jeannedarc-figeac.fr/college-lycee/#website","url":"https://www.jeannedarc-figeac.fr/college-lycee/","name":"Collège et Lycée Jeanne d&#039;Arc","description":"Jeanne d&#039;Arc Figeac","potentialAction":[{"@type":"SearchAction","target":{"@type":"EntryPoint","urlTemplate":"https://www.jeannedarc-figeac.fr/college-lycee/?s={search_term_string}"},"query-input":{"@type":"PropertyValueSpecification","valueRequired":true,"valueName":"search_term_string"}}],"inLanguage":"fr-FR"}]}</script>
<!-- / Yoast SEO plugin. -->

La BAFA : Les jeunes âgés de 17 ans peuvent préparer le Bafa. Des stages sont organisés dans l'établissement...

Collège et Lycée Jeanne d&#039;Arc
