{"id":538,"date":"2015-01-22T21:11:27","date_gmt":"2015-01-22T21:11:27","guid":{"rendered":"http:\/\/www.jeannedarc-figeac.fr\/college-lycee\/?page_id=538"},"modified":"2020-05-06T10:56:31","modified_gmt":"2020-05-06T10:56:31","slug":"bac-st2s","status":"publish","type":"page","link":"https:\/\/www.jeannedarc-figeac.fr\/college-lycee\/bac-st2s\/","title":{"rendered":"BAC ST2S"},"content":{"rendered":"<p>[et_pb_section fullwidth=\u00a0\u00bbon\u00a0\u00bb specialty=\u00a0\u00bboff\u00a0\u00bb transparent_background=\u00a0\u00bbon\u00a0\u00bb background_color=\u00a0\u00bb#c37cc6&Prime; inner_shadow=\u00a0\u00bbon\u00a0\u00bb parallax=\u00a0\u00bboff\u00a0\u00bb parallax_method=\u00a0\u00bboff\u00a0\u00bb background_image=\u00a0\u00bbhttp:\/\/www.jeannedarc-figeac.fr\/college-lycee\/wp-content\/uploads\/sites\/5\/2015\/02\/TitleCOLLEGE.png\u00a0\u00bb allow_player_pause=\u00a0\u00bboff\u00a0\u00bb][et_pb_fullwidth_header admin_label=\u00a0\u00bbFullwidth Header\u00a0\u00bb title=\u00a0\u00bbLyc\u00e9e g\u00e9n\u00e9ral et technologique\u00a0\u00bb background_layout=\u00a0\u00bbdark\u00a0\u00bb text_orientation=\u00a0\u00bbleft\u00a0\u00bb subhead=\u00a0\u00bbVoie technologique (ancien BAC ST2S)\u00a0\u00bb \/][\/et_pb_section][et_pb_section][et_pb_row][et_pb_column type=\u00a0\u00bb1_4&Prime;][et_pb_sidebar admin_label=\u00a0\u00bbSidebar\u00a0\u00bb orientation=\u00a0\u00bbleft\u00a0\u00bb area=\u00a0\u00bbet_pb_widget_area_6&Prime; background_layout=\u00a0\u00bblight\u00a0\u00bb \/][\/et_pb_column][et_pb_column type=\u00a0\u00bb3_4&Prime;][et_pb_text admin_label=\u00a0\u00bbText\u00a0\u00bb background_layout=\u00a0\u00bblight\u00a0\u00bb text_orientation=\u00a0\u00bbleft\u00a0\u00bb]<\/p>\n<p>Le <span style=\"color: #0000ff;\"><strong>bac ST2S<\/strong><\/span> (Sciences et Technologies de la Sant\u00e9 et du Social) s\u2019adresse \u00e0 des jeunes qui souhaitent s&rsquo;ins\u00e9rer dans les secteurs du social et du param\u00e9dical et qui sont int\u00e9ress\u00e9s par les relations humaines.<\/p>\n<p><strong>Qualit\u00e9s personnelles requises\u00a0: <\/strong><\/p>\n<ul>\n<li>Autonomie,<\/li>\n<li>Maturit\u00e9,<\/li>\n<li>Esprit d\u2019initiative,<\/li>\n<li>Sens du contact,<\/li>\n<li>Aptitude \u00e0 communiquer et \u00e0 travailler en \u00e9quipe.<\/li>\n<\/ul>\n<p>Sciences et techniques sanitaires et sociales, biologie et physiopathologie, sciences physiques et chimiques sont les 3 enseignements de sp\u00e9cialit\u00e9s \u00e9tudi\u00e9s.<\/p>\n<p>Les <strong>sciences et techniques sanitaires et sociales<\/strong> (enseignement primordial dans l\u2019emploi du temps) abordent l\u2019\u00e9tat de sant\u00e9 et le bien-\u00eatre social d\u2019une population, les politiques sociales et de sant\u00e9 publique, les dispositifs et institutions sanitaires et sociaux, les m\u00e9thodologies appliqu\u00e9es aux secteurs sanitaire et social.<\/p>\n<p>La <strong>biologie physiopathologie humaines<\/strong> permet aux \u00e9l\u00e8ves d\u2019\u00e9tudier l\u2019organisation et les grandes fonctions de l\u2019\u00eatre humain, les maladies, leur pr\u00e9vention et leur traitement<strong>.<\/strong><\/p>\n<p>Enfin, la <strong>physique-chimie pour la sant\u00e9<\/strong> permet aux \u00e9l\u00e8ves d\u2019\u00e9tudier une vari\u00e9t\u00e9 de ph\u00e9nom\u00e8nes : la s\u00e9curit\u00e9 chimique et \u00e9lectrique dans l\u2019habitat, la s\u00e9curit\u00e9 routi\u00e8re, les ondes sonores dans le processus de l\u2019audition, la propagation de la lumi\u00e8re dans le processus de la vision, la pression sanguine\u2026<\/p>\n<p>La formation comporte aussi des <strong>mati\u00e8res g\u00e9n\u00e9rales<\/strong>\u00a0: fran\u00e7ais, histoire-g\u00e9ographie, math\u00e9matiques, langues vivantes, \u00e9ducation physique et sportive, etc.<\/p>\n<h2><span style=\"color: #0000ff;\">Les PLUS<\/span> du bac ST2S au Lyc\u00e9e Jeanne d\u2019Arc\u00a0:<\/h2>\n<p><strong>Pr\u00e9paration au B.A.F.A.\u00a0:<\/strong> les \u00e9l\u00e8ves qui le souhaitent peuvent suivre, dans le cadre de leur scolarit\u00e9 une session de pr\u00e9paration au B.A.F.A., dipl\u00f4me particuli\u00e8rement recommand\u00e9 pour ceux qui envisagent une formation d\u2019\u00e9ducateur ou d\u2019animateur.<\/p>\n<p><strong>D\u00e9couverte du milieu professionnel\u00a0:<\/strong> durant l\u2019ann\u00e9e de 1<sup>re<\/sup>, chaque \u00e9l\u00e8ve effectue un stage dans une structure du domaine sanitaire ou social. Les \u00e9l\u00e8ves qui le souhaitent peuvent effectuer ce stage dans un centre de soins au <strong>S\u00e9n\u00e9gal<\/strong>.<\/p>\n<h2><span style=\"color: #0000ff;\"><strong>Et apr\u00e8s\u2026<\/strong><\/span><\/h2>\n<p>Une fois le Bac ST2S obtenu, de multiples portes s\u2019ouvrent aux \u00e9l\u00e8ves. En premier lieu, les <strong>BTS sp\u00e9cialis\u00e9s dans le social et le param\u00e9dical<\/strong>. Le BTS ESF (\u00e9conomie sociale et familiale), le BTS SP3S (services et prestations des secteurs sanitaire et social) est aussi tr\u00e8s pris\u00e9. Les BTS dans la cosm\u00e9tique sont aussi accessibles, ainsi que le <strong>DUT Carri\u00e8res Sociales.<\/strong><\/p>\n<p>Autre voie tr\u00e8s suivie apr\u00e8s un bac ST2S, les <strong>\u00e9coles param\u00e9dicales ou sociales<\/strong>. Elles permettent de se sp\u00e9cialiser dans des domaines de la sant\u00e9 ou du social tels que la pu\u00e9riculture, les m\u00e9tiers d\u2019infirmier, de p\u00e9dicure-podologue, psychomotricien, audioproth\u00e9siste, technicien en analyses biom\u00e9dicales, manipulateur en \u00e9lectroradiologie m\u00e9dicale, auxiliaire de pu\u00e9riculture, d\u2019\u00e9ducateur sp\u00e9cialis\u00e9, d\u2019\u00e9ducateur de jeunes enfants, d\u2019assistant des services sociaux\u2026.<\/p>\n<p>Des d\u00e9bouch\u00e9s vers les m\u00e9tiers du sport et notamment du sport adapt\u00e9 sont \u00e9galement envisageables.<\/p>\n<p>25% des bacheliers ST2S optent pour l\u2019universit\u00e9, majoritairement en <strong>licence de psychologie<\/strong> ou en <strong>licence mention Sciences Sanitaires et Sociales<\/strong>.<\/p>\n<p>[\/et_pb_text][\/et_pb_column][\/et_pb_row][\/et_pb_section]<\/p>\n","protected":false},"excerpt":{"rendered":"<div class=\"et_pb_section et_pb_section_0 et_section_regular\" ><\/div>\n<div class=\"et_pb_row et_pb_row_0 et_pb_row_empty\"><\/div>\n<p> Le bac ST2S (Sciences et Technologies de la Sant\u00e9 et du Social) s\u2019adresse \u00e0 des jeunes qui souhaitent s&rsquo;ins\u00e9rer dans les secteurs du social et du param\u00e9dical et qui sont int\u00e9ress\u00e9s par les relations humaines. Qualit\u00e9s personnelles requises\u00a0: Autonomie, Maturit\u00e9, Esprit d\u2019initiative, Sens du contact, Aptitude \u00e0 communiquer et \u00e0 travailler en \u00e9quipe. Sciences [&hellip;]<\/p>\n","protected":false},"author":1,"featured_media":0,"parent":0,"menu_order":0,"comment_status":"closed","ping_status":"open","template":"","meta":{"_et_pb_use_builder":"on","_et_pb_old_content":"","_et_gb_content_width":"","iawp_total_views":404,"footnotes":""},"class_list":["post-538","page","type-page","status-publish","hentry"],"yoast_head":"<!-- This site is optimized with the Yoast SEO plugin v26.0 - https:\/\/yoast.com\/wordpress\/plugins\/seo\/ -->\n<title>BAC ST2S<\/title>\n<meta name=\"description\" content=\"BAC ST2S : A la d\u00e9couverte des Sciences et des technologies de la Sant\u00e9 et du Social. Une formation sur 2 ans...\" \/>\n<meta name=\"robots\" content=\"index, follow, max-snippet:-1, max-image-preview:large, max-video-preview:-1\" \/>\n<link rel=\"canonical\" href=\"http:\/\/www.jeannedarc-figeac.fr\/college-lycee\/bac-st2s\/\" \/>\n<meta property=\"og:locale\" content=\"fr_FR\" \/>\n<meta property=\"og:type\" content=\"article\" \/>\n<meta property=\"og:title\" content=\"BAC ST2S\" \/>\n<meta property=\"og:description\" content=\"BAC ST2S : A la d\u00e9couverte des Sciences et des technologies de la Sant\u00e9 et du Social. Une formation sur 2 ans...\" \/>\n<meta property=\"og:url\" content=\"http:\/\/www.jeannedarc-figeac.fr\/college-lycee\/bac-st2s\/\" \/>\n<meta property=\"og:site_name\" content=\"Coll\u00e8ge et Lyc\u00e9e Jeanne d&#039;Arc\" \/>\n<meta property=\"article:modified_time\" content=\"2020-05-06T10:56:31+00:00\" \/>\n<script type=\"application\/ld+json\" class=\"yoast-schema-graph\">{\"@context\":\"https:\/\/schema.org\",\"@graph\":[{\"@type\":\"WebPage\",\"@id\":\"http:\/\/www.jeannedarc-figeac.fr\/college-lycee\/bac-st2s\/\",\"url\":\"http:\/\/www.jeannedarc-figeac.fr\/college-lycee\/bac-st2s\/\",\"name\":\"BAC ST2S\",\"isPartOf\":{\"@id\":\"https:\/\/www.jeannedarc-figeac.fr\/college-lycee\/#website\"},\"datePublished\":\"2015-01-22T21:11:27+00:00\",\"dateModified\":\"2020-05-06T10:56:31+00:00\",\"description\":\"BAC ST2S : A la d\u00e9couverte des Sciences et des technologies de la Sant\u00e9 et du Social. Une formation sur 2 ans...\",\"breadcrumb\":{\"@id\":\"http:\/\/www.jeannedarc-figeac.fr\/college-lycee\/bac-st2s\/#breadcrumb\"},\"inLanguage\":\"fr-FR\",\"potentialAction\":[{\"@type\":\"ReadAction\",\"target\":[\"http:\/\/www.jeannedarc-figeac.fr\/college-lycee\/bac-st2s\/\"]}]},{\"@type\":\"BreadcrumbList\",\"@id\":\"http:\/\/www.jeannedarc-figeac.fr\/college-lycee\/bac-st2s\/#breadcrumb\",\"itemListElement\":[{\"@type\":\"ListItem\",\"position\":1,\"name\":\"Accueil\",\"item\":\"https:\/\/www.jeannedarc-figeac.fr\/college-lycee\/\"},{\"@type\":\"ListItem\",\"position\":2,\"name\":\"BAC ST2S\"}]},{\"@type\":\"WebSite\",\"@id\":\"https:\/\/www.jeannedarc-figeac.fr\/college-lycee\/#website\",\"url\":\"https:\/\/www.jeannedarc-figeac.fr\/college-lycee\/\",\"name\":\"Coll\u00e8ge et Lyc\u00e9e Jeanne d&#039;Arc\",\"description\":\"Jeanne d&#039;Arc Figeac\",\"potentialAction\":[{\"@type\":\"SearchAction\",\"target\":{\"@type\":\"EntryPoint\",\"urlTemplate\":\"https:\/\/www.jeannedarc-figeac.fr\/college-lycee\/?s={search_term_string}\"},\"query-input\":{\"@type\":\"PropertyValueSpecification\",\"valueRequired\":true,\"valueName\":\"search_term_string\"}}],\"inLanguage\":\"fr-FR\"}]}<\/script>\n<!-- \/ Yoast SEO plugin. -->","yoast_head_json":{"title":"BAC ST2S","description":"BAC ST2S : A la d\u00e9couverte des Sciences et des technologies de la Sant\u00e9 et du Social. Une formation sur 2 ans...","robots":{"index":"index","follow":"follow","max-snippet":"max-snippet:-1","max-image-preview":"max-image-preview:large","max-video-preview":"max-video-preview:-1"},"canonical":"http:\/\/www.jeannedarc-figeac.fr\/college-lycee\/bac-st2s\/","og_locale":"fr_FR","og_type":"article","og_title":"BAC ST2S","og_description":"BAC ST2S : A la d\u00e9couverte des Sciences et des technologies de la Sant\u00e9 et du Social. Une formation sur 2 ans...","og_url":"http:\/\/www.jeannedarc-figeac.fr\/college-lycee\/bac-st2s\/","og_site_name":"Coll\u00e8ge et Lyc\u00e9e Jeanne d&#039;Arc","article_modified_time":"2020-05-06T10:56:31+00:00","schema":{"@context":"https:\/\/schema.org","@graph":[{"@type":"WebPage","@id":"http:\/\/www.jeannedarc-figeac.fr\/college-lycee\/bac-st2s\/","url":"http:\/\/www.jeannedarc-figeac.fr\/college-lycee\/bac-st2s\/","name":"BAC ST2S","isPartOf":{"@id":"https:\/\/www.jeannedarc-figeac.fr\/college-lycee\/#website"},"datePublished":"2015-01-22T21:11:27+00:00","dateModified":"2020-05-06T10:56:31+00:00","description":"BAC ST2S : A la d\u00e9couverte des Sciences et des technologies de la Sant\u00e9 et du Social. Une formation sur 2 ans...","breadcrumb":{"@id":"http:\/\/www.jeannedarc-figeac.fr\/college-lycee\/bac-st2s\/#breadcrumb"},"inLanguage":"fr-FR","potentialAction":[{"@type":"ReadAction","target":["http:\/\/www.jeannedarc-figeac.fr\/college-lycee\/bac-st2s\/"]}]},{"@type":"BreadcrumbList","@id":"http:\/\/www.jeannedarc-figeac.fr\/college-lycee\/bac-st2s\/#breadcrumb","itemListElement":[{"@type":"ListItem","position":1,"name":"Accueil","item":"https:\/\/www.jeannedarc-figeac.fr\/college-lycee\/"},{"@type":"ListItem","position":2,"name":"BAC ST2S"}]},{"@type":"WebSite","@id":"https:\/\/www.jeannedarc-figeac.fr\/college-lycee\/#website","url":"https:\/\/www.jeannedarc-figeac.fr\/college-lycee\/","name":"Coll\u00e8ge et Lyc\u00e9e Jeanne d&#039;Arc","description":"Jeanne d&#039;Arc Figeac","potentialAction":[{"@type":"SearchAction","target":{"@type":"EntryPoint","urlTemplate":"https:\/\/www.jeannedarc-figeac.fr\/college-lycee\/?s={search_term_string}"},"query-input":{"@type":"PropertyValueSpecification","valueRequired":true,"valueName":"search_term_string"}}],"inLanguage":"fr-FR"}]}},"jetpack_sharing_enabled":true,"jetpack_shortlink":"https:\/\/wp.me\/P5Qyb6-8G","_links":{"self":[{"href":"https:\/\/www.jeannedarc-figeac.fr\/college-lycee\/wp-json\/wp\/v2\/pages\/538","targetHints":{"allow":["GET"]}}],"collection":[{"href":"https:\/\/www.jeannedarc-figeac.fr\/college-lycee\/wp-json\/wp\/v2\/pages"}],"about":[{"href":"https:\/\/www.jeannedarc-figeac.fr\/college-lycee\/wp-json\/wp\/v2\/types\/page"}],"author":[{"embeddable":true,"href":"https:\/\/www.jeannedarc-figeac.fr\/college-lycee\/wp-json\/wp\/v2\/users\/1"}],"replies":[{"embeddable":true,"href":"https:\/\/www.jeannedarc-figeac.fr\/college-lycee\/wp-json\/wp\/v2\/comments?post=538"}],"version-history":[{"count":10,"href":"https:\/\/www.jeannedarc-figeac.fr\/college-lycee\/wp-json\/wp\/v2\/pages\/538\/revisions"}],"predecessor-version":[{"id":3332,"href":"https:\/\/www.jeannedarc-figeac.fr\/college-lycee\/wp-json\/wp\/v2\/pages\/538\/revisions\/3332"}],"wp:attachment":[{"href":"https:\/\/www.jeannedarc-figeac.fr\/college-lycee\/wp-json\/wp\/v2\/media?parent=538"}],"curies":[{"name":"wp","href":"https:\/\/api.w.org\/{rel}","templated":true}]}}

<p>[et_pb_section fullwidth= »on » specialty= »off » transparent_background= »on » background_color= »#c37cc6&Prime; inner_shadow= »on » parallax= »off » parallax_method= »off » background_image= »http://www.jeannedarc-figeac.fr/college-lycee/wp-content/uploads/sites/5/2015/02/TitleCOLLEGE.png » allow_player_pause= »off »][et_pb_fullwidth_header admin_label= »Fullwidth Header » title= »Lycée général et technologique » background_layout= »dark » text_orientation= »left » subhead= »Voie technologique (ancien BAC ST2S) » /][/et_pb_section][et_pb_section][et_pb_row][et_pb_column type= »1_4&Prime;][et_pb_sidebar admin_label= »Sidebar » orientation= »left » area= »et_pb_widget_area_6&Prime; background_layout= »light » /][/et_pb_column][et_pb_column type= »3_4&Prime;][et_pb_text admin_label= »Text » background_layout= »light » text_orientation= »left »]</p>
<p>Le <span style="color: #0000ff;"><strong>bac ST2S</strong></span> (Sciences et Technologies de la Santé et du Social) s’adresse à des jeunes qui souhaitent s&rsquo;insérer dans les secteurs du social et du paramédical et qui sont intéressés par les relations humaines.</p>
<p><strong>Qualités personnelles requises : </strong></p>
<ul>
<li>Autonomie,</li>
<li>Maturité,</li>
<li>Esprit d’initiative,</li>
<li>Sens du contact,</li>
<li>Aptitude à communiquer et à travailler en équipe.</li>
</ul>
<p>Sciences et techniques sanitaires et sociales, biologie et physiopathologie, sciences physiques et chimiques sont les 3 enseignements de spécialités étudiés.</p>
<p>Les <strong>sciences et techniques sanitaires et sociales</strong> (enseignement primordial dans l’emploi du temps) abordent l’état de santé et le bien-être social d’une population, les politiques sociales et de santé publique, les dispositifs et institutions sanitaires et sociaux, les méthodologies appliquées aux secteurs sanitaire et social.</p>
<p>La <strong>biologie physiopathologie humaines</strong> permet aux élèves d’étudier l’organisation et les grandes fonctions de l’être humain, les maladies, leur prévention et leur traitement<strong>.</strong></p>
<p>Enfin, la <strong>physique-chimie pour la santé</strong> permet aux élèves d’étudier une variété de phénomènes : la sécurité chimique et électrique dans l’habitat, la sécurité routière, les ondes sonores dans le processus de l’audition, la propagation de la lumière dans le processus de la vision, la pression sanguine…</p>
<p>La formation comporte aussi des <strong>matières générales</strong> : français, histoire-géographie, mathématiques, langues vivantes, éducation physique et sportive, etc.</p>
<h2><span style="color: #0000ff;">Les PLUS</span> du bac ST2S au Lycée Jeanne d’Arc :</h2>
<p><strong>Préparation au B.A.F.A. :</strong> les élèves qui le souhaitent peuvent suivre, dans le cadre de leur scolarité une session de préparation au B.A.F.A., diplôme particulièrement recommandé pour ceux qui envisagent une formation d’éducateur ou d’animateur.</p>
<p><strong>Découverte du milieu professionnel :</strong> durant l’année de 1<sup>re</sup>, chaque élève effectue un stage dans une structure du domaine sanitaire ou social. Les élèves qui le souhaitent peuvent effectuer ce stage dans un centre de soins au <strong>Sénégal</strong>.</p>
<h2><span style="color: #0000ff;"><strong>Et après…</strong></span></h2>
<p>Une fois le Bac ST2S obtenu, de multiples portes s’ouvrent aux élèves. En premier lieu, les <strong>BTS spécialisés dans le social et le paramédical</strong>. Le BTS ESF (économie sociale et familiale), le BTS SP3S (services et prestations des secteurs sanitaire et social) est aussi très prisé. Les BTS dans la cosmétique sont aussi accessibles, ainsi que le <strong>DUT Carrières Sociales.</strong></p>
<p>Autre voie très suivie après un bac ST2S, les <strong>écoles paramédicales ou sociales</strong>. Elles permettent de se spécialiser dans des domaines de la santé ou du social tels que la puériculture, les métiers d’infirmier, de pédicure-podologue, psychomotricien, audioprothésiste, technicien en analyses biomédicales, manipulateur en électroradiologie médicale, auxiliaire de puériculture, d’éducateur spécialisé, d’éducateur de jeunes enfants, d’assistant des services sociaux….</p>
<p>Des débouchés vers les métiers du sport et notamment du sport adapté sont également envisageables.</p>
<p>25% des bacheliers ST2S optent pour l’université, majoritairement en <strong>licence de psychologie</strong> ou en <strong>licence mention Sciences Sanitaires et Sociales</strong>.</p>
<p>[/et_pb_text][/et_pb_column][/et_pb_row][/et_pb_section]</p>

<div class="et_pb_section et_pb_section_0 et_section_regular" ></div>
<div class="et_pb_row et_pb_row_0 et_pb_row_empty"></div>
<p> Le bac ST2S (Sciences et Technologies de la Santé et du Social) s’adresse à des jeunes qui souhaitent s&rsquo;insérer dans les secteurs du social et du paramédical et qui sont intéressés par les relations humaines. Qualités personnelles requises : Autonomie, Maturité, Esprit d’initiative, Sens du contact, Aptitude à communiquer et à travailler en équipe. Sciences [&hellip;]</p>

<!-- This site is optimized with the Yoast SEO plugin v26.0 - https://yoast.com/wordpress/plugins/seo/ -->
<title>BAC ST2S</title>
<meta name="description" content="BAC ST2S : A la découverte des Sciences et des technologies de la Santé et du Social. Une formation sur 2 ans..." />
<meta name="robots" content="index, follow, max-snippet:-1, max-image-preview:large, max-video-preview:-1" />
<link rel="canonical" href="http://www.jeannedarc-figeac.fr/college-lycee/bac-st2s/" />
<meta property="og:locale" content="fr_FR" />
<meta property="og:type" content="article" />
<meta property="og:title" content="BAC ST2S" />
<meta property="og:description" content="BAC ST2S : A la découverte des Sciences et des technologies de la Santé et du Social. Une formation sur 2 ans..." />
<meta property="og:url" content="http://www.jeannedarc-figeac.fr/college-lycee/bac-st2s/" />
<meta property="og:site_name" content="Collège et Lycée Jeanne d&#039;Arc" />
<meta property="article:modified_time" content="2020-05-06T10:56:31+00:00" />
<script type="application/ld+json" class="yoast-schema-graph">{"@context":"https://schema.org","@graph":[{"@type":"WebPage","@id":"http://www.jeannedarc-figeac.fr/college-lycee/bac-st2s/","url":"http://www.jeannedarc-figeac.fr/college-lycee/bac-st2s/","name":"BAC ST2S","isPartOf":{"@id":"https://www.jeannedarc-figeac.fr/college-lycee/#website"},"datePublished":"2015-01-22T21:11:27+00:00","dateModified":"2020-05-06T10:56:31+00:00","description":"BAC ST2S : A la découverte des Sciences et des technologies de la Santé et du Social. Une formation sur 2 ans...","breadcrumb":{"@id":"http://www.jeannedarc-figeac.fr/college-lycee/bac-st2s/#breadcrumb"},"inLanguage":"fr-FR","potentialAction":[{"@type":"ReadAction","target":["http://www.jeannedarc-figeac.fr/college-lycee/bac-st2s/"]}]},{"@type":"BreadcrumbList","@id":"http://www.jeannedarc-figeac.fr/college-lycee/bac-st2s/#breadcrumb","itemListElement":[{"@type":"ListItem","position":1,"name":"Accueil","item":"https://www.jeannedarc-figeac.fr/college-lycee/"},{"@type":"ListItem","position":2,"name":"BAC ST2S"}]},{"@type":"WebSite","@id":"https://www.jeannedarc-figeac.fr/college-lycee/#website","url":"https://www.jeannedarc-figeac.fr/college-lycee/","name":"Collège et Lycée Jeanne d&#039;Arc","description":"Jeanne d&#039;Arc Figeac","potentialAction":[{"@type":"SearchAction","target":{"@type":"EntryPoint","urlTemplate":"https://www.jeannedarc-figeac.fr/college-lycee/?s={search_term_string}"},"query-input":{"@type":"PropertyValueSpecification","valueRequired":true,"valueName":"search_term_string"}}],"inLanguage":"fr-FR"}]}</script>
<!-- / Yoast SEO plugin. -->

BAC ST2S : A la découverte des Sciences et des technologies de la Santé et du Social. Une formation sur 2 ans...

Collège et Lycée Jeanne d&#039;Arc
