{"id":442,"date":"2015-01-21T14:38:36","date_gmt":"2015-01-21T14:38:36","guid":{"rendered":"http:\/\/www.jeannedarc-figeac.fr\/college-lycee\/?page_id=442"},"modified":"2023-07-12T12:10:22","modified_gmt":"2023-07-12T12:10:22","slug":"les-clubs-et-ateliers-du-college","status":"publish","type":"page","link":"https:\/\/www.jeannedarc-figeac.fr\/college-lycee\/les-clubs-et-ateliers-du-college\/","title":{"rendered":"Les clubs et ateliers du coll\u00e8ge"},"content":{"rendered":"<p>[et_pb_section fb_built=\u00a0\u00bb1&Prime; inner_shadow=\u00a0\u00bbon\u00a0\u00bb fullwidth=\u00a0\u00bbon\u00a0\u00bb _builder_version=\u00a0\u00bb4.16&Prime; background_color=\u00a0\u00bbrgba(255,255,255,0)\u00a0\u00bb background_image=\u00a0\u00bbhttp:\/\/www.jeannedarc-figeac.fr\/college-lycee\/wp-content\/uploads\/sites\/5\/2015\/02\/TitleCOLLEGE.png\u00a0\u00bb transparent_background=\u00a0\u00bbon\u00a0\u00bb global_colors_info=\u00a0\u00bb{}\u00a0\u00bb][et_pb_fullwidth_header title=\u00a0\u00bbLe Coll\u00e8ge\u00a0\u00bb subhead=\u00a0\u00bbLes clubs et ateliers du coll\u00e8ge\u00a0\u00bb content_max_width=\u00a0\u00bbnone\u00a0\u00bb admin_label=\u00a0\u00bbFullwidth Header\u00a0\u00bb _builder_version=\u00a0\u00bb4.16&Prime; background_color=\u00a0\u00bbrgba(255, 255, 255, 0)\u00a0\u00bb global_colors_info=\u00a0\u00bb{}\u00a0\u00bb button_one_text_size__hover_enabled=\u00a0\u00bboff\u00a0\u00bb button_two_text_size__hover_enabled=\u00a0\u00bboff\u00a0\u00bb button_one_text_color__hover_enabled=\u00a0\u00bboff\u00a0\u00bb button_two_text_color__hover_enabled=\u00a0\u00bboff\u00a0\u00bb button_one_border_width__hover_enabled=\u00a0\u00bboff\u00a0\u00bb button_two_border_width__hover_enabled=\u00a0\u00bboff\u00a0\u00bb button_one_border_color__hover_enabled=\u00a0\u00bboff\u00a0\u00bb button_two_border_color__hover_enabled=\u00a0\u00bboff\u00a0\u00bb button_one_border_radius__hover_enabled=\u00a0\u00bboff\u00a0\u00bb button_two_border_radius__hover_enabled=\u00a0\u00bboff\u00a0\u00bb button_one_letter_spacing__hover_enabled=\u00a0\u00bboff\u00a0\u00bb button_two_letter_spacing__hover_enabled=\u00a0\u00bboff\u00a0\u00bb button_one_bg_color__hover_enabled=\u00a0\u00bboff\u00a0\u00bb button_two_bg_color__hover_enabled=\u00a0\u00bboff\u00a0\u00bb][\/et_pb_fullwidth_header][\/et_pb_section][et_pb_section fb_built=\u00a0\u00bb1&Prime; _builder_version=\u00a0\u00bb4.16&Prime; global_colors_info=\u00a0\u00bb{}\u00a0\u00bb][et_pb_row _builder_version=\u00a0\u00bb4.16&Prime; background_size=\u00a0\u00bbinitial\u00a0\u00bb background_position=\u00a0\u00bbtop_left\u00a0\u00bb background_repeat=\u00a0\u00bbrepeat\u00a0\u00bb global_colors_info=\u00a0\u00bb{}\u00a0\u00bb column_structure=\u00a0\u00bb1_4,3_4&Prime;][et_pb_column type=\u00a0\u00bb1_4&Prime; _builder_version=\u00a0\u00bb4.16&Prime; custom_padding=\u00a0\u00bb|||\u00a0\u00bb global_colors_info=\u00a0\u00bb{}\u00a0\u00bb custom_padding__hover=\u00a0\u00bb|||\u00a0\u00bb][et_pb_sidebar area=\u00a0\u00bbet_pb_widget_area_7&Prime; admin_label=\u00a0\u00bbSidebar\u00a0\u00bb _builder_version=\u00a0\u00bb4.16&Prime; global_colors_info=\u00a0\u00bb{}\u00a0\u00bb][\/et_pb_sidebar][\/et_pb_column][et_pb_column type=\u00a0\u00bb3_4&Prime; _builder_version=\u00a0\u00bb4.16&Prime; custom_padding=\u00a0\u00bb|||\u00a0\u00bb global_colors_info=\u00a0\u00bb{}\u00a0\u00bb custom_padding__hover=\u00a0\u00bb|||\u00a0\u00bb][et_pb_text admin_label=\u00a0\u00bbText\u00a0\u00bb _builder_version=\u00a0\u00bb4.16&Prime; background_size=\u00a0\u00bbinitial\u00a0\u00bb background_position=\u00a0\u00bbtop_left\u00a0\u00bb background_repeat=\u00a0\u00bbrepeat\u00a0\u00bb global_colors_info=\u00a0\u00bb{}\u00a0\u00bb]Afin d\u2019\u00e9duquer \u00e0 la vie sociale et de contribuer \u00e0 l\u2019\u00e9panouissement personnel, des activit\u00e9s p\u00e9ri-scolaires sont organis\u00e9es et encadr\u00e9es par les enseignants ou le personnel \u00e9ducatif tous les jours (lundi, mardi, jeudi et vendredi) durant la pause m\u00e9ridienne pour les \u00e9l\u00e8ves qui le souhaitent.<\/p>\n<p>Ces activit\u00e9s permettent aux \u00e9l\u00e8ves d\u2019exprimer et de d\u00e9velopper leurs talents, de vivre un moment de d\u00e9tente et de culture\u00a0:<\/p>\n<ul>\n<li>Activit\u00e9s sportives diverses,<\/li>\n<li>Chorale,<\/li>\n<li>Atelier Musique,<\/li>\n<li>Atelier Arts Plastiques,<\/li>\n<li>Atelier Patrimoine,<\/li>\n<li>Atelier Journal du Coll\u00e8ge,<\/li>\n<li>Club \u00ab\u00a0jeux vid\u00e9os\u00a0\u00bb.<\/li>\n<\/ul>\n<p>[\/et_pb_text][\/et_pb_column][\/et_pb_row][\/et_pb_section]<\/p>\n","protected":false},"excerpt":{"rendered":"<p>Afin d\u2019\u00e9duquer \u00e0 la vie sociale et de contribuer \u00e0 l\u2019\u00e9panouissement personnel, des activit\u00e9s p\u00e9ri-scolaires sont organis\u00e9es et encadr\u00e9es par les enseignants ou le personnel \u00e9ducatif tous les jours (lundi, mardi, jeudi et vendredi) durant la pause m\u00e9ridienne pour les \u00e9l\u00e8ves qui le souhaitent. Ces activit\u00e9s permettent aux \u00e9l\u00e8ves d\u2019exprimer et de d\u00e9velopper leurs talents, [&hellip;]<\/p>\n","protected":false},"author":1,"featured_media":0,"parent":0,"menu_order":0,"comment_status":"closed","ping_status":"closed","template":"","meta":{"_et_pb_use_builder":"on","_et_pb_old_content":"","_et_gb_content_width":"","iawp_total_views":150,"footnotes":""},"class_list":["post-442","page","type-page","status-publish","hentry"],"yoast_head":"<!-- This site is optimized with the Yoast SEO plugin v26.0 - https:\/\/yoast.com\/wordpress\/plugins\/seo\/ -->\n<title>Les clubs et ateliers du coll\u00e8ge<\/title>\n<meta name=\"description\" content=\"Afin d\u2019\u00e9duquer \u00e0 la vie sociale et de contribuer \u00e0 l\u2019\u00e9panouissement personnel... Ces clubs et ateliers permettent aux \u00e9l\u00e8ves d\u2019exprimer...\" \/>\n<meta name=\"robots\" content=\"index, follow, max-snippet:-1, max-image-preview:large, max-video-preview:-1\" \/>\n<link rel=\"canonical\" href=\"http:\/\/www.jeannedarc-figeac.fr\/college-lycee\/les-clubs-et-ateliers-du-college\/\" \/>\n<meta property=\"og:locale\" content=\"fr_FR\" \/>\n<meta property=\"og:type\" content=\"article\" \/>\n<meta property=\"og:title\" content=\"Les clubs et ateliers du coll\u00e8ge\" \/>\n<meta property=\"og:description\" content=\"Afin d\u2019\u00e9duquer \u00e0 la vie sociale et de contribuer \u00e0 l\u2019\u00e9panouissement personnel... Ces clubs et ateliers permettent aux \u00e9l\u00e8ves d\u2019exprimer...\" \/>\n<meta property=\"og:url\" content=\"http:\/\/www.jeannedarc-figeac.fr\/college-lycee\/les-clubs-et-ateliers-du-college\/\" \/>\n<meta property=\"og:site_name\" content=\"Coll\u00e8ge et Lyc\u00e9e Jeanne d&#039;Arc\" \/>\n<meta property=\"article:modified_time\" content=\"2023-07-12T12:10:22+00:00\" \/>\n<script type=\"application\/ld+json\" class=\"yoast-schema-graph\">{\"@context\":\"https:\/\/schema.org\",\"@graph\":[{\"@type\":\"WebPage\",\"@id\":\"http:\/\/www.jeannedarc-figeac.fr\/college-lycee\/les-clubs-et-ateliers-du-college\/\",\"url\":\"http:\/\/www.jeannedarc-figeac.fr\/college-lycee\/les-clubs-et-ateliers-du-college\/\",\"name\":\"Les clubs et ateliers du coll\u00e8ge\",\"isPartOf\":{\"@id\":\"https:\/\/www.jeannedarc-figeac.fr\/college-lycee\/#website\"},\"datePublished\":\"2015-01-21T14:38:36+00:00\",\"dateModified\":\"2023-07-12T12:10:22+00:00\",\"description\":\"Afin d\u2019\u00e9duquer \u00e0 la vie sociale et de contribuer \u00e0 l\u2019\u00e9panouissement personnel... Ces clubs et ateliers permettent aux \u00e9l\u00e8ves d\u2019exprimer...\",\"breadcrumb\":{\"@id\":\"http:\/\/www.jeannedarc-figeac.fr\/college-lycee\/les-clubs-et-ateliers-du-college\/#breadcrumb\"},\"inLanguage\":\"fr-FR\",\"potentialAction\":[{\"@type\":\"ReadAction\",\"target\":[\"http:\/\/www.jeannedarc-figeac.fr\/college-lycee\/les-clubs-et-ateliers-du-college\/\"]}]},{\"@type\":\"BreadcrumbList\",\"@id\":\"http:\/\/www.jeannedarc-figeac.fr\/college-lycee\/les-clubs-et-ateliers-du-college\/#breadcrumb\",\"itemListElement\":[{\"@type\":\"ListItem\",\"position\":1,\"name\":\"Accueil\",\"item\":\"https:\/\/www.jeannedarc-figeac.fr\/college-lycee\/\"},{\"@type\":\"ListItem\",\"position\":2,\"name\":\"Les clubs et ateliers du coll\u00e8ge\"}]},{\"@type\":\"WebSite\",\"@id\":\"https:\/\/www.jeannedarc-figeac.fr\/college-lycee\/#website\",\"url\":\"https:\/\/www.jeannedarc-figeac.fr\/college-lycee\/\",\"name\":\"Coll\u00e8ge et Lyc\u00e9e Jeanne d&#039;Arc\",\"description\":\"Jeanne d&#039;Arc Figeac\",\"potentialAction\":[{\"@type\":\"SearchAction\",\"target\":{\"@type\":\"EntryPoint\",\"urlTemplate\":\"https:\/\/www.jeannedarc-figeac.fr\/college-lycee\/?s={search_term_string}\"},\"query-input\":{\"@type\":\"PropertyValueSpecification\",\"valueRequired\":true,\"valueName\":\"search_term_string\"}}],\"inLanguage\":\"fr-FR\"}]}<\/script>\n<!-- \/ Yoast SEO plugin. -->","yoast_head_json":{"title":"Les clubs et ateliers du coll\u00e8ge","description":"Afin d\u2019\u00e9duquer \u00e0 la vie sociale et de contribuer \u00e0 l\u2019\u00e9panouissement personnel... Ces clubs et ateliers permettent aux \u00e9l\u00e8ves d\u2019exprimer...","robots":{"index":"index","follow":"follow","max-snippet":"max-snippet:-1","max-image-preview":"max-image-preview:large","max-video-preview":"max-video-preview:-1"},"canonical":"http:\/\/www.jeannedarc-figeac.fr\/college-lycee\/les-clubs-et-ateliers-du-college\/","og_locale":"fr_FR","og_type":"article","og_title":"Les clubs et ateliers du coll\u00e8ge","og_description":"Afin d\u2019\u00e9duquer \u00e0 la vie sociale et de contribuer \u00e0 l\u2019\u00e9panouissement personnel... Ces clubs et ateliers permettent aux \u00e9l\u00e8ves d\u2019exprimer...","og_url":"http:\/\/www.jeannedarc-figeac.fr\/college-lycee\/les-clubs-et-ateliers-du-college\/","og_site_name":"Coll\u00e8ge et Lyc\u00e9e Jeanne d&#039;Arc","article_modified_time":"2023-07-12T12:10:22+00:00","schema":{"@context":"https:\/\/schema.org","@graph":[{"@type":"WebPage","@id":"http:\/\/www.jeannedarc-figeac.fr\/college-lycee\/les-clubs-et-ateliers-du-college\/","url":"http:\/\/www.jeannedarc-figeac.fr\/college-lycee\/les-clubs-et-ateliers-du-college\/","name":"Les clubs et ateliers du coll\u00e8ge","isPartOf":{"@id":"https:\/\/www.jeannedarc-figeac.fr\/college-lycee\/#website"},"datePublished":"2015-01-21T14:38:36+00:00","dateModified":"2023-07-12T12:10:22+00:00","description":"Afin d\u2019\u00e9duquer \u00e0 la vie sociale et de contribuer \u00e0 l\u2019\u00e9panouissement personnel... Ces clubs et ateliers permettent aux \u00e9l\u00e8ves d\u2019exprimer...","breadcrumb":{"@id":"http:\/\/www.jeannedarc-figeac.fr\/college-lycee\/les-clubs-et-ateliers-du-college\/#breadcrumb"},"inLanguage":"fr-FR","potentialAction":[{"@type":"ReadAction","target":["http:\/\/www.jeannedarc-figeac.fr\/college-lycee\/les-clubs-et-ateliers-du-college\/"]}]},{"@type":"BreadcrumbList","@id":"http:\/\/www.jeannedarc-figeac.fr\/college-lycee\/les-clubs-et-ateliers-du-college\/#breadcrumb","itemListElement":[{"@type":"ListItem","position":1,"name":"Accueil","item":"https:\/\/www.jeannedarc-figeac.fr\/college-lycee\/"},{"@type":"ListItem","position":2,"name":"Les clubs et ateliers du coll\u00e8ge"}]},{"@type":"WebSite","@id":"https:\/\/www.jeannedarc-figeac.fr\/college-lycee\/#website","url":"https:\/\/www.jeannedarc-figeac.fr\/college-lycee\/","name":"Coll\u00e8ge et Lyc\u00e9e Jeanne d&#039;Arc","description":"Jeanne d&#039;Arc Figeac","potentialAction":[{"@type":"SearchAction","target":{"@type":"EntryPoint","urlTemplate":"https:\/\/www.jeannedarc-figeac.fr\/college-lycee\/?s={search_term_string}"},"query-input":{"@type":"PropertyValueSpecification","valueRequired":true,"valueName":"search_term_string"}}],"inLanguage":"fr-FR"}]}},"jetpack_sharing_enabled":true,"jetpack_shortlink":"https:\/\/wp.me\/P5Qyb6-78","_links":{"self":[{"href":"https:\/\/www.jeannedarc-figeac.fr\/college-lycee\/wp-json\/wp\/v2\/pages\/442","targetHints":{"allow":["GET"]}}],"collection":[{"href":"https:\/\/www.jeannedarc-figeac.fr\/college-lycee\/wp-json\/wp\/v2\/pages"}],"about":[{"href":"https:\/\/www.jeannedarc-figeac.fr\/college-lycee\/wp-json\/wp\/v2\/types\/page"}],"author":[{"embeddable":true,"href":"https:\/\/www.jeannedarc-figeac.fr\/college-lycee\/wp-json\/wp\/v2\/users\/1"}],"replies":[{"embeddable":true,"href":"https:\/\/www.jeannedarc-figeac.fr\/college-lycee\/wp-json\/wp\/v2\/comments?post=442"}],"version-history":[{"count":13,"href":"https:\/\/www.jeannedarc-figeac.fr\/college-lycee\/wp-json\/wp\/v2\/pages\/442\/revisions"}],"predecessor-version":[{"id":5195,"href":"https:\/\/www.jeannedarc-figeac.fr\/college-lycee\/wp-json\/wp\/v2\/pages\/442\/revisions\/5195"}],"wp:attachment":[{"href":"https:\/\/www.jeannedarc-figeac.fr\/college-lycee\/wp-json\/wp\/v2\/media?parent=442"}],"curies":[{"name":"wp","href":"https:\/\/api.w.org\/{rel}","templated":true}]}}

Les clubs et ateliers du collège

<p>[et_pb_section fb_built= »1&Prime; inner_shadow= »on » fullwidth= »on » _builder_version= »4.16&Prime; background_color= »rgba(255,255,255,0) » background_image= »http://www.jeannedarc-figeac.fr/college-lycee/wp-content/uploads/sites/5/2015/02/TitleCOLLEGE.png » transparent_background= »on » global_colors_info= »{} »][et_pb_fullwidth_header title= »Le Collège » subhead= »Les clubs et ateliers du collège » content_max_width= »none » admin_label= »Fullwidth Header » _builder_version= »4.16&Prime; background_color= »rgba(255, 255, 255, 0) » global_colors_info= »{} » button_one_text_size__hover_enabled= »off » button_two_text_size__hover_enabled= »off » button_one_text_color__hover_enabled= »off » button_two_text_color__hover_enabled= »off » button_one_border_width__hover_enabled= »off » button_two_border_width__hover_enabled= »off » button_one_border_color__hover_enabled= »off » button_two_border_color__hover_enabled= »off » button_one_border_radius__hover_enabled= »off » button_two_border_radius__hover_enabled= »off » button_one_letter_spacing__hover_enabled= »off » button_two_letter_spacing__hover_enabled= »off » button_one_bg_color__hover_enabled= »off » button_two_bg_color__hover_enabled= »off »][/et_pb_fullwidth_header][/et_pb_section][et_pb_section fb_built= »1&Prime; _builder_version= »4.16&Prime; global_colors_info= »{} »][et_pb_row _builder_version= »4.16&Prime; background_size= »initial » background_position= »top_left » background_repeat= »repeat » global_colors_info= »{} » column_structure= »1_4,3_4&Prime;][et_pb_column type= »1_4&Prime; _builder_version= »4.16&Prime; custom_padding= »||| » global_colors_info= »{} » custom_padding__hover= »||| »][et_pb_sidebar area= »et_pb_widget_area_7&Prime; admin_label= »Sidebar » _builder_version= »4.16&Prime; global_colors_info= »{} »][/et_pb_sidebar][/et_pb_column][et_pb_column type= »3_4&Prime; _builder_version= »4.16&Prime; custom_padding= »||| » global_colors_info= »{} » custom_padding__hover= »||| »][et_pb_text admin_label= »Text » _builder_version= »4.16&Prime; background_size= »initial » background_position= »top_left » background_repeat= »repeat » global_colors_info= »{} »]Afin d’éduquer à la vie sociale et de contribuer à l’épanouissement personnel, des activités péri-scolaires sont organisées et encadrées par les enseignants ou le personnel éducatif tous les jours (lundi, mardi, jeudi et vendredi) durant la pause méridienne pour les élèves qui le souhaitent.</p>
<p>Ces activités permettent aux élèves d’exprimer et de développer leurs talents, de vivre un moment de détente et de culture :</p>
<ul>
<li>Activités sportives diverses,</li>
<li>Chorale,</li>
<li>Atelier Musique,</li>
<li>Atelier Arts Plastiques,</li>
<li>Atelier Patrimoine,</li>
<li>Atelier Journal du Collège,</li>
<li>Club « jeux vidéos ».</li>
</ul>
<p>[/et_pb_text][/et_pb_column][/et_pb_row][/et_pb_section]</p>

<p>Afin d’éduquer à la vie sociale et de contribuer à l’épanouissement personnel, des activités péri-scolaires sont organisées et encadrées par les enseignants ou le personnel éducatif tous les jours (lundi, mardi, jeudi et vendredi) durant la pause méridienne pour les élèves qui le souhaitent. Ces activités permettent aux élèves d’exprimer et de développer leurs talents, [&hellip;]</p>

<!-- This site is optimized with the Yoast SEO plugin v26.0 - https://yoast.com/wordpress/plugins/seo/ -->
<title>Les clubs et ateliers du collège</title>
<meta name="description" content="Afin d’éduquer à la vie sociale et de contribuer à l’épanouissement personnel... Ces clubs et ateliers permettent aux élèves d’exprimer..." />
<meta name="robots" content="index, follow, max-snippet:-1, max-image-preview:large, max-video-preview:-1" />
<link rel="canonical" href="http://www.jeannedarc-figeac.fr/college-lycee/les-clubs-et-ateliers-du-college/" />
<meta property="og:locale" content="fr_FR" />
<meta property="og:type" content="article" />
<meta property="og:title" content="Les clubs et ateliers du collège" />
<meta property="og:description" content="Afin d’éduquer à la vie sociale et de contribuer à l’épanouissement personnel... Ces clubs et ateliers permettent aux élèves d’exprimer..." />
<meta property="og:url" content="http://www.jeannedarc-figeac.fr/college-lycee/les-clubs-et-ateliers-du-college/" />
<meta property="og:site_name" content="Collège et Lycée Jeanne d&#039;Arc" />
<meta property="article:modified_time" content="2023-07-12T12:10:22+00:00" />
<script type="application/ld+json" class="yoast-schema-graph">{"@context":"https://schema.org","@graph":[{"@type":"WebPage","@id":"http://www.jeannedarc-figeac.fr/college-lycee/les-clubs-et-ateliers-du-college/","url":"http://www.jeannedarc-figeac.fr/college-lycee/les-clubs-et-ateliers-du-college/","name":"Les clubs et ateliers du collège","isPartOf":{"@id":"https://www.jeannedarc-figeac.fr/college-lycee/#website"},"datePublished":"2015-01-21T14:38:36+00:00","dateModified":"2023-07-12T12:10:22+00:00","description":"Afin d’éduquer à la vie sociale et de contribuer à l’épanouissement personnel... Ces clubs et ateliers permettent aux élèves d’exprimer...","breadcrumb":{"@id":"http://www.jeannedarc-figeac.fr/college-lycee/les-clubs-et-ateliers-du-college/#breadcrumb"},"inLanguage":"fr-FR","potentialAction":[{"@type":"ReadAction","target":["http://www.jeannedarc-figeac.fr/college-lycee/les-clubs-et-ateliers-du-college/"]}]},{"@type":"BreadcrumbList","@id":"http://www.jeannedarc-figeac.fr/college-lycee/les-clubs-et-ateliers-du-college/#breadcrumb","itemListElement":[{"@type":"ListItem","position":1,"name":"Accueil","item":"https://www.jeannedarc-figeac.fr/college-lycee/"},{"@type":"ListItem","position":2,"name":"Les clubs et ateliers du collège"}]},{"@type":"WebSite","@id":"https://www.jeannedarc-figeac.fr/college-lycee/#website","url":"https://www.jeannedarc-figeac.fr/college-lycee/","name":"Collège et Lycée Jeanne d&#039;Arc","description":"Jeanne d&#039;Arc Figeac","potentialAction":[{"@type":"SearchAction","target":{"@type":"EntryPoint","urlTemplate":"https://www.jeannedarc-figeac.fr/college-lycee/?s={search_term_string}"},"query-input":{"@type":"PropertyValueSpecification","valueRequired":true,"valueName":"search_term_string"}}],"inLanguage":"fr-FR"}]}</script>
<!-- / Yoast SEO plugin. -->

Afin d’éduquer à la vie sociale et de contribuer à l’épanouissement personnel... Ces clubs et ateliers permettent aux élèves d’exprimer...

Collège et Lycée Jeanne d&#039;Arc
