{"id":365,"date":"2015-01-20T14:51:41","date_gmt":"2015-01-20T14:51:41","guid":{"rendered":"http:\/\/www.jeannedarc-figeac.fr\/college-lycee\/?page_id=365"},"modified":"2015-04-28T11:53:18","modified_gmt":"2015-04-28T11:53:18","slug":"tutelle","status":"publish","type":"page","link":"https:\/\/www.jeannedarc-figeac.fr\/college-lycee\/tutelle\/","title":{"rendered":"Tutelle"},"content":{"rendered":"<p>[et_pb_section fullwidth=\u00a0\u00bbon\u00a0\u00bb specialty=\u00a0\u00bboff\u00a0\u00bb transparent_background=\u00a0\u00bbon\u00a0\u00bb background_color=\u00a0\u00bb#548dbf\u00a0\u00bb inner_shadow=\u00a0\u00bbon\u00a0\u00bb parallax=\u00a0\u00bboff\u00a0\u00bb parallax_method=\u00a0\u00bboff\u00a0\u00bb background_image=\u00a0\u00bbhttp:\/\/www.jeannedarc-figeac.fr\/college-lycee\/wp-content\/uploads\/sites\/5\/2015\/02\/TitleCOLLEGE.png\u00a0\u00bb allow_player_pause=\u00a0\u00bboff\u00a0\u00bb][et_pb_fullwidth_header admin_label=\u00a0\u00bbFullwidth Header\u00a0\u00bb title=\u00a0\u00bbNotre projet.\u00a0\u00bb background_layout=\u00a0\u00bbdark\u00a0\u00bb text_orientation=\u00a0\u00bbleft\u00a0\u00bb subhead=\u00a0\u00bbTutelle\u00a0\u00bb \/][\/et_pb_section][et_pb_section fullwidth=\u00a0\u00bboff\u00a0\u00bb specialty=\u00a0\u00bboff\u00a0\u00bb][et_pb_row][et_pb_column type=\u00a0\u00bb1_4&Prime;][et_pb_sidebar admin_label=\u00a0\u00bbSidebar\u00a0\u00bb orientation=\u00a0\u00bbleft\u00a0\u00bb area=\u00a0\u00bbet_pb_widget_area_4&Prime; background_layout=\u00a0\u00bblight\u00a0\u00bb \/][\/et_pb_column][et_pb_column type=\u00a0\u00bb3_4&Prime;][et_pb_text admin_label=\u00a0\u00bbText\u00a0\u00bb background_layout=\u00a0\u00bblight\u00a0\u00bb text_orientation=\u00a0\u00bbleft\u00a0\u00bb]<\/p>\n<p><strong>Emilie de Rodat fondatrice de la Tutelle de la Sainte Famille<\/strong><\/p>\n<p>La tourmente de la R\u00e9volution fran\u00e7aise pass\u00e9e, le dix-neuvi\u00e8me si\u00e8cle voit fleurir de nombreuses Congr\u00e9gations, suscit\u00e9es par l\u2019Esprit pour r\u00e9pondre aux besoins de cette \u00e9poque.<\/p>\n<p>N\u00e9e dans le terroir rouergat \u00e0 Druelle, Emilie de Rodat trouve son chemin vers Dieu en devenant \u00ab\u00a0l\u2019institutrice des pauvres\u00a0\u00bb. Elle fonde en 1816 la Congr\u00e9gation des S\u0153urs de la Sainte Famille de Villefranche de Rouergue. Le 03 mai de la m\u00eame ann\u00e9e, avec trois compagnes, elle ouvre une premi\u00e8re \u00e9cole \u00e0 Villefranche. Son enthousiasme est tel que des communaut\u00e9s voient rapidement le jour un peu partout dans la r\u00e9gion.<\/p>\n<p><strong>En 1835 elle se rend \u00e0 Figeac pour y fonder un clo\u00eetre. Ainsi naissait l\u2019institution dans laquelle nous poursuivons notre mission \u00e9ducative depuis bient\u00f4t 180 ans. <\/strong><\/p>\n<p>La p\u00e9dagogie qu\u2019Emilie met en \u0153uvre est empreinte de douceur, de patience, d\u2019exigence et de fermet\u00e9. Emilie insiste sur la totale <strong>bienveillance<\/strong> avec laquelle elle consid\u00e9rait ses \u00e9l\u00e8ves, elle a \u00e0 c\u0153ur de rep\u00e9rer le positif de chacun et veut l\u2019\u00e9ducation de tout l\u2019\u00eatre. Elle se r\u00e9v\u00e8le fine observatrice du quotidien et attentive aux appels de son temps.<\/p>\n<p>Mission Educative des S\u0153urs de la Sainte Famille\u00a0:<\/p>\n<p>\u00ab\u00a0Nous voulons une Ecole qui contribue \u00e0 plus de justice, qui soit ouverte sur la vie, qui permette aux jeunes de donner du sens \u00e0 leur propre vie et qui permette la rencontre personnelle et communautaire de J\u00e9sus Christ\u00a0\u00bb<\/p>\n<p>Actuellement, la Tutelle de la Sainte Famille anime un r\u00e9seau de 27 \u00e9tablissements scolaires en France.<\/p>\n<p>[\/et_pb_text][\/et_pb_column][\/et_pb_row][\/et_pb_section]<\/p>\n","protected":false},"excerpt":{"rendered":"<div class=\"et_pb_row et_pb_row_0 et_pb_row_empty\"><\/div>\n<p> Emilie de Rodat fondatrice de la Tutelle de la Sainte Famille La tourmente de la R\u00e9volution fran\u00e7aise pass\u00e9e, le dix-neuvi\u00e8me si\u00e8cle voit fleurir de nombreuses Congr\u00e9gations, suscit\u00e9es par l\u2019Esprit pour r\u00e9pondre aux besoins de cette \u00e9poque. N\u00e9e dans le terroir rouergat \u00e0 Druelle, Emilie de Rodat trouve son chemin vers Dieu en devenant \u00ab\u00a0l\u2019institutrice [&hellip;]<\/p>\n","protected":false},"author":1,"featured_media":0,"parent":0,"menu_order":0,"comment_status":"open","ping_status":"closed","template":"","meta":{"_et_pb_use_builder":"on","_et_pb_old_content":"","_et_gb_content_width":"","iawp_total_views":114,"footnotes":""},"class_list":["post-365","page","type-page","status-publish","hentry"],"yoast_head":"<!-- This site is optimized with the Yoast SEO plugin v26.0 - https:\/\/yoast.com\/wordpress\/plugins\/seo\/ -->\n<title>Tutelle<\/title>\n<meta name=\"description\" content=\"Emilie de Rodat fondatrice de la Tutelle de la Sainte Famille. La p\u00e9dagogie qu\u2019Emilie met en \u0153uvre est empreinte de douceur, de patience, d\u2019exigence et de fermet\u00e9.\" \/>\n<meta name=\"robots\" content=\"index, follow, max-snippet:-1, max-image-preview:large, max-video-preview:-1\" \/>\n<link rel=\"canonical\" href=\"https:\/\/www.jeannedarc-figeac.fr\/college-lycee\/tutelle\/\" \/>\n<meta property=\"og:locale\" content=\"fr_FR\" \/>\n<meta property=\"og:type\" content=\"article\" \/>\n<meta property=\"og:title\" content=\"Tutelle\" \/>\n<meta property=\"og:description\" content=\"Emilie de Rodat fondatrice de la Tutelle de la Sainte Famille. La p\u00e9dagogie qu\u2019Emilie met en \u0153uvre est empreinte de douceur, de patience, d\u2019exigence et de fermet\u00e9.\" \/>\n<meta property=\"og:url\" content=\"https:\/\/www.jeannedarc-figeac.fr\/college-lycee\/tutelle\/\" \/>\n<meta property=\"og:site_name\" content=\"Coll\u00e8ge et Lyc\u00e9e Jeanne d&#039;Arc\" \/>\n<meta property=\"article:modified_time\" content=\"2015-04-28T11:53:18+00:00\" \/>\n<script type=\"application\/ld+json\" class=\"yoast-schema-graph\">{\"@context\":\"https:\/\/schema.org\",\"@graph\":[{\"@type\":\"WebPage\",\"@id\":\"https:\/\/www.jeannedarc-figeac.fr\/college-lycee\/tutelle\/\",\"url\":\"https:\/\/www.jeannedarc-figeac.fr\/college-lycee\/tutelle\/\",\"name\":\"Tutelle\",\"isPartOf\":{\"@id\":\"https:\/\/www.jeannedarc-figeac.fr\/college-lycee\/#website\"},\"datePublished\":\"2015-01-20T14:51:41+00:00\",\"dateModified\":\"2015-04-28T11:53:18+00:00\",\"description\":\"Emilie de Rodat fondatrice de la Tutelle de la Sainte Famille. La p\u00e9dagogie qu\u2019Emilie met en \u0153uvre est empreinte de douceur, de patience, d\u2019exigence et de fermet\u00e9.\",\"breadcrumb\":{\"@id\":\"https:\/\/www.jeannedarc-figeac.fr\/college-lycee\/tutelle\/#breadcrumb\"},\"inLanguage\":\"fr-FR\",\"potentialAction\":[{\"@type\":\"ReadAction\",\"target\":[\"https:\/\/www.jeannedarc-figeac.fr\/college-lycee\/tutelle\/\"]}]},{\"@type\":\"BreadcrumbList\",\"@id\":\"https:\/\/www.jeannedarc-figeac.fr\/college-lycee\/tutelle\/#breadcrumb\",\"itemListElement\":[{\"@type\":\"ListItem\",\"position\":1,\"name\":\"Accueil\",\"item\":\"https:\/\/www.jeannedarc-figeac.fr\/college-lycee\/\"},{\"@type\":\"ListItem\",\"position\":2,\"name\":\"Tutelle\"}]},{\"@type\":\"WebSite\",\"@id\":\"https:\/\/www.jeannedarc-figeac.fr\/college-lycee\/#website\",\"url\":\"https:\/\/www.jeannedarc-figeac.fr\/college-lycee\/\",\"name\":\"Coll\u00e8ge et Lyc\u00e9e Jeanne d&#039;Arc\",\"description\":\"Jeanne d&#039;Arc Figeac\",\"potentialAction\":[{\"@type\":\"SearchAction\",\"target\":{\"@type\":\"EntryPoint\",\"urlTemplate\":\"https:\/\/www.jeannedarc-figeac.fr\/college-lycee\/?s={search_term_string}\"},\"query-input\":{\"@type\":\"PropertyValueSpecification\",\"valueRequired\":true,\"valueName\":\"search_term_string\"}}],\"inLanguage\":\"fr-FR\"}]}<\/script>\n<!-- \/ Yoast SEO plugin. -->","yoast_head_json":{"title":"Tutelle","description":"Emilie de Rodat fondatrice de la Tutelle de la Sainte Famille. La p\u00e9dagogie qu\u2019Emilie met en \u0153uvre est empreinte de douceur, de patience, d\u2019exigence et de fermet\u00e9.","robots":{"index":"index","follow":"follow","max-snippet":"max-snippet:-1","max-image-preview":"max-image-preview:large","max-video-preview":"max-video-preview:-1"},"canonical":"https:\/\/www.jeannedarc-figeac.fr\/college-lycee\/tutelle\/","og_locale":"fr_FR","og_type":"article","og_title":"Tutelle","og_description":"Emilie de Rodat fondatrice de la Tutelle de la Sainte Famille. La p\u00e9dagogie qu\u2019Emilie met en \u0153uvre est empreinte de douceur, de patience, d\u2019exigence et de fermet\u00e9.","og_url":"https:\/\/www.jeannedarc-figeac.fr\/college-lycee\/tutelle\/","og_site_name":"Coll\u00e8ge et Lyc\u00e9e Jeanne d&#039;Arc","article_modified_time":"2015-04-28T11:53:18+00:00","schema":{"@context":"https:\/\/schema.org","@graph":[{"@type":"WebPage","@id":"https:\/\/www.jeannedarc-figeac.fr\/college-lycee\/tutelle\/","url":"https:\/\/www.jeannedarc-figeac.fr\/college-lycee\/tutelle\/","name":"Tutelle","isPartOf":{"@id":"https:\/\/www.jeannedarc-figeac.fr\/college-lycee\/#website"},"datePublished":"2015-01-20T14:51:41+00:00","dateModified":"2015-04-28T11:53:18+00:00","description":"Emilie de Rodat fondatrice de la Tutelle de la Sainte Famille. La p\u00e9dagogie qu\u2019Emilie met en \u0153uvre est empreinte de douceur, de patience, d\u2019exigence et de fermet\u00e9.","breadcrumb":{"@id":"https:\/\/www.jeannedarc-figeac.fr\/college-lycee\/tutelle\/#breadcrumb"},"inLanguage":"fr-FR","potentialAction":[{"@type":"ReadAction","target":["https:\/\/www.jeannedarc-figeac.fr\/college-lycee\/tutelle\/"]}]},{"@type":"BreadcrumbList","@id":"https:\/\/www.jeannedarc-figeac.fr\/college-lycee\/tutelle\/#breadcrumb","itemListElement":[{"@type":"ListItem","position":1,"name":"Accueil","item":"https:\/\/www.jeannedarc-figeac.fr\/college-lycee\/"},{"@type":"ListItem","position":2,"name":"Tutelle"}]},{"@type":"WebSite","@id":"https:\/\/www.jeannedarc-figeac.fr\/college-lycee\/#website","url":"https:\/\/www.jeannedarc-figeac.fr\/college-lycee\/","name":"Coll\u00e8ge et Lyc\u00e9e Jeanne d&#039;Arc","description":"Jeanne d&#039;Arc Figeac","potentialAction":[{"@type":"SearchAction","target":{"@type":"EntryPoint","urlTemplate":"https:\/\/www.jeannedarc-figeac.fr\/college-lycee\/?s={search_term_string}"},"query-input":{"@type":"PropertyValueSpecification","valueRequired":true,"valueName":"search_term_string"}}],"inLanguage":"fr-FR"}]}},"jetpack_sharing_enabled":true,"jetpack_shortlink":"https:\/\/wp.me\/P5Qyb6-5T","_links":{"self":[{"href":"https:\/\/www.jeannedarc-figeac.fr\/college-lycee\/wp-json\/wp\/v2\/pages\/365","targetHints":{"allow":["GET"]}}],"collection":[{"href":"https:\/\/www.jeannedarc-figeac.fr\/college-lycee\/wp-json\/wp\/v2\/pages"}],"about":[{"href":"https:\/\/www.jeannedarc-figeac.fr\/college-lycee\/wp-json\/wp\/v2\/types\/page"}],"author":[{"embeddable":true,"href":"https:\/\/www.jeannedarc-figeac.fr\/college-lycee\/wp-json\/wp\/v2\/users\/1"}],"replies":[{"embeddable":true,"href":"https:\/\/www.jeannedarc-figeac.fr\/college-lycee\/wp-json\/wp\/v2\/comments?post=365"}],"version-history":[{"count":8,"href":"https:\/\/www.jeannedarc-figeac.fr\/college-lycee\/wp-json\/wp\/v2\/pages\/365\/revisions"}],"predecessor-version":[{"id":1393,"href":"https:\/\/www.jeannedarc-figeac.fr\/college-lycee\/wp-json\/wp\/v2\/pages\/365\/revisions\/1393"}],"wp:attachment":[{"href":"https:\/\/www.jeannedarc-figeac.fr\/college-lycee\/wp-json\/wp\/v2\/media?parent=365"}],"curies":[{"name":"wp","href":"https:\/\/api.w.org\/{rel}","templated":true}]}}

<p>[et_pb_section fullwidth= »on » specialty= »off » transparent_background= »on » background_color= »#548dbf » inner_shadow= »on » parallax= »off » parallax_method= »off » background_image= »http://www.jeannedarc-figeac.fr/college-lycee/wp-content/uploads/sites/5/2015/02/TitleCOLLEGE.png » allow_player_pause= »off »][et_pb_fullwidth_header admin_label= »Fullwidth Header » title= »Notre projet. » background_layout= »dark » text_orientation= »left » subhead= »Tutelle » /][/et_pb_section][et_pb_section fullwidth= »off » specialty= »off »][et_pb_row][et_pb_column type= »1_4&Prime;][et_pb_sidebar admin_label= »Sidebar » orientation= »left » area= »et_pb_widget_area_4&Prime; background_layout= »light » /][/et_pb_column][et_pb_column type= »3_4&Prime;][et_pb_text admin_label= »Text » background_layout= »light » text_orientation= »left »]</p>
<p><strong>Emilie de Rodat fondatrice de la Tutelle de la Sainte Famille</strong></p>
<p>La tourmente de la Révolution française passée, le dix-neuvième siècle voit fleurir de nombreuses Congrégations, suscitées par l’Esprit pour répondre aux besoins de cette époque.</p>
<p>Née dans le terroir rouergat à Druelle, Emilie de Rodat trouve son chemin vers Dieu en devenant « l’institutrice des pauvres ». Elle fonde en 1816 la Congrégation des Sœurs de la Sainte Famille de Villefranche de Rouergue. Le 03 mai de la même année, avec trois compagnes, elle ouvre une première école à Villefranche. Son enthousiasme est tel que des communautés voient rapidement le jour un peu partout dans la région.</p>
<p><strong>En 1835 elle se rend à Figeac pour y fonder un cloître. Ainsi naissait l’institution dans laquelle nous poursuivons notre mission éducative depuis bientôt 180 ans. </strong></p>
<p>La pédagogie qu’Emilie met en œuvre est empreinte de douceur, de patience, d’exigence et de fermeté. Emilie insiste sur la totale <strong>bienveillance</strong> avec laquelle elle considérait ses élèves, elle a à cœur de repérer le positif de chacun et veut l’éducation de tout l’être. Elle se révèle fine observatrice du quotidien et attentive aux appels de son temps.</p>
<p>Mission Educative des Sœurs de la Sainte Famille :</p>
<p>« Nous voulons une Ecole qui contribue à plus de justice, qui soit ouverte sur la vie, qui permette aux jeunes de donner du sens à leur propre vie et qui permette la rencontre personnelle et communautaire de Jésus Christ »</p>
<p>Actuellement, la Tutelle de la Sainte Famille anime un réseau de 27 établissements scolaires en France.</p>
<p>[/et_pb_text][/et_pb_column][/et_pb_row][/et_pb_section]</p>

<div class="et_pb_row et_pb_row_0 et_pb_row_empty"></div>
<p> Emilie de Rodat fondatrice de la Tutelle de la Sainte Famille La tourmente de la Révolution française passée, le dix-neuvième siècle voit fleurir de nombreuses Congrégations, suscitées par l’Esprit pour répondre aux besoins de cette époque. Née dans le terroir rouergat à Druelle, Emilie de Rodat trouve son chemin vers Dieu en devenant « l’institutrice [&hellip;]</p>

<!-- This site is optimized with the Yoast SEO plugin v26.0 - https://yoast.com/wordpress/plugins/seo/ -->
<title>Tutelle</title>
<meta name="description" content="Emilie de Rodat fondatrice de la Tutelle de la Sainte Famille. La pédagogie qu’Emilie met en œuvre est empreinte de douceur, de patience, d’exigence et de fermeté." />
<meta name="robots" content="index, follow, max-snippet:-1, max-image-preview:large, max-video-preview:-1" />
<link rel="canonical" href="https://www.jeannedarc-figeac.fr/college-lycee/tutelle/" />
<meta property="og:locale" content="fr_FR" />
<meta property="og:type" content="article" />
<meta property="og:title" content="Tutelle" />
<meta property="og:description" content="Emilie de Rodat fondatrice de la Tutelle de la Sainte Famille. La pédagogie qu’Emilie met en œuvre est empreinte de douceur, de patience, d’exigence et de fermeté." />
<meta property="og:url" content="https://www.jeannedarc-figeac.fr/college-lycee/tutelle/" />
<meta property="og:site_name" content="Collège et Lycée Jeanne d&#039;Arc" />
<meta property="article:modified_time" content="2015-04-28T11:53:18+00:00" />
<script type="application/ld+json" class="yoast-schema-graph">{"@context":"https://schema.org","@graph":[{"@type":"WebPage","@id":"https://www.jeannedarc-figeac.fr/college-lycee/tutelle/","url":"https://www.jeannedarc-figeac.fr/college-lycee/tutelle/","name":"Tutelle","isPartOf":{"@id":"https://www.jeannedarc-figeac.fr/college-lycee/#website"},"datePublished":"2015-01-20T14:51:41+00:00","dateModified":"2015-04-28T11:53:18+00:00","description":"Emilie de Rodat fondatrice de la Tutelle de la Sainte Famille. La pédagogie qu’Emilie met en œuvre est empreinte de douceur, de patience, d’exigence et de fermeté.","breadcrumb":{"@id":"https://www.jeannedarc-figeac.fr/college-lycee/tutelle/#breadcrumb"},"inLanguage":"fr-FR","potentialAction":[{"@type":"ReadAction","target":["https://www.jeannedarc-figeac.fr/college-lycee/tutelle/"]}]},{"@type":"BreadcrumbList","@id":"https://www.jeannedarc-figeac.fr/college-lycee/tutelle/#breadcrumb","itemListElement":[{"@type":"ListItem","position":1,"name":"Accueil","item":"https://www.jeannedarc-figeac.fr/college-lycee/"},{"@type":"ListItem","position":2,"name":"Tutelle"}]},{"@type":"WebSite","@id":"https://www.jeannedarc-figeac.fr/college-lycee/#website","url":"https://www.jeannedarc-figeac.fr/college-lycee/","name":"Collège et Lycée Jeanne d&#039;Arc","description":"Jeanne d&#039;Arc Figeac","potentialAction":[{"@type":"SearchAction","target":{"@type":"EntryPoint","urlTemplate":"https://www.jeannedarc-figeac.fr/college-lycee/?s={search_term_string}"},"query-input":{"@type":"PropertyValueSpecification","valueRequired":true,"valueName":"search_term_string"}}],"inLanguage":"fr-FR"}]}</script>
<!-- / Yoast SEO plugin. -->

Emilie de Rodat fondatrice de la Tutelle de la Sainte Famille. La pédagogie qu’Emilie met en œuvre est empreinte de douceur, de patience, d’exigence et de fermeté.

Collège et Lycée Jeanne d&#039;Arc
