{"id":356,"date":"2015-01-20T14:39:06","date_gmt":"2015-01-20T14:39:06","guid":{"rendered":"http:\/\/www.jeannedarc-figeac.fr\/college-lycee\/?page_id=356"},"modified":"2016-11-15T16:30:25","modified_gmt":"2016-11-15T16:30:25","slug":"projet-detablissement","status":"publish","type":"page","link":"https:\/\/www.jeannedarc-figeac.fr\/college-lycee\/projet-detablissement\/","title":{"rendered":"Projet d&rsquo;\u00e9tablissement"},"content":{"rendered":"<p>[et_pb_section fullwidth=\u00a0\u00bbon\u00a0\u00bb specialty=\u00a0\u00bboff\u00a0\u00bb transparent_background=\u00a0\u00bbon\u00a0\u00bb background_color=\u00a0\u00bb#c37cc6&Prime; inner_shadow=\u00a0\u00bbon\u00a0\u00bb parallax=\u00a0\u00bboff\u00a0\u00bb parallax_method=\u00a0\u00bboff\u00a0\u00bb background_image=\u00a0\u00bbhttp:\/\/www.jeannedarc-figeac.fr\/college-lycee\/wp-content\/uploads\/sites\/5\/2015\/02\/TitleCOLLEGE.png\u00a0\u00bb allow_player_pause=\u00a0\u00bboff\u00a0\u00bb][et_pb_fullwidth_header admin_label=\u00a0\u00bbFullwidth Header\u00a0\u00bb title=\u00a0\u00bbNotre projet.\u00a0\u00bb background_layout=\u00a0\u00bbdark\u00a0\u00bb text_orientation=\u00a0\u00bbleft\u00a0\u00bb subhead=\u00a0\u00bbProjet d&rsquo;\u00e9tablissement\u00a0\u00bb \/][\/et_pb_section][et_pb_section fullwidth=\u00a0\u00bboff\u00a0\u00bb specialty=\u00a0\u00bboff\u00a0\u00bb][et_pb_row][et_pb_column type=\u00a0\u00bb1_4&Prime;][et_pb_sidebar admin_label=\u00a0\u00bbSidebar\u00a0\u00bb orientation=\u00a0\u00bbleft\u00a0\u00bb area=\u00a0\u00bbet_pb_widget_area_4&Prime; background_layout=\u00a0\u00bblight\u00a0\u00bb \/][\/et_pb_column][et_pb_column type=\u00a0\u00bb3_4&Prime;][et_pb_text admin_label=\u00a0\u00bbIntro_Projet\u00a0\u00bb background_layout=\u00a0\u00bblight\u00a0\u00bb text_orientation=\u00a0\u00bbleft\u00a0\u00bb]<\/p>\n<h1 style=\"text-align: center\"><span style=\"color: #3366ff\"><strong>Projet d\u2019Etablissement Coll\u00e8ge\/Lyc\u00e9e Jeanne d\u2019Arc<\/strong><\/span><\/h1>\n<h1 style=\"text-align: center\"><span style=\"color: #3366ff\"><strong>\u00ab\u00a0Oser les r\u00e9ussites\u00a0\u00bb<\/strong><\/span><\/h1>\n<h2><span style=\"color: #3366ff\">\u00a0<\/span><\/h2>\n<h4><em>Notre projet s\u2019enracine dans la tradition de la congr\u00e9gation des s\u0153urs de la Sainte-Famille de Villefranche de Rouergue et dans le charisme de sa fondatrice Sainte Emilie de Rodat. <\/em><\/h4>\n<h4><em>Notre projet inscrit l\u2019\u00e9l\u00e8ve au centre de la Communaut\u00e9 Educative<\/em><\/h4>\n<p>&#8230;<\/p>\n<p>Retrouvez notre Projet dans son int\u00e9gralit\u00e9 en cliquant <a href=\"http:\/\/www.jeannedarc-figeac.fr\/college-lycee\/wp-content\/uploads\/sites\/5\/2016\/11\/Projet-d\u00e9tablissement.pdf\" target=\"_blank\">ici<\/a>.<\/p>\n<p>[\/et_pb_text][\/et_pb_column][\/et_pb_row][\/et_pb_section]<\/p>\n","protected":false},"excerpt":{"rendered":"<div class=\"et_pb_row et_pb_row_0 et_pb_row_empty\"><\/div>\n<p> Projet d\u2019Etablissement Coll\u00e8ge\/Lyc\u00e9e Jeanne d\u2019Arc \u00ab\u00a0Oser les r\u00e9ussites\u00a0\u00bb \u00a0 Notre projet s\u2019enracine dans la tradition de la congr\u00e9gation des s\u0153urs de la Sainte-Famille de Villefranche de Rouergue et dans le charisme de sa fondatrice Sainte Emilie de Rodat. Notre projet inscrit l\u2019\u00e9l\u00e8ve au centre de la Communaut\u00e9 Educative &#8230; Retrouvez notre Projet dans son [&hellip;]<\/p>\n","protected":false},"author":1,"featured_media":0,"parent":0,"menu_order":0,"comment_status":"open","ping_status":"open","template":"","meta":{"_et_pb_use_builder":"on","_et_pb_old_content":"","_et_gb_content_width":"","iawp_total_views":200,"footnotes":""},"class_list":["post-356","page","type-page","status-publish","hentry"],"yoast_head":"<!-- This site is optimized with the Yoast SEO plugin v26.0 - https:\/\/yoast.com\/wordpress\/plugins\/seo\/ -->\n<title>Projet d&#039;\u00e9tablissement<\/title>\n<meta name=\"description\" content=\"Projet d&#039;\u00e9tablissement...\" \/>\n<meta name=\"robots\" content=\"index, follow, max-snippet:-1, max-image-preview:large, max-video-preview:-1\" \/>\n<link rel=\"canonical\" href=\"http:\/\/www.jeannedarc-figeac.fr\/college-lycee\/projet-detablissement\/\" \/>\n<meta property=\"og:locale\" content=\"fr_FR\" \/>\n<meta property=\"og:type\" content=\"article\" \/>\n<meta property=\"og:title\" content=\"Projet d&#039;\u00e9tablissement\" \/>\n<meta property=\"og:description\" content=\"Projet d&#039;\u00e9tablissement...\" \/>\n<meta property=\"og:url\" content=\"http:\/\/www.jeannedarc-figeac.fr\/college-lycee\/projet-detablissement\/\" \/>\n<meta property=\"og:site_name\" content=\"Coll\u00e8ge et Lyc\u00e9e Jeanne d&#039;Arc\" \/>\n<meta property=\"article:modified_time\" content=\"2016-11-15T16:30:25+00:00\" \/>\n<script type=\"application\/ld+json\" class=\"yoast-schema-graph\">{\"@context\":\"https:\/\/schema.org\",\"@graph\":[{\"@type\":\"WebPage\",\"@id\":\"http:\/\/www.jeannedarc-figeac.fr\/college-lycee\/projet-detablissement\/\",\"url\":\"http:\/\/www.jeannedarc-figeac.fr\/college-lycee\/projet-detablissement\/\",\"name\":\"Projet d'\u00e9tablissement\",\"isPartOf\":{\"@id\":\"https:\/\/www.jeannedarc-figeac.fr\/college-lycee\/#website\"},\"datePublished\":\"2015-01-20T14:39:06+00:00\",\"dateModified\":\"2016-11-15T16:30:25+00:00\",\"description\":\"Projet d'\u00e9tablissement...\",\"breadcrumb\":{\"@id\":\"http:\/\/www.jeannedarc-figeac.fr\/college-lycee\/projet-detablissement\/#breadcrumb\"},\"inLanguage\":\"fr-FR\",\"potentialAction\":[{\"@type\":\"ReadAction\",\"target\":[\"http:\/\/www.jeannedarc-figeac.fr\/college-lycee\/projet-detablissement\/\"]}]},{\"@type\":\"BreadcrumbList\",\"@id\":\"http:\/\/www.jeannedarc-figeac.fr\/college-lycee\/projet-detablissement\/#breadcrumb\",\"itemListElement\":[{\"@type\":\"ListItem\",\"position\":1,\"name\":\"Accueil\",\"item\":\"https:\/\/www.jeannedarc-figeac.fr\/college-lycee\/\"},{\"@type\":\"ListItem\",\"position\":2,\"name\":\"Projet d&rsquo;\u00e9tablissement\"}]},{\"@type\":\"WebSite\",\"@id\":\"https:\/\/www.jeannedarc-figeac.fr\/college-lycee\/#website\",\"url\":\"https:\/\/www.jeannedarc-figeac.fr\/college-lycee\/\",\"name\":\"Coll\u00e8ge et Lyc\u00e9e Jeanne d&#039;Arc\",\"description\":\"Jeanne d&#039;Arc Figeac\",\"potentialAction\":[{\"@type\":\"SearchAction\",\"target\":{\"@type\":\"EntryPoint\",\"urlTemplate\":\"https:\/\/www.jeannedarc-figeac.fr\/college-lycee\/?s={search_term_string}\"},\"query-input\":{\"@type\":\"PropertyValueSpecification\",\"valueRequired\":true,\"valueName\":\"search_term_string\"}}],\"inLanguage\":\"fr-FR\"}]}<\/script>\n<!-- \/ Yoast SEO plugin. -->","yoast_head_json":{"title":"Projet d'\u00e9tablissement","description":"Projet d'\u00e9tablissement...","robots":{"index":"index","follow":"follow","max-snippet":"max-snippet:-1","max-image-preview":"max-image-preview:large","max-video-preview":"max-video-preview:-1"},"canonical":"http:\/\/www.jeannedarc-figeac.fr\/college-lycee\/projet-detablissement\/","og_locale":"fr_FR","og_type":"article","og_title":"Projet d'\u00e9tablissement","og_description":"Projet d'\u00e9tablissement...","og_url":"http:\/\/www.jeannedarc-figeac.fr\/college-lycee\/projet-detablissement\/","og_site_name":"Coll\u00e8ge et Lyc\u00e9e Jeanne d&#039;Arc","article_modified_time":"2016-11-15T16:30:25+00:00","schema":{"@context":"https:\/\/schema.org","@graph":[{"@type":"WebPage","@id":"http:\/\/www.jeannedarc-figeac.fr\/college-lycee\/projet-detablissement\/","url":"http:\/\/www.jeannedarc-figeac.fr\/college-lycee\/projet-detablissement\/","name":"Projet d'\u00e9tablissement","isPartOf":{"@id":"https:\/\/www.jeannedarc-figeac.fr\/college-lycee\/#website"},"datePublished":"2015-01-20T14:39:06+00:00","dateModified":"2016-11-15T16:30:25+00:00","description":"Projet d'\u00e9tablissement...","breadcrumb":{"@id":"http:\/\/www.jeannedarc-figeac.fr\/college-lycee\/projet-detablissement\/#breadcrumb"},"inLanguage":"fr-FR","potentialAction":[{"@type":"ReadAction","target":["http:\/\/www.jeannedarc-figeac.fr\/college-lycee\/projet-detablissement\/"]}]},{"@type":"BreadcrumbList","@id":"http:\/\/www.jeannedarc-figeac.fr\/college-lycee\/projet-detablissement\/#breadcrumb","itemListElement":[{"@type":"ListItem","position":1,"name":"Accueil","item":"https:\/\/www.jeannedarc-figeac.fr\/college-lycee\/"},{"@type":"ListItem","position":2,"name":"Projet d&rsquo;\u00e9tablissement"}]},{"@type":"WebSite","@id":"https:\/\/www.jeannedarc-figeac.fr\/college-lycee\/#website","url":"https:\/\/www.jeannedarc-figeac.fr\/college-lycee\/","name":"Coll\u00e8ge et Lyc\u00e9e Jeanne d&#039;Arc","description":"Jeanne d&#039;Arc Figeac","potentialAction":[{"@type":"SearchAction","target":{"@type":"EntryPoint","urlTemplate":"https:\/\/www.jeannedarc-figeac.fr\/college-lycee\/?s={search_term_string}"},"query-input":{"@type":"PropertyValueSpecification","valueRequired":true,"valueName":"search_term_string"}}],"inLanguage":"fr-FR"}]}},"jetpack_sharing_enabled":true,"jetpack_shortlink":"https:\/\/wp.me\/P5Qyb6-5K","_links":{"self":[{"href":"https:\/\/www.jeannedarc-figeac.fr\/college-lycee\/wp-json\/wp\/v2\/pages\/356","targetHints":{"allow":["GET"]}}],"collection":[{"href":"https:\/\/www.jeannedarc-figeac.fr\/college-lycee\/wp-json\/wp\/v2\/pages"}],"about":[{"href":"https:\/\/www.jeannedarc-figeac.fr\/college-lycee\/wp-json\/wp\/v2\/types\/page"}],"author":[{"embeddable":true,"href":"https:\/\/www.jeannedarc-figeac.fr\/college-lycee\/wp-json\/wp\/v2\/users\/1"}],"replies":[{"embeddable":true,"href":"https:\/\/www.jeannedarc-figeac.fr\/college-lycee\/wp-json\/wp\/v2\/comments?post=356"}],"version-history":[{"count":11,"href":"https:\/\/www.jeannedarc-figeac.fr\/college-lycee\/wp-json\/wp\/v2\/pages\/356\/revisions"}],"predecessor-version":[{"id":2198,"href":"https:\/\/www.jeannedarc-figeac.fr\/college-lycee\/wp-json\/wp\/v2\/pages\/356\/revisions\/2198"}],"wp:attachment":[{"href":"https:\/\/www.jeannedarc-figeac.fr\/college-lycee\/wp-json\/wp\/v2\/media?parent=356"}],"curies":[{"name":"wp","href":"https:\/\/api.w.org\/{rel}","templated":true}]}}

Projet d&rsquo;établissement

<p>[et_pb_section fullwidth= »on » specialty= »off » transparent_background= »on » background_color= »#c37cc6&Prime; inner_shadow= »on » parallax= »off » parallax_method= »off » background_image= »http://www.jeannedarc-figeac.fr/college-lycee/wp-content/uploads/sites/5/2015/02/TitleCOLLEGE.png » allow_player_pause= »off »][et_pb_fullwidth_header admin_label= »Fullwidth Header » title= »Notre projet. » background_layout= »dark » text_orientation= »left » subhead= »Projet d&rsquo;établissement » /][/et_pb_section][et_pb_section fullwidth= »off » specialty= »off »][et_pb_row][et_pb_column type= »1_4&Prime;][et_pb_sidebar admin_label= »Sidebar » orientation= »left » area= »et_pb_widget_area_4&Prime; background_layout= »light » /][/et_pb_column][et_pb_column type= »3_4&Prime;][et_pb_text admin_label= »Intro_Projet » background_layout= »light » text_orientation= »left »]</p>
<h1 style="text-align: center"><span style="color: #3366ff"><strong>Projet d’Etablissement Collège/Lycée Jeanne d’Arc</strong></span></h1>
<h1 style="text-align: center"><span style="color: #3366ff"><strong>« Oser les réussites »</strong></span></h1>
<h2><span style="color: #3366ff"> </span></h2>
<h4><em>Notre projet s’enracine dans la tradition de la congrégation des sœurs de la Sainte-Famille de Villefranche de Rouergue et dans le charisme de sa fondatrice Sainte Emilie de Rodat. </em></h4>
<h4><em>Notre projet inscrit l’élève au centre de la Communauté Educative</em></h4>
<p>&#8230;</p>
<p>Retrouvez notre Projet dans son intégralité en cliquant <a href="http://www.jeannedarc-figeac.fr/college-lycee/wp-content/uploads/sites/5/2016/11/Projet-détablissement.pdf" target="_blank">ici</a>.</p>
<p>[/et_pb_text][/et_pb_column][/et_pb_row][/et_pb_section]</p>

<div class="et_pb_row et_pb_row_0 et_pb_row_empty"></div>
<p> Projet d’Etablissement Collège/Lycée Jeanne d’Arc « Oser les réussites »   Notre projet s’enracine dans la tradition de la congrégation des sœurs de la Sainte-Famille de Villefranche de Rouergue et dans le charisme de sa fondatrice Sainte Emilie de Rodat. Notre projet inscrit l’élève au centre de la Communauté Educative &#8230; Retrouvez notre Projet dans son [&hellip;]</p>

<!-- This site is optimized with the Yoast SEO plugin v26.0 - https://yoast.com/wordpress/plugins/seo/ -->
<title>Projet d&#039;établissement</title>
<meta name="description" content="Projet d&#039;établissement..." />
<meta name="robots" content="index, follow, max-snippet:-1, max-image-preview:large, max-video-preview:-1" />
<link rel="canonical" href="http://www.jeannedarc-figeac.fr/college-lycee/projet-detablissement/" />
<meta property="og:locale" content="fr_FR" />
<meta property="og:type" content="article" />
<meta property="og:title" content="Projet d&#039;établissement" />
<meta property="og:description" content="Projet d&#039;établissement..." />
<meta property="og:url" content="http://www.jeannedarc-figeac.fr/college-lycee/projet-detablissement/" />
<meta property="og:site_name" content="Collège et Lycée Jeanne d&#039;Arc" />
<meta property="article:modified_time" content="2016-11-15T16:30:25+00:00" />
<script type="application/ld+json" class="yoast-schema-graph">{"@context":"https://schema.org","@graph":[{"@type":"WebPage","@id":"http://www.jeannedarc-figeac.fr/college-lycee/projet-detablissement/","url":"http://www.jeannedarc-figeac.fr/college-lycee/projet-detablissement/","name":"Projet d'établissement","isPartOf":{"@id":"https://www.jeannedarc-figeac.fr/college-lycee/#website"},"datePublished":"2015-01-20T14:39:06+00:00","dateModified":"2016-11-15T16:30:25+00:00","description":"Projet d'établissement...","breadcrumb":{"@id":"http://www.jeannedarc-figeac.fr/college-lycee/projet-detablissement/#breadcrumb"},"inLanguage":"fr-FR","potentialAction":[{"@type":"ReadAction","target":["http://www.jeannedarc-figeac.fr/college-lycee/projet-detablissement/"]}]},{"@type":"BreadcrumbList","@id":"http://www.jeannedarc-figeac.fr/college-lycee/projet-detablissement/#breadcrumb","itemListElement":[{"@type":"ListItem","position":1,"name":"Accueil","item":"https://www.jeannedarc-figeac.fr/college-lycee/"},{"@type":"ListItem","position":2,"name":"Projet d&rsquo;établissement"}]},{"@type":"WebSite","@id":"https://www.jeannedarc-figeac.fr/college-lycee/#website","url":"https://www.jeannedarc-figeac.fr/college-lycee/","name":"Collège et Lycée Jeanne d&#039;Arc","description":"Jeanne d&#039;Arc Figeac","potentialAction":[{"@type":"SearchAction","target":{"@type":"EntryPoint","urlTemplate":"https://www.jeannedarc-figeac.fr/college-lycee/?s={search_term_string}"},"query-input":{"@type":"PropertyValueSpecification","valueRequired":true,"valueName":"search_term_string"}}],"inLanguage":"fr-FR"}]}</script>
<!-- / Yoast SEO plugin. -->

Projet d'établissement

Projet d'établissement...

Collège et Lycée Jeanne d&#039;Arc
